000
CXUS54 KMAF 301210
CF6E41
PRELIMINARY LOCAL CLIMATOLOGICAL DATA (WS FORM: F-6)

                                          STATION:   REAGAN COUNTY AIRPORT
                                          MONTH:     NOVEMBER
                                          YEAR:      2020
                                          LATITUDE:   31 11 N
                                          LONGITUDE: 101-29 E

  TEMPERATURE IN F:       :PCPN:    SNOW:  WIND      :SUNSHINE: SKY     :PK WND
================================================================================
1   2   3   4   5  6A  6B    7    8   9   10  11  12  13   14  15   16   17  18
                                     12Z  AVG MX 2MIN
DY MAX MIN AVG DEP HDD CDD  WTR  SNW DPTH SPD SPD DIR MIN PSBL S-S WX    SPD DR
================================================================================

 1  74  44  59   M   6   0    M    M    M  8.4 16  60   M    M   0        23  60
 2  72  38  55   M  10   0    M    M    M  7.3 13 200   M    M   0        20 190
 3  75  42  59   M   6   0    M    M    M 10.8 22 170   M    M   0        28 170
 4  79  50  65   M   0   0    M    M    M 11.6 20 190   M    M   0        30 190
 5  83  55  69   M   0   4    M    M    M  5.4  9 200   M    M   0        17 200
 6  78  48  63   M   2   0    M    M    M  6.3 10 160   M    M   0        17 190
 7  71  55  63   M   2   0    M    M    M 13.5 18 160   M    M   3        30 170
 8  77  58  68   M   0   3    M    M    M 17.3 26 170   M    M   3        35 190
 9  78  63  71   M   0   6    M    M    M 15.9 22 170   M    M   3        29 180
10  69  46  58   M   7   0    M    M    M  9.1 18 330   M    M   1        26 330
11  75  40  58   M   7   0    M    M    M  5.1 12 230   M    M   0        18 150
12  81  50  66   M   0   1    M    M    M  7.1 15 190   M    M   0 1      21 190
13  69  53  61   M   4   0    M    M    M  7.0 14  60   M    M   8         M   M
14  83  52  68   M   0   3    M    M    M  9.7 18 190   M    M   4        24 210
15  64  43  54   M  11   0    M    M    M  7.4 14  60   M    M   0        26   M
16  75  40  58   M   7   0    M    M    M  7.8 16 200   M    M   0        25 200
17  73  42  58   M   7   0    M    M    M  9.4 15 170   M    M   0        22 150
18  71  47  59   M   6   0    M    M    M 13.7 21 180   M    M   0        30 190
19  74  52  63   M   2   0    M    M    M 13.2 22 170   M    M   2        26 180
20  77  53  65   M   0   0    M    M    M 10.4 16 200   M    M   1        24 190
21  73  54  64   M   1   0    M    M    M 10.8 17 190   M    M   4        24 170
22  63  51  57   M   8   0    M    M    M  9.9 16  60   M    M   7 12     21  60
23  65  49  57   M   8   0    M    M    M 16.1 28 170   M    M   7 1      38 180
24  80  52  66   M   0   1    M    M    M 16.2 29 170   M    M   6        43 170
25  68  33  51   M  14   0    M    M    M  6.9 13 340   M    M   0         M   M
26  77  46  62   M   3   0    M    M    M  8.5 16 200   M    M   0        21 200
27  60  50  55   M  10   0    M    M    M 10.7 16  80   M    M   7        22  60
28  52  37  45   M  20   0 0.03    M    M  8.7 15  70   M    M   7 1      22 330
29  52  28  40   M  25   0    M    M    M 10.2 20 360   M    M   6 12     24  10
================================================================================
SM 2088 1371       166  18  0.03    M    294.5          M       69
================================================================================
AV 72.0 47.3                              10.2 FASTST   M    M   2    MAX(MPH)
                                 MISC ---->    29 170                 43 170
================================================================================
NOTES:
# LAST OF SEVERAL OCCURRENCES

COLUMN 17 PEAK WIND IN M.P.H.

PRELIMINARY LOCAL CLIMATOLOGICAL DATA (WS FORM: F-6) , PAGE 2

                                          STATION:   REAGAN COUNTY AIRPORT
                                          MONTH:     NOVEMBER
                                          YEAR:      2020
                                          LATITUDE:   31 11 N
                                          LONGITUDE: 101-29 E

[TEMPERATURE DATA]      [PRECIPITATION DATA]       SYMBOLS USED IN COLUMN 16

AVERAGE MONTHLY: 59.6   TOTAL FOR MONTH:   0.03    1 = FOG OR MIST
DPTR FM NORMAL:   0.0   DPTR FM NORMAL:    0.03    2 = FOG REDUCING VISIBILITY
HIGHEST:    83 ON  5,14  GRTST 24HR  0.03 ON 28-28      TO 1/4 MILE OR LESS
LOWEST:     28 ON 29                               3 = THUNDER
                        SNOW, ICE PELLETS, HAIL    4 = ICE PELLETS
                        TOTAL MONTH:  M            5 = HAIL
                        GRTST 24HR    M  ON   M    6 = FREEZING RAIN OR DRIZZLE
                        GRTST DEPTH:  M  ON   M    7 = DUSTSTORM OR SANDSTORM:
                                                       VSBY 1/2 MILE OR LESS
                                                   8 = SMOKE OR HAZE
[NO. OF DAYS WITH]      [WEATHER - DAYS WITH]      9 = BLOWING SNOW
                                                   X = TORNADO
MAX 32 OR BELOW:   0    0.01 INCH OR MORE:   1
MAX 90 OR ABOVE:   0    0.10 INCH OR MORE:   0
MIN 32 OR BELOW:   1    0.50 INCH OR MORE:   0
MIN  0 OR BELOW:   0    1.00 INCH OR MORE:   0

[HDD (BASE 65) ]
TOTAL THIS MO.   166    CLEAR  (SCALE 0-3)  18
DPTR FM NORMAL     M    PTCLDY (SCALE 4-7)  11
TOTAL FM JUL 1   293    CLOUDY (SCALE 8-10)  0
DPTR FM NORMAL     M

[CDD (BASE 65) ]
TOTAL THIS MO.    18
DPTR FM NORMAL     M    [PRESSURE DATA]
TOTAL FM JAN 1   129    HIGHEST SLP M ON M
DPTR FM NORMAL     M    LOWEST  SLP M ON M

[REMARKS]
