910
CXUS55 KVEF 300910
CF6EED
PRELIMINARY LOCAL CLIMATOLOGICAL DATA (WS FORM: F-6)

                                          STATION:   NEEDLES CA
                                          MONTH:     NOVEMBER
                                          YEAR:      2020
                                          LATITUDE:   34 46 N
                                          LONGITUDE: 114 37 W

  TEMPERATURE IN F:       :PCPN:    SNOW:  WIND      :SUNSHINE: SKY     :PK WND
================================================================================
1   2   3   4   5  6A  6B    7    8   9   10  11  12  13   14  15   16   17  18
                                     12Z  AVG MX 2MIN
DY MAX MIN AVG DEP HDD CDD  WTR  SNW DPTH SPD SPD DIR MIN PSBL S-S WX    SPD DR
================================================================================

 1  91  63  77   9   0  12 0.00    M    M  7.1 16 350   M    M   0        20 340
 2  92  64  78  10   0  13 0.00    M    M  6.5 17  10   M    M   0        21 350
 3  91  59  75   8   0  10 0.00    M    M  4.5 13 250   M    M   0        13 250
 4  93  58  76   9   0  11 0.00    M    M  6.5 15  10   M    M   0        19  20
 5  92  65  79  13   0  14 0.00    M    M  6.7 15 340   M    M   0        18  10
 6  88  63  76  10   0  11 0.00    M    M  8.9 23 170   M    M   0        33 180
 7  74  50  62  -4   3   0    T    M    M 13.3 30 210   M    M   1        37 220
 8  66  45  56  -9   9   0 0.03    M    M 11.7 32 230   M    M   3        40 290
 9  61  42  52 -13  13   0 0.00    M    M  5.9 14 230   M    M   0        16 230
10  64  37  51 -13  14   0 0.00    M    M  7.0 16  10   M    M   0        21 360
11  67  41  54 -10  11   0 0.00    M    M  3.6 14  20   M    M   0        18 360
12  70  43  57  -6   8   0 0.00    M    M  3.6 10  30   M    M   0        13  40
13  74  42  58  -5   7   0 0.00    M    M  5.7 17 200   M    M   0        24 220
14  76  50  63   1   2   0 0.00    M    M  7.8 23  10   M    M   0        29  10
15  78  47  63   1   2   0 0.00    M    M  5.8 14 340   M    M   0        18 330
16  81  50  66   4   0   1 0.00    M    M  8.1 16  10   M    M   0        20  10
17  81  49  65   4   0   0 0.00    M    M  2.9 13 240   M    M   0        14 240
18  85  55  70   9   0   5 0.00    M    M  6.5 16 200   M    M   0        20 190
19  78  54  66   6   0   1 0.00    M    M  4.9 13 240   M    M   0        14 240
20  74  49  62   2   3   0 0.00    M    M  6.4 16 350   M    M   0        20 340
21  76  55  66   7   0   1 0.00    M    M 10.0 21  10   M    M   0        26  10
22  75  55  65   6   0   0 0.00    M    M  7.6 17 360   M    M   0        21 360
23  77  45  61   3   4   0 0.00    M    M  5.7 17 310   M    M   0        21 310
24  67  49  58   0   7   0 0.00    M    M 12.4 26  10   M    M   0        31 350
25  68  40  54  -4  11   0 0.00    M    M  4.5 13 230   M    M   0        14 240
26  64  41  53  -4  12   0 0.00    M    M 16.2 32  10   M    M   0        39  10
27  62  48  55  -2  10   0 0.00    M    M 16.1 32 360   M    M   0        41 360
28  66  45  56   0   9   0 0.00    M    M 10.0 21 360   M    M   0        25 350
29  70  40  55  -1  10   0 0.00    M    M 10.7 26 360   M    M   0        32 350
================================================================================
SM 2201 1444       135  79  0.03    M    226.6          M        4
================================================================================
AV 75.9 49.8                               7.8 FASTST   M    M   0    MAX(MPH)
                                 MISC ---->    32  10                 41 360
================================================================================
NOTES:
# LAST OF SEVERAL OCCURRENCES

COLUMN 17 PEAK WIND IN M.P.H.

PRELIMINARY LOCAL CLIMATOLOGICAL DATA (WS FORM: F-6) , PAGE 2

                                          STATION:   NEEDLES CA
                                          MONTH:     NOVEMBER
                                          YEAR:      2020
                                          LATITUDE:   34 46 N
                                          LONGITUDE: 114 37 W

[TEMPERATURE DATA]      [PRECIPITATION DATA]       SYMBOLS USED IN COLUMN 16

AVERAGE MONTHLY: 62.8   TOTAL FOR MONTH:   0.03    1 = FOG OR MIST
DPTR FM NORMAL:   0.8   DPTR FM NORMAL:   -0.36    2 = FOG REDUCING VISIBILITY
HIGHEST:    93 ON  4    GRTST 24HR  0.03 ON  8- 8      TO 1/4 MILE OR LESS
LOWEST:     37 ON 10                               3 = THUNDER
                        SNOW, ICE PELLETS, HAIL    4 = ICE PELLETS
                        TOTAL MONTH:  M            5 = HAIL
                        GRTST 24HR    M  ON   M    6 = FREEZING RAIN OR DRIZZLE
                        GRTST DEPTH:  M  ON   M    7 = DUSTSTORM OR SANDSTORM:
                                                       VSBY 1/2 MILE OR LESS
                                                   8 = SMOKE OR HAZE
[NO. OF DAYS WITH]      [WEATHER - DAYS WITH]      9 = BLOWING SNOW
                                                   X = TORNADO
MAX 32 OR BELOW:   0    0.01 INCH OR MORE:   1
MAX 90 OR ABOVE:   5    0.10 INCH OR MORE:   0
MIN 32 OR BELOW:   0    0.50 INCH OR MORE:   0
MIN  0 OR BELOW:   0    1.00 INCH OR MORE:   0

[HDD (BASE 65) ]
TOTAL THIS MO.   135    CLEAR  (SCALE 0-3)  29
DPTR FM NORMAL     6    PTCLDY (SCALE 4-7)   0
TOTAL FM JUL 1   153    CLOUDY (SCALE 8-10)  0
DPTR FM NORMAL    15

[CDD (BASE 65) ]
TOTAL THIS MO.    79
DPTR FM NORMAL    37    [PRESSURE DATA]
TOTAL FM JAN 1  5203    HIGHEST SLP M ON M
DPTR FM NORMAL   673    LOWEST  SLP 29.39 ON  7

[REMARKS]
