000
CXUS55 KGJT 301010
CF6EEO
PRELIMINARY LOCAL CLIMATOLOGICAL DATA (WS FORM: F-6)

                                          STATION:   MEEKER CO
                                          MONTH:     NOVEMBER
                                          YEAR:      2020
                                          LATITUDE:   40  2 N
                                          LONGITUDE: 107 53 W

  TEMPERATURE IN F:       :PCPN:    SNOW:  WIND      :SUNSHINE: SKY     :PK WND
================================================================================
1   2   3   4   5  6A  6B    7    8   9   10  11  12  13   14  15   16   17  18
                                     12Z  AVG MX 2MIN
DY MAX MIN AVG DEP HDD CDD  WTR  SNW DPTH SPD SPD DIR MIN PSBL S-S WX    SPD DR
================================================================================

 1  64  23  44   6  21   0 0.00    M    M  2.8 10 100   M    M   0 8      16 110
 2  67  24  46   8  19   0 0.00    M    M  3.4  9 100   M    M   0        14 110
 3  66  25  46   8  19   0 0.00    M    M  3.5 15 270   M    M   1        20 270
 4  67  32  50  13  15   0 0.00    M    M  4.0 15 260   M    M   2        20 260
 5  69  27  48  11  17   0 0.00    M    M  2.7 10 100   M    M   0        13  90
 6  65  27  46  10  19   0 0.00    M    M  4.6 26 210   M    M   2        39 210
 7  58  36  47  11  18   0 0.25    M    M 11.6 40 230   M    M   6 13     58 240
 8  41  27  34  -1  31   0 0.17    M    M  9.8 31 230   M    M   7 12     45 220
 9  37  25  31  -4  34   0 0.28    M    M  6.7 28 260   M    M   7 12     36 250
10  27  20  24 -10  41   0 0.06    M    M  5.4 15 260   M    M  10 1      23 260
11  38  20  29  -5  36   0    T    M    M  8.1 25 250   M    M   8        32 270
12  36  14  25  -9  40   0    T    M    M  2.8 15 290   M    M   4 1      20 270
13  48  11  30  -3  35   0 0.03    M    M  8.7 32 240   M    M   2 1      42 210
14  35  12  24  -9  41   0 0.11    M    M 12.6 33 260   M    M   7 1      49 260
15  47  14  31  -1  34   0 0.00    M    M  9.9 21 190   M    M   7        31 180
16  58  26  42  10  23   0 0.00    M    M  3.7 16 190   M    M   1        22 190
17  62  24  43  12  22   0 0.00    M    M  5.6 21 210   M    M   0        27 220
18  62  35  49  18  16   0 0.00    M    M  8.6 32 210   M    M   2        46 190
19  56  26  41  11  24   0 0.00    M    M 10.7 23 220   M    M   6        33 220
20  48  25  37   7  28   0 0.00    M    M  3.2 14  30   M    M   2        18  30
21  48  16  32   2  33   0 0.00    M    M  2.8 12 240   M    M   1 8      17 240
22  45   9  27  -2  38   0    T    M    M  1.5  7 310   M    M   1         8 180
23  53  18  36   7  29   0    T    M    M  4.1 18 190   M    M   6        33 190
24  38  17  28   0  37   0    T    M    M  4.6 14 350   M    M   6        19 350
25  46  13  30   2  35   0 0.00    M    M  5.4 20 190   M    M   0        26 190
26  32  10  21  -6  44   0    T    M    M  4.3 15  30   M    M   6 1      19  30
27  37   5  21  -6  44   0 0.00    M    M  3.5 13 230   M    M   0        16 230
28  44   5  25  -1  40   0 0.00    M    M  2.0 10 260   M    M   0        16 240
29  42   8  25  -1  40   0 0.00    M    M  2.5 12 360   M    M   0        16 220
================================================================================
SM 1436  574       873   0  0.90    M    159.1          M       94
================================================================================
AV 49.5 19.8                               5.5 FASTST   M    M   3    MAX(MPH)
                                 MISC ---->    40 230                 58 240
================================================================================
NOTES:
# LAST OF SEVERAL OCCURRENCES

COLUMN 17 PEAK WIND IN M.P.H.

PRELIMINARY LOCAL CLIMATOLOGICAL DATA (WS FORM: F-6) , PAGE 2

                                          STATION:   MEEKER CO
                                          MONTH:     NOVEMBER
                                          YEAR:      2020
                                          LATITUDE:   40  2 N
                                          LONGITUDE: 107 53 W

[TEMPERATURE DATA]      [PRECIPITATION DATA]       SYMBOLS USED IN COLUMN 16

AVERAGE MONTHLY: 34.7   TOTAL FOR MONTH:   0.90    1 = FOG OR MIST
DPTR FM NORMAL:   2.4   DPTR FM NORMAL:   -0.53    2 = FOG REDUCING VISIBILITY
HIGHEST:    69 ON  5    GRTST 24HR  0.42 ON  7- 8      TO 1/4 MILE OR LESS
LOWEST:      5 ON 28,27                             3 = THUNDER
                        SNOW, ICE PELLETS, HAIL    4 = ICE PELLETS
                        TOTAL MONTH:  M            5 = HAIL
                        GRTST 24HR    M  ON   M    6 = FREEZING RAIN OR DRIZZLE
                        GRTST DEPTH:  M  ON   M    7 = DUSTSTORM OR SANDSTORM:
                                                       VSBY 1/2 MILE OR LESS
                                                   8 = SMOKE OR HAZE
[NO. OF DAYS WITH]      [WEATHER - DAYS WITH]      9 = BLOWING SNOW
                                                   X = TORNADO
MAX 32 OR BELOW:   2    0.01 INCH OR MORE:   6
MAX 90 OR ABOVE:   0    0.10 INCH OR MORE:   4
MIN 32 OR BELOW:  27    0.50 INCH OR MORE:   0
MIN  0 OR BELOW:   0    1.00 INCH OR MORE:   0

[HDD (BASE 65) ]
TOTAL THIS MO.   873    CLEAR  (SCALE 0-3)  17
DPTR FM NORMAL   -80    PTCLDY (SCALE 4-7)  11
TOTAL FM JUL 1  1825    CLOUDY (SCALE 8-10)  1
DPTR FM NORMAL   -72

[CDD (BASE 65) ]
TOTAL THIS MO.     0
DPTR FM NORMAL     0    [PRESSURE DATA]
TOTAL FM JAN 1   265    HIGHEST SLP M ON M
DPTR FM NORMAL    93    LOWEST  SLP 29.22 ON  7

[REMARKS]
