454
CXUS53 KIND 300700
CF6EYE
PRELIMINARY LOCAL CLIMATOLOGICAL DATA (WS FORM: F-6)

                                          STATION:   INDIANAPOLIS EAGLE CREEK IN
                                          MONTH:     NOVEMBER
                                          YEAR:      2020
                                          LATITUDE:   39 49 N
                                          LONGITUDE:  86 18 W

  TEMPERATURE IN F:       :PCPN:    SNOW:  WIND      :SUNSHINE: SKY     :PK WND
================================================================================
1   2   3   4   5  6A  6B    7    8   9   10  11  12  13   14  15   16   17  18
                                     12Z  AVG MX 2MIN
DY MAX MIN AVG DEP HDD CDD  WTR  SNW DPTH SPD SPD DIR MIN PSBL S-S WX    SPD DR
================================================================================

 1  54  33  44  -6  21   0    T    M    M 16.4 30 280   M    M   4        42 310
 2  49  28  39 -10  26   0 0.00    M    M  6.7 14 300   M    M   0        24 220
 3  66  36  51   2  14   0 0.00    M    M  4.9 12 210   M    M   0        17 200
 4  73  41  57   8   8   0 0.00    M    M  5.1 13 190   M    M   0        21 180
 5  69  46  58  10   7   0 0.00    M    M  4.8 14 210   M    M   0        22 210
 6  72  38  55   7  10   0 0.00    M    M  2.5 13 200   M    M   0 1      21 210
 7  73  40  57   9   8   0 0.00    M    M  1.0  9 200   M    M   0 18     14 170
 8  79  47  63  16   2   0 0.00    M    M  4.0 14 150   M    M   3 1      21 140
 9  78  50  64  17   1   0 0.00    M    M  3.4 16 160   M    M   5        25 150
10  77  57  67  21   0   2 0.52    M    M 10.1 28 290   M    M   9 1      39 300
11  57  34  46   0  19   0 0.00    M    M  9.2 21 300   M    M   5        26 290
12  52  31  42  -4  23   0 0.00    M    M  4.0 13 100   M    M   0 1      18 100
13  47  30  39  -6  26   0 0.00    M    M  5.7 20 320   M    M   3 1      38 320
14  51  26  39  -6  26   0 0.26    M    M  6.7 20 150   M    M   5 1      32 150
15  62  43  53   9  12   0 0.52    M    M 13.9 30 270   M    M   8 1      51 290
16  56  34  45   1  20   0 0.00    M    M  9.3 20 290   M    M   2        27 290
17  47  33  40  -4  25   0 0.00    M    M 11.9 23 300   M    M   1        33 310
18  50  29  40  -3  25   0 0.00    M    M  6.6 15 160   M    M   2        24 180
19  65  43  54  11  11   0 0.00    M    M 12.5 25 210   M    M   0        42 200
20  65  52  59  17   6   0 0.01    M    M  7.9 18 220   M    M   5        35 210
21  52  43  48   6  17   0 0.42    M    M  5.6 10  60   M    M  10 1      16  70
22  43  38  41   0  24   0 1.02    M    M  8.9 18 340   M    M  10 1      24 330
23  47  35  41   0  24   0 0.00    M    M  4.1 13 280   M    M   2        18 260
24  49  36  43   3  22   0 0.03    M    M  6.8 16 130   M    M   7        24 130
25  55  44  50  10  15   0 0.96    M    M  7.8 17 170   M    M  10 1      28 190
26  50  45  48   9  17   0 0.00    M    M  6.0 17 260   M    M  10 1      31 270
27  51  39  45   6  20   0 0.00    M    M  5.4 20 310   M    M  10        27 310
28  48  31  40   2  25   0 0.00    M    M  4.1 12 310   M    M   0        17 310
29  53  28  41   3  24   0    T    M    M  2.5 12 300   M    M   1        15 300
================================================================================
SM 1690 1110       478   2  3.74    M    197.8          M      112
================================================================================
AV 58.3 38.3                               6.8 FASTST   M    M   4    MAX(MPH)
                                 MISC ---->  # 30 280                 51 290
================================================================================
NOTES:
# LAST OF SEVERAL OCCURRENCES

COLUMN 17 PEAK WIND IN M.P.H.

PRELIMINARY LOCAL CLIMATOLOGICAL DATA (WS FORM: F-6) , PAGE 2

                                          STATION:   INDIANAPOLIS EAGLE CREEK IN
                                          MONTH:     NOVEMBER
                                          YEAR:      2020
                                          LATITUDE:   39 49 N
                                          LONGITUDE:  86 18 W

[TEMPERATURE DATA]      [PRECIPITATION DATA]       SYMBOLS USED IN COLUMN 16

AVERAGE MONTHLY: 48.3   TOTAL FOR MONTH:   3.74    1 = FOG OR MIST
DPTR FM NORMAL:   4.1   DPTR FM NORMAL:    0.16    2 = FOG REDUCING VISIBILITY
HIGHEST:    79 ON  8    GRTST 24HR  1.04 ON 21-22      TO 1/4 MILE OR LESS
LOWEST:     26 ON 14                               3 = THUNDER
                        SNOW, ICE PELLETS, HAIL    4 = ICE PELLETS
                        TOTAL MONTH:  M            5 = HAIL
                        GRTST 24HR    M  ON   M    6 = FREEZING RAIN OR DRIZZLE
                        GRTST DEPTH:  M  ON   M    7 = DUSTSTORM OR SANDSTORM:
                                                       VSBY 1/2 MILE OR LESS
                                                   8 = SMOKE OR HAZE
[NO. OF DAYS WITH]      [WEATHER - DAYS WITH]      9 = BLOWING SNOW
                                                   X = TORNADO
MAX 32 OR BELOW:   0    0.01 INCH OR MORE:   8
MAX 90 OR ABOVE:   0    0.10 INCH OR MORE:   6
MIN 32 OR BELOW:   7    0.50 INCH OR MORE:   4
MIN  0 OR BELOW:   0    1.00 INCH OR MORE:   1

[HDD (BASE 65) ]
TOTAL THIS MO.   478    CLEAR  (SCALE 0-3)  16
DPTR FM NORMAL  -126    PTCLDY (SCALE 4-7)   7
TOTAL FM JUL 1   854    CLOUDY (SCALE 8-10)  6
DPTR FM NORMAL  -142

[CDD (BASE 65) ]
TOTAL THIS MO.     2
DPTR FM NORMAL     2    [PRESSURE DATA]
TOTAL FM JAN 1  1186    HIGHEST SLP M ON M
DPTR FM NORMAL   128    LOWEST  SLP 29.45 ON 15

[REMARKS]
