000
CXUS53 KFGF 300915
CF6FGF
PRELIMINARY LOCAL CLIMATOLOGICAL DATA (WS FORM: F-6)

                                          STATION:   GRAND FORKS UNIV. (NWS) ND
                                          MONTH:     NOVEMBER
                                          YEAR:      2020
                                          LATITUDE:   47 55 N
                                          LONGITUDE:  97  6 W

  TEMPERATURE IN F:       :PCPN:    SNOW:  WIND      :SUNSHINE: SKY     :PK WND
================================================================================
1   2   3   4   5  6A  6B    7    8   9   10  11  12  13   14  15   16   17  18
                                     12Z  AVG MX 2MIN
DY MAX MIN AVG DEP HDD CDD  WTR  SNW DPTH SPD SPD DIR MIN PSBL S-S WX    SPD DR
================================================================================

 1  38  15  27  -9  38   0 0.00  0.0    0    M  M   M   M    M   M         M   M
 2  64  29  47  12  18   0 0.00  0.0    0    M  M   M   M    M   M         M   M
 3  71  35  53  19  12   0 0.00  0.0    0    M  M   M   M    M   M         M   M
 4  73  33  53  19  12   0 0.00  0.0    0    M  M   M   M    M   M         M   M
 5  60  31  46  13  19   0 0.00  0.0    0    M  M   M   M    M   M         M   M
 6  54  30  42   9  23   0 0.00  0.0    0    M  M   M   M    M   M         M   M
 7  44  30  37   5  28   0 0.00  0.0    0    M  M   M   M    M   M         M   M
 8  71  37  54  22  11   0 0.00  0.0    0    M  M   M   M    M   M         M   M
 9  37  20  29  -2  36   0 0.00  0.0    0    M  M   M   M    M   M         M   M
10  29  12  21  -9  44   0 0.00  0.0    0    M  M   M   M    M   M         M   M
11  34  11  23  -7  42   0 0.02  0.2    0    M  M   M   M    M   M         M   M
12  22   8  15 -14  50   0    T    T    T    M  M   M   M    M   M         M   M
13  40   8  24  -4  41   0 0.00  0.0    T    M  M   M   M    M   M         M   M
14  46  27  37   9  28   0 0.00  0.0    0    M  M   M   M    M   M         M   M
15  30  14  22  -5  43   0 0.03  0.4    T    M  M   M   M    M   M         M   M
16  25   9  17 -10  48   0 0.02  0.3    1    M  M   M   M    M   M         M   M
17  27   7  17  -9  48   0 0.00  0.0    T    M  M   M   M    M   M         M   M
18  41  25  33   8  32   0    T  0.0    T    M  M   M   M    M   M         M   M
19  42  27  35  10  30   0    T    T    0    M  M   M   M    M   M         M   M
20  32  19  26   2  39   0    T    T    0    M  M   M   M    M   M         M   M
21  39  18  29   5  36   0 0.00  0.0    0    M  M   M   M    M   M         M   M
22  32  21  27   4  38   0 0.00  0.0    0    M  M   M   M    M   M         M   M
23  35  15  25   3  40   0    T  0.0    0    M  M   M   M    M   M         M   M
24  37  24  31   9  34   0 0.01  0.0    0    M  M   M   M    M   M         M   M
25  30  19  25   4  40   0 0.00  0.0    0    M  M   M   M    M   M         M   M
26  40  26  33  12  32   0 0.02  0.5    1    M  M   M   M    M   M         M   M
27  38  16  27   7  38   0 0.00  0.0    0    M  M   M   M    M   M         M   M
28  46  22  34  14  31   0 0.00  0.0    0    M  M   M   M    M   M         M   M
29  33  11  22   3  43   0    T    T    0    M  M   M   M    M   M         M   M
================================================================================
SM 1210  599       974   0  0.10  1.4        M          M        M
================================================================================
AV 41.7 20.7                                 M FASTST   M    M   M    MAX(MPH)
                                 MISC ---->     M   M                  M   M
================================================================================
NOTES:
# LAST OF SEVERAL OCCURRENCES

COLUMN 17 PEAK WIND IN M.P.H.

PRELIMINARY LOCAL CLIMATOLOGICAL DATA (WS FORM: F-6) , PAGE 2

                                          STATION:   GRAND FORKS UNIV. (NWS) ND
                                          MONTH:     NOVEMBER
                                          YEAR:      2020
                                          LATITUDE:   47 55 N
                                          LONGITUDE:  97  6 W

[TEMPERATURE DATA]      [PRECIPITATION DATA]       SYMBOLS USED IN COLUMN 16

AVERAGE MONTHLY: 31.2   TOTAL FOR MONTH:   0.10    1 = FOG OR MIST
DPTR FM NORMAL:   3.9   DPTR FM NORMAL:   -0.78    2 = FOG REDUCING VISIBILITY
HIGHEST:    73 ON  4    GRTST 24HR  0.03 ON 15-15      TO 1/4 MILE OR LESS
LOWEST:      7 ON 17                               3 = THUNDER
                        SNOW, ICE PELLETS, HAIL    4 = ICE PELLETS
                        TOTAL MONTH:   1.4 INCHES  5 = HAIL
                        GRTST 24HR   0.5 ON 26-26  6 = FREEZING RAIN OR DRIZZLE
                        GRTST DEPTH:   1 ON 26,16  7 = DUSTSTORM OR SANDSTORM:
                                                       VSBY 1/2 MILE OR LESS
                                                   8 = SMOKE OR HAZE
[NO. OF DAYS WITH]      [WEATHER - DAYS WITH]      9 = BLOWING SNOW
                                                   X = TORNADO
MAX 32 OR BELOW:   8    0.01 INCH OR MORE:   5
MAX 90 OR ABOVE:   0    0.10 INCH OR MORE:   0
MIN 32 OR BELOW:  26    0.50 INCH OR MORE:   0
MIN  0 OR BELOW:   0    1.00 INCH OR MORE:   0

[HDD (BASE 65) ]
TOTAL THIS MO.   974    CLEAR  (SCALE 0-3)   0
DPTR FM NORMAL  -120    PTCLDY (SCALE 4-7)   0
TOTAL FM JUL 1  1997    CLOUDY (SCALE 8-10) 29
DPTR FM NORMAL   -51

[CDD (BASE 65) ]
TOTAL THIS MO.     0
DPTR FM NORMAL     0    [PRESSURE DATA]
TOTAL FM JAN 1   619    HIGHEST SLP M ON M
DPTR FM NORMAL   156    LOWEST  SLP M ON M

[REMARKS]
