000
CXUS53 KARX 301000
CF6FKA
PRELIMINARY LOCAL CLIMATOLOGICAL DATA (WS FORM: F-6)

                                          STATION:   PRESTON MN
                                          MONTH:     NOVEMBER
                                          YEAR:      2020
                                          LATITUDE:   43 40 N
                                          LONGITUDE:  92 11 W

  TEMPERATURE IN F:       :PCPN:    SNOW:  WIND      :SUNSHINE: SKY     :PK WND
================================================================================
1   2   3   4   5  6A  6B    7    8   9   10  11  12  13   14  15   16   17  18
                                     12Z  AVG MX 2MIN
DY MAX MIN AVG DEP HDD CDD  WTR  SNW DPTH SPD SPD DIR MIN PSBL S-S WX    SPD DR
================================================================================

 1  35  22  29   M  36   0 0.00  0.0    0 17.0 31 310   M    M   3        45 310
 2  55  20  38   M  27   0 0.00  0.0    0 10.6 16 210   M    M   0 8      23 210
 3  73  36  55   M  10   0 0.00  0.0    0 11.5 18 210   M    M   0        24 210
 4  71  43  57   M   8   0 0.00  0.0    0  9.4 16 220   M    M   0         M   M
 5  69  47  58   M   7   0 0.00  0.0    0  7.4 10 290   M    M   0         M   M
 6  71  44  58   M   7   0 0.00  0.0    0 12.1 21 190   M    M   0        27 190
 7  69  53  61   M   4   0 0.00  0.0    0 17.2 25 190   M    M   0        33 180
 8  70  51  61   M   4   0 0.00  0.0    0 15.8 24 170   M    M   2        32 180
 9  67  35  51   M  14   0 0.66  0.0    0 17.2 28 190   M    M   8 1      36 190
10  36  27  32   M  33   0 0.51    M    0 13.5 27 290   M    M  10 1      33 290
11  41  22  32   M  33   0 0.00  0.0    0 10.6 18 270   M    M   2        23 270
12  41  21  31   M  34   0    M    M    0 10.4 18 320   M    M   3        25 320
13  35  14  25   M  40   0 0.00  0.0    0  9.5 16 170   M    M   0        22 180
14  43  28  36   M  29   0 0.03  0.0    0 11.5 18 160   M    M   7 12     25 160
15  39  26  33   M  32   0 0.00  0.0    0 22.4 35 290   M    M   7        47 290
16  44  21  33   M  32   0 0.00  0.0    0 11.9 24 300   M    M   2        31 300
17  36  19  28   M  37   0 0.00  0.0    0  6.6 12 170   M    M   1         M   M
18  51  30  41   M  24   0 0.00  0.0    0 17.5 24 190   M    M   0        35 180
19  59  40  50   M  15   0 0.00  0.0    0 10.6 17 210   M    M   0        24 200
20  43  27  35   M  30   0 0.00  0.0    0 10.0 17 300   M    M   3        22 310
21  40  22  31   M  34   0 0.00  0.0    0  2.3  5 170   M    M   0         M   M
22  43  23  33   M  32   0 0.00  0.0    0  9.5 18 290   M    M   6 8      24 290
23  37  22  30   M  35   0 0.00  0.0    0  5.5  9 340   M    M   2        16 340
24  32  31  32   M  33   0    M    M    M  6.8 18 150   M    M  10 12     21 150
25  33  32  33   M  32   0 0.00  0.0    M  5.5 12 360   M    M  10 12      M   M
26  34  29  32   M  33   0    M  0.0    M  7.6 14 210   M    M  10 1      20 210
27  34  26  30   M  35   0 0.00  0.0    0  9.5 16 300   M    M   1        21 300
28  47  29  38   M  27   0 0.00  0.0    0 11.0 16 210   M    M   0        21 210
29  37  24  31   M  34   0 0.00  0.0    0 15.8 27 340   M    M   5        36 340
================================================================================
SM 1385  864       751   0  1.20  0.0    326.2          M       92
================================================================================
AV 47.8 29.8                              11.2 FASTST   M    M   3    MAX(MPH)
                                 MISC ---->    35 290                 47 290
================================================================================
NOTES:
# LAST OF SEVERAL OCCURRENCES

COLUMN 17 PEAK WIND IN M.P.H.

PRELIMINARY LOCAL CLIMATOLOGICAL DATA (WS FORM: F-6) , PAGE 2

                                          STATION:   PRESTON MN
                                          MONTH:     NOVEMBER
                                          YEAR:      2020
                                          LATITUDE:   43 40 N
                                          LONGITUDE:  92 11 W

[TEMPERATURE DATA]      [PRECIPITATION DATA]       SYMBOLS USED IN COLUMN 16

AVERAGE MONTHLY: 38.8   TOTAL FOR MONTH:   1.20    1 = FOG OR MIST
DPTR FM NORMAL:   0.0   DPTR FM NORMAL:    1.20    2 = FOG REDUCING VISIBILITY
HIGHEST:    73 ON  3    GRTST 24HR  0.66 ON  9- 9      TO 1/4 MILE OR LESS
LOWEST:     14 ON 13                               3 = THUNDER
                        SNOW, ICE PELLETS, HAIL    4 = ICE PELLETS
                        TOTAL MONTH:   0.0 INCH    5 = HAIL
                        GRTST 24HR  0.0            6 = FREEZING RAIN OR DRIZZLE
                        GRTST DEPTH:  0            7 = DUSTSTORM OR SANDSTORM:
                                                       VSBY 1/2 MILE OR LESS
                                                   8 = SMOKE OR HAZE
[NO. OF DAYS WITH]      [WEATHER - DAYS WITH]      9 = BLOWING SNOW
                                                   X = TORNADO
MAX 32 OR BELOW:   1    0.01 INCH OR MORE:   3
MAX 90 OR ABOVE:   0    0.10 INCH OR MORE:   2
MIN 32 OR BELOW:  21    0.50 INCH OR MORE:   2
MIN  0 OR BELOW:   0    1.00 INCH OR MORE:   0

[HDD (BASE 65) ]
TOTAL THIS MO.   751    CLEAR  (SCALE 0-3)  20
DPTR FM NORMAL     M    PTCLDY (SCALE 4-7)   5
TOTAL FM JUL 1  1703    CLOUDY (SCALE 8-10)  4
DPTR FM NORMAL     M

[CDD (BASE 65) ]
TOTAL THIS MO.     0
DPTR FM NORMAL     M    [PRESSURE DATA]
TOTAL FM JAN 1   585    HIGHEST SLP M ON M
DPTR FM NORMAL     M    LOWEST  SLP M ON M

[REMARKS]
