000
CXUS52 KILM 301100
CF6FLO
PRELIMINARY LOCAL CLIMATOLOGICAL DATA (WS FORM: F-6)

                                          STATION:   FLORENCE SOUTH  CAROLINA
                                          MONTH:     NOVEMBER
                                          YEAR:      2020
                                          LATITUDE:   34 10 N
                                          LONGITUDE:  79 43 W

  TEMPERATURE IN F:       :PCPN:    SNOW:  WIND      :SUNSHINE: SKY     :PK WND
================================================================================
1   2   3   4   5  6A  6B    7    8   9   10  11  12  13   14  15   16   17  18
                                     12Z  AVG MX 2MIN
DY MAX MIN AVG DEP HDD CDD  WTR  SNW DPTH SPD SPD DIR MIN PSBL S-S WX    SPD DR
================================================================================

 1  67  55  61   1   4   0 0.01    M    M  7.7 18 330   M    M   6 1      27 330
 2  57  36  47 -12  18   0 0.00    M    M  9.3 21 330   M    M   0        29 330
 3  65  32  49 -10  16   0 0.00    M    M  2.1  8 250   M    M   0        11 250
 4  70  36  53  -6  12   0 0.00    M    M  2.1 10 130   M    M   0        15 180
 5  77  44  61   3   4   0 0.00    M    M  4.5  9 110   M    M   1        12  40
 6  76  55  66   8   0   1 0.00    M    M  7.1 16  40   M    M   2        20  40
 7  80  61  71  13   0   6 0.00    M    M  7.7 15  60   M    M   3 1      20 100
 8  82  62  72  14   0   7 0.00    M    M 10.0 17  90   M    M   2        23  70
 9  80  61  71  14   0   6    T    M    M  9.3 17  80   M    M   4 1      20 100
10  84  62  73  16   0   8 0.06    M    M  8.2 17 120   M    M   5 1      22 150
11  80  71  76  19   0  11 1.65    M    M  6.9 23 260   M    M  10 13     31 250
12  76  65  71  15   0   6 1.63    M    M  8.6 28  30   M    M  10 13     33  40
13  70  56  63   7   2   0    T    M    M  5.2 12  10   M    M   7 12     15 360
14  70  56  63   7   2   0 0.00    M    M  5.9 14  70   M    M   6 12     16  90
15  79  58  69  13   0   4 0.01    M    M  7.6 21 220   M    M   5 1      25 190
16  69  41  55   0  10   0 0.00    M    M  5.3 17 300   M    M   0 8      25 300
17  68  37  53  -2  12   0 0.00    M    M  6.9 18 330   M    M   0        27 330
18  54  35  45 -10  20   0 0.00    M    M  7.4 22  30   M    M   0        28  30
19  59  31  45  -9  20   0 0.00    M    M  3.2  9  20   M    M   0        11  50
20  72  37  55   1  10   0 0.00    M    M  2.2  8 260   M    M   0 1      13 230
21  73  43  58   4   7   0 0.00    M    M  1.0  9  80   M    M   0 1      11  70
22  68  46  57   3   8   0    T    M    M  3.1  8  20   M    M   8        10  20
23  67  44  56   3   9   0    T    M    M  8.8 20 360   M    M   2 12     27 360
24  59  37  48  -5  17   0 0.00    M    M  6.2 17  90   M    M   0        22  90
25  73  41  57   4   8   0 0.00    M    M  6.5 16 150   M    M   5        23 140
26  70  59  65  13   0   0 0.29    M    M  5.9 21 280   M    M   6 123    27 270
27  74  52  63  11   2   0 0.19    M    M  4.2 13 270   M    M   4 12     18 290
28  65  47  56   4   9   0 0.05    M    M  2.3  8  60   M    M   6 12     12 300
29  62  45  54   3  11   0 0.34    M    M  5.8 12  70   M    M   7 12     14 170
================================================================================
SM 2046 1405       201  49  4.23    M    171.0          M       99
================================================================================
AV 70.6 48.4                               5.9 FASTST   M    M   3    MAX(MPH)
                                 MISC ---->    28  30                 33  40
================================================================================
NOTES:
# LAST OF SEVERAL OCCURRENCES

COLUMN 17 PEAK WIND IN M.P.H.

PRELIMINARY LOCAL CLIMATOLOGICAL DATA (WS FORM: F-6) , PAGE 2

                                          STATION:   FLORENCE SOUTH  CAROLINA
                                          MONTH:     NOVEMBER
                                          YEAR:      2020
                                          LATITUDE:   34 10 N
                                          LONGITUDE:  79 43 W

[TEMPERATURE DATA]      [PRECIPITATION DATA]       SYMBOLS USED IN COLUMN 16

AVERAGE MONTHLY: 59.5   TOTAL FOR MONTH:   4.23    1 = FOG OR MIST
DPTR FM NORMAL:   3.9   DPTR FM NORMAL:    1.65    2 = FOG REDUCING VISIBILITY
HIGHEST:    84 ON 10    GRTST 24HR  2.71 ON 11-12      TO 1/4 MILE OR LESS
LOWEST:     31 ON 19                               3 = THUNDER
                        SNOW, ICE PELLETS, HAIL    4 = ICE PELLETS
                        TOTAL MONTH:  M            5 = HAIL
                        GRTST 24HR    M  ON   M    6 = FREEZING RAIN OR DRIZZLE
                        GRTST DEPTH:  M  ON   M    7 = DUSTSTORM OR SANDSTORM:
                                                       VSBY 1/2 MILE OR LESS
                                                   8 = SMOKE OR HAZE
[NO. OF DAYS WITH]      [WEATHER - DAYS WITH]      9 = BLOWING SNOW
                                                   X = TORNADO
MAX 32 OR BELOW:   0    0.01 INCH OR MORE:   9
MAX 90 OR ABOVE:   0    0.10 INCH OR MORE:   5
MIN 32 OR BELOW:   2    0.50 INCH OR MORE:   2
MIN  0 OR BELOW:   0    1.00 INCH OR MORE:   2

[HDD (BASE 65) ]
TOTAL THIS MO.   201    CLEAR  (SCALE 0-3)  15
DPTR FM NORMAL   -90    PTCLDY (SCALE 4-7)  12
TOTAL FM JUL 1   242    CLOUDY (SCALE 8-10)  2
DPTR FM NORMAL  -166

[CDD (BASE 65) ]
TOTAL THIS MO.    49
DPTR FM NORMAL    33    [PRESSURE DATA]
TOTAL FM JAN 1  2419    HIGHEST SLP M ON M
DPTR FM NORMAL   361    LOWEST  SLP 29.80 ON 29

[REMARKS]
