000
CXUS53 KDTX 300735
CF6FNT
PRELIMINARY LOCAL CLIMATOLOGICAL DATA (WS FORM: F-6)

                                          STATION:   FLINT MI
                                          MONTH:     NOVEMBER
                                          YEAR:      2020
                                          LATITUDE:   42 58 N
                                          LONGITUDE:  83 44 W

  TEMPERATURE IN F:       :PCPN:    SNOW:  WIND      :SUNSHINE: SKY     :PK WND
================================================================================
1   2   3   4   5  6A  6B    7    8   9   10  11  12  13   14  15   16   17  18
                                     12Z  AVG MX 2MIN
DY MAX MIN AVG DEP HDD CDD  WTR  SNW DPTH SPD SPD DIR MIN PSBL S-S WX    SPD DR
================================================================================

 1  52  35  44   0  21   0 0.17    T    0 20.6 32 290   M    M   9        44 280
 2  49  29  39  -5  26   0 0.00  0.0    0 13.8 26 250   M    M   5        38 250
 3  63  32  48   4  17   0 0.00  0.0    0  8.1 15 230   M    M   0        21 220
 4  76  50  63  20   2   0 0.00  0.0    0 10.9 22 230   M    M   0        32 230
 5  69  53  61  18   4   0 0.00  0.0    0  8.7 17 230   M    M   0        23 240
 6  72  50  61  18   4   0 0.00  0.0    0  8.0 15 250   M    M   0        22 270
 7  74  54  64  22   1   0 0.00  0.0    0  8.5 17 220   M    M   0        26 210
 8  76  42  59  17   6   0 0.00  0.0    0  6.1 15 160   M    M   0        19 160
 9  79  55  67  25   0   2 0.00  0.0    0  7.4 15 200   M    M   2        22 190
10  78  67  73  32   0   8    T  0.0    0 13.5 24 190   M    M   7        37 190
11  71  35  53  12  12   0 0.16  0.0    0 12.5 25 280   M    M   8 1      34 280
12  53  27  40   0  25   0 0.00  0.0    0  3.9  8 150   M    M   0 18     11 140
13  47  33  40   0  25   0 0.03  0.0    0 10.2 22 280   M    M   9 8      28 280
14  48  22  35  -5  30   0 0.02  0.0    0  9.6 21 170   M    M   4        31 170
15  56  40  48   9  17   0 0.78    T    0 20.2 36 260   M    M  10 13     54 250
16  45  35  40   1  25   0 0.01  0.2    T 14.3 26 270   M    M   8 1      39 280
17  38  28  33  -5  32   0 0.01  0.1    T 13.1 25 290   M    M   9        35 320
18  46  20  33  -5  32   0 0.00  0.0    0  8.8 20 190   M    M   1        33 190
19  66  41  54  16  11   0 0.00  0.0    0 14.5 24 240   M    M   0        39 230
20  64  38  51  14  14   0 0.00  0.0    0 12.6 24 270   M    M   0        33 260
21  47  32  40   3  25   0 0.00  0.0    0  3.9 10 330   M    M   4        13 360
22  38  32  35  -1  30   0 0.16  0.5    0  6.7 14 120   M    M   8 1      17 120
23  46  24  35  -1  30   0 0.02  0.1    T  9.0 21 300   M    M   6 1      29 270
24  40  19  30  -6  35   0 0.08    T    0  5.1 15 150   M    M   6 1      21 140
25  50  40  45  10  20   0 0.31  0.0    0  5.4 12 160   M    M  10 18     18 160
26  49  43  46  11  19   0 0.02  0.0    0  7.4 15 270   M    M  10 12     21 270
27  45  32  39   5  26   0    T  0.0    0  7.4 22 290   M    M  10 8      30 290
28  48  29  39   5  26   0 0.00  0.0    0  9.1 16 210   M    M   0        23 210
29  53  37  45  12  20   0 0.00  0.0    0  9.5 17 230   M    M   1        24 220
================================================================================
SM 1638 1074       535  10  1.77  0.9    288.8          M      127
================================================================================
AV 56.5 37.0                              10.0 FASTST   M    M   4    MAX(MPH)
                                 MISC ---->    36 260                 54 250
================================================================================
NOTES:
# LAST OF SEVERAL OCCURRENCES

COLUMN 17 PEAK WIND IN M.P.H.

PRELIMINARY LOCAL CLIMATOLOGICAL DATA (WS FORM: F-6) , PAGE 2

                                          STATION:   FLINT MI
                                          MONTH:     NOVEMBER
                                          YEAR:      2020
                                          LATITUDE:   42 58 N
                                          LONGITUDE:  83 44 W

[TEMPERATURE DATA]      [PRECIPITATION DATA]       SYMBOLS USED IN COLUMN 16

AVERAGE MONTHLY: 46.8   TOTAL FOR MONTH:   1.77    1 = FOG OR MIST
DPTR FM NORMAL:   7.7   DPTR FM NORMAL:   -0.82    2 = FOG REDUCING VISIBILITY
HIGHEST:    79 ON  9    GRTST 24HR  0.80 ON 14-15      TO 1/4 MILE OR LESS
LOWEST:     19 ON 24                               3 = THUNDER
                        SNOW, ICE PELLETS, HAIL    4 = ICE PELLETS
                        TOTAL MONTH:   0.9 INCH    5 = HAIL
                        GRTST 24HR   0.5 ON 22-22  6 = FREEZING RAIN OR DRIZZLE
                        GRTST DEPTH:  T            7 = DUSTSTORM OR SANDSTORM:
                                                       VSBY 1/2 MILE OR LESS
                                                   8 = SMOKE OR HAZE
[NO. OF DAYS WITH]      [WEATHER - DAYS WITH]      9 = BLOWING SNOW
                                                   X = TORNADO
MAX 32 OR BELOW:   0    0.01 INCH OR MORE:  12
MAX 90 OR ABOVE:   0    0.10 INCH OR MORE:   5
MIN 32 OR BELOW:  12    0.50 INCH OR MORE:   1
MIN  0 OR BELOW:   0    1.00 INCH OR MORE:   0

[HDD (BASE 65) ]
TOTAL THIS MO.   535    CLEAR  (SCALE 0-3)  13
DPTR FM NORMAL  -218    PTCLDY (SCALE 4-7)   7
TOTAL FM JUL 1  1210    CLOUDY (SCALE 8-10)  9
DPTR FM NORMAL  -239

[CDD (BASE 65) ]
TOTAL THIS MO.    10
DPTR FM NORMAL    10    [PRESSURE DATA]
TOTAL FM JAN 1   780    HIGHEST SLP M ON M
DPTR FM NORMAL   249    LOWEST  SLP 29.22 ON 15

[REMARKS]
