000
CXUS53 KDDC 301200
CF6GCK
PRELIMINARY LOCAL CLIMATOLOGICAL DATA (WS FORM: F-6)

                                          STATION:   GARDEN CITY REGIONAL ARPT KS
                                          MONTH:     NOVEMBER
                                          YEAR:      2020
                                          LATITUDE:   37 55 N
                                          LONGITUDE: 100 43 W

  TEMPERATURE IN F:       :PCPN:    SNOW:  WIND      :SUNSHINE: SKY     :PK WND
================================================================================
1   2   3   4   5  6A  6B    7    8   9   10  11  12  13   14  15   16   17  18
                                     12Z  AVG MX 2MIN
DY MAX MIN AVG DEP HDD CDD  WTR  SNW DPTH SPD SPD DIR MIN PSBL S-S WX    SPD DR
================================================================================

 1  62  26  44  -5  21   0 0.00    M    M 10.0 23 190   M    M   0        31 180
 2  77  26  52   4  13   0 0.00    M    M  5.5 10 180   M    M   0        13 180
 3  76  31  54   6  11   0 0.00    M    M  8.1 16 180   M    M   0        20 180
 4  82  35  59  12   6   0 0.00    M    M  6.3 16  10   M    M   0 1      21  10
 5  78  42  60  13   5   0 0.00    M    M  9.7 20 360   M    M   0        25 350
 6  81  40  61  15   4   0 0.00    M    M 13.6 26 180   M    M   0        38 190
 7  75  45  60  14   5   0 0.00    M    M 19.7 36 180   M    M   1 12     51 180
 8  74  51  63  18   2   0 0.00    M    M 23.8 39 190   M    M   0        54 190
 9  74  30  52   7  13   0 0.12    M    M 21.3 30  30   M    M   7 13     42 180
10  50  29  40  -4  25   0 0.00    M    M 10.1 20  10   M    M   3 1      24 360
11  50  26  38  -6  27   0 0.00    M    M  7.8 16 180   M    M   0        22 180
12  52  20  36  -7  29   0 0.00    M    M 11.8 26 360   M    M   0        35  10
13  52  17  35  -8  30   0 0.00    M    M 13.1 30 190   M    M   0        39 180
14  69  33  51   9  14   0 0.00    M    M 16.5 45 330   M    M   3 8      61 320
15  54  20  37  -5  28   0 0.00    M    M 10.9 30 320   M    M   0        41 320
16  67  24  46   5  19   0 0.00    M    M  8.3 22  20   M    M   0        31  40
17  69  31  50   9  15   0 0.00    M    M 14.3 30 190   M    M   0        39 190
18  78  43  61  21   4   0 0.00    M    M 15.6 26 190   M    M   0        34 190
19  74  36  55  15  10   0 0.00    M    M 11.5 22  10   M    M   0        29  10
20  59  36  48   9  17   0 0.00    M    M 13.9 21  30   M    M   0        30  40
21  44  38  41   2  24   0 0.37    M    M  8.1 16  30   M    M   8 12     21  30
22  51  31  41   3  24   0 0.00    M    M  9.3 18  10   M    M   3 1      24 360
23  56  38  47   9  18   0    T    M    M 20.4 31 200   M    M  10        43 190
24  55  33  44   6  21   0 0.01    M    M 19.6 33 360   M    M  10 1      43 360
25  54  23  39   2  26   0 0.00    M    M 10.1 16 320   M    M   0        21 320
26  52  22  37   0  28   0 0.00    M    M 12.0 24  10   M    M   0        35  20
27  50  24  37   1  28   0 0.00    M    M  6.1 13 340   M    M   0        16 330
28  50  25  38   2  27   0    T    M    M 10.0 23 240   M    M   2        29 240
29  46  15  31  -4  34   0 0.00    M    M 17.5 36 360   M    M   2        50  10
================================================================================
SM 1811  890       528   0  0.50    M    364.9          M       49
================================================================================
AV 62.4 30.7                              12.6 FASTST   M    M   2    MAX(MPH)
                                 MISC ---->    45 330                 61 320
================================================================================
NOTES:
# LAST OF SEVERAL OCCURRENCES

COLUMN 17 PEAK WIND IN M.P.H.

PRELIMINARY LOCAL CLIMATOLOGICAL DATA (WS FORM: F-6) , PAGE 2

                                          STATION:   GARDEN CITY REGIONAL ARPT KS
                                          MONTH:     NOVEMBER
                                          YEAR:      2020
                                          LATITUDE:   37 55 N
                                          LONGITUDE: 100 43 W

[TEMPERATURE DATA]      [PRECIPITATION DATA]       SYMBOLS USED IN COLUMN 16

AVERAGE MONTHLY: 46.6   TOTAL FOR MONTH:   0.50    1 = FOG OR MIST
DPTR FM NORMAL:   4.7   DPTR FM NORMAL:   -0.03    2 = FOG REDUCING VISIBILITY
HIGHEST:    82 ON  4    GRTST 24HR  0.37 ON 21-21      TO 1/4 MILE OR LESS
LOWEST:     15 ON 29                               3 = THUNDER
                        SNOW, ICE PELLETS, HAIL    4 = ICE PELLETS
                        TOTAL MONTH:  M            5 = HAIL
                        GRTST 24HR    M  ON   M    6 = FREEZING RAIN OR DRIZZLE
                        GRTST DEPTH:  M  ON   M    7 = DUSTSTORM OR SANDSTORM:
                                                       VSBY 1/2 MILE OR LESS
                                                   8 = SMOKE OR HAZE
[NO. OF DAYS WITH]      [WEATHER - DAYS WITH]      9 = BLOWING SNOW
                                                   X = TORNADO
MAX 32 OR BELOW:   0    0.01 INCH OR MORE:   3
MAX 90 OR ABOVE:   0    0.10 INCH OR MORE:   2
MIN 32 OR BELOW:  17    0.50 INCH OR MORE:   0
MIN  0 OR BELOW:   0    1.00 INCH OR MORE:   0

[HDD (BASE 65) ]
TOTAL THIS MO.   528    CLEAR  (SCALE 0-3)  23
DPTR FM NORMAL  -144    PTCLDY (SCALE 4-7)   3
TOTAL FM JUL 1  1055    CLOUDY (SCALE 8-10)  3
DPTR FM NORMAL    -7

[CDD (BASE 65) ]
TOTAL THIS MO.     0
DPTR FM NORMAL     0    [PRESSURE DATA]
TOTAL FM JAN 1  1349    HIGHEST SLP M ON M
DPTR FM NORMAL    51    LOWEST  SLP 29.50 ON 14

[REMARKS]
