000
CXUS51 KPHI 300915
CF6GED
PRELIMINARY LOCAL CLIMATOLOGICAL DATA (WS FORM: F-6)

                                          STATION:   GEORGETOWN DE
                                          MONTH:     NOVEMBER
                                          YEAR:      2020
                                          LATITUDE:   38 41 N
                                          LONGITUDE:  75 22 W

  TEMPERATURE IN F:       :PCPN:    SNOW:  WIND      :SUNSHINE: SKY     :PK WND
================================================================================
1   2   3   4   5  6A  6B    7    8   9   10  11  12  13   14  15   16   17  18
                                     12Z  AVG MX 2MIN
DY MAX MIN AVG DEP HDD CDD  WTR  SNW DPTH SPD SPD DIR MIN PSBL S-S WX    SPD DR
================================================================================

 1  60  37  49  -4  16   0 0.64    M    M  5.1 23 320   M    M   6 1      37 290
 2  50  36  43  -9  22   0 0.00    M    M 11.6 26 280   M    M   1        40 280
 3  62  39  51  -1  14   0 0.00    M    M  6.1 15 280   M    M   0        21 280
 4  70  37  54   2  11   0 0.00    M    M  4.1 15 170   M    M   0        18 170
 5  73  45  59   7   6   0 0.00    M    M  4.0 14 200   M    M   2 12     17 230
 6  72  50  61  10   4   0 0.00    M    M  2.4  8 240   M    M   4 12     12 270
 7  75  48  62  11   3   0 0.00    M    M  1.5  8 220   M    M   5 128     9 210
 8  78  46  62  11   3   0 0.00    M    M  1.3  8 120   M    M   1 128     9 120
 9  77  48  63  13   2   0 0.00    M    M  1.5  9 160   M    M   4 12     10 160
10  79  51  65  15   0   0 0.00    M    M  5.1 16 210   M    M   3 12     20 230
11  81  64  73  23   0   8 1.28    M    M  9.0 30 230   M    M   6 1      36 230
12  71  52  62  12   3   0 2.13    M    M  7.0 20  30   M    M   M 1      28  30
13  59  44  52   3  13   0 0.02    M    M  3.5  9 340   M    M   1 1      13 330
14  59  38  49   0  16   0 0.00    M    M  2.9 14 290   M    M   0        20 320
15  70  36  53   4  12   0 0.08    M    M 11.0 29 260   M    M   3 1      44 270
16  60  39  50   2  15   0    T    M    M  4.2 17 290   M    M   2        24 280
17  58  32  45  -3  20   0    T    M    M  6.7 23 310   M    M   2        35 310
18  46  28  37 -11  28   0 0.00    M    M  4.7 16 360   M    M   1        26 310
19  53  26  40  -7  25   0 0.00    M    M  6.5 17 220   M    M   0        20 220
20  68  42  55   8  10   0 0.00    M    M  9.9 23 230   M    M   0        27 230
21  70  42  56   9   9   0 0.00    M    M  2.7 12  40   M    M   2        13  40
22  64  50  57  11   8   0 0.00    M    M  8.4 15 100   M    M   6 1       M   M
23  61  42  52   6  13   0 0.32    M    M  7.4 21 300   M    M   1 1      33 300
24  52  36  44  -2  21   0 0.00    M    M  2.8 12  30   M    M   1        16 350
25  63  38  51   5  14   0 0.00    M    M  6.3 18 210   M    M   3        24 220
26  70  52  61  16   4   0 0.26    M    M  8.0 17 220   M    M   8 12     26 200
27  63  48  56  11   9   0 0.00    M    M  3.1 10  30   M    M   9        13  40
28  61  38  50   6  15   0 0.00    M    M  2.8 14 300   M    M   2 1      21 300
29  59  32  46   2  19   0 0.00    M    M  2.1  9 230   M    M   0        12 190
================================================================================
SM 1884 1216       335   8  4.73    M    151.7          M       73
================================================================================
AV 65.0 41.9                               5.2 FASTST   M    M   3    MAX(MPH)
                                 MISC ---->    30 230                 44 270
================================================================================
NOTES:
# LAST OF SEVERAL OCCURRENCES

COLUMN 17 PEAK WIND IN M.P.H.

PRELIMINARY LOCAL CLIMATOLOGICAL DATA (WS FORM: F-6) , PAGE 2

                                          STATION:   GEORGETOWN DE
                                          MONTH:     NOVEMBER
                                          YEAR:      2020
                                          LATITUDE:   38 41 N
                                          LONGITUDE:  75 22 W

[TEMPERATURE DATA]      [PRECIPITATION DATA]       SYMBOLS USED IN COLUMN 16

AVERAGE MONTHLY: 53.4   TOTAL FOR MONTH:   4.73    1 = FOG OR MIST
DPTR FM NORMAL:   4.9   DPTR FM NORMAL:    1.49    2 = FOG REDUCING VISIBILITY
HIGHEST:    81 ON 11    GRTST 24HR  2.13 ON 12-12      TO 1/4 MILE OR LESS
LOWEST:     26 ON 19                               3 = THUNDER
                        SNOW, ICE PELLETS, HAIL    4 = ICE PELLETS
                        TOTAL MONTH:  M            5 = HAIL
                        GRTST 24HR    M  ON   M    6 = FREEZING RAIN OR DRIZZLE
                        GRTST DEPTH:  M  ON   M    7 = DUSTSTORM OR SANDSTORM:
                                                       VSBY 1/2 MILE OR LESS
                                                   8 = SMOKE OR HAZE
[NO. OF DAYS WITH]      [WEATHER - DAYS WITH]      9 = BLOWING SNOW
                                                   X = TORNADO
MAX 32 OR BELOW:   0    0.01 INCH OR MORE:   7
MAX 90 OR ABOVE:   0    0.10 INCH OR MORE:   5
MIN 32 OR BELOW:   4    0.50 INCH OR MORE:   3
MIN  0 OR BELOW:   0    1.00 INCH OR MORE:   2

[HDD (BASE 65) ]
TOTAL THIS MO.   335    CLEAR  (SCALE 0-3)  18
DPTR FM NORMAL  -142    PTCLDY (SCALE 4-7)   8
TOTAL FM JUL 1   495    CLOUDY (SCALE 8-10)  3
DPTR FM NORMAL  -268

[CDD (BASE 65) ]
TOTAL THIS MO.     8
DPTR FM NORMAL     8    [PRESSURE DATA]
TOTAL FM JAN 1  1597    HIGHEST SLP M ON M
DPTR FM NORMAL   403    LOWEST  SLP 29.74 ON  1

[REMARKS]
