000
CXUS55 KGGW 300910
CF6GGW
PRELIMINARY LOCAL CLIMATOLOGICAL DATA (WS FORM: F-6)

                                          STATION:   GLASGOW MT
                                          MONTH:     NOVEMBER
                                          YEAR:      2020
                                          LATITUDE:   48 13 N
                                          LONGITUDE: 106 37 W

  TEMPERATURE IN F:       :PCPN:    SNOW:  WIND      :SUNSHINE: SKY     :PK WND
================================================================================
1   2   3   4   5  6A  6B    7    8   9   10  11  12  13   14  15   16   17  18
                                     12Z  AVG MX 2MIN
DY MAX MIN AVG DEP HDD CDD  WTR  SNW DPTH SPD SPD DIR MIN PSBL S-S WX    SPD DR
================================================================================

 1  60  28  44   7  21   0 0.00  0.0    0  6.5 18 270   M    M   2        22 270
 2  74  30  52  15  13   0 0.00  0.0    0  5.3 13 260   M    M   0        16 250
 3  76  34  55  19  10   0 0.00  0.0    0  6.2 18 250   M    M   0        25 250
 4  72  43  58  22   7   0 0.00  0.0    0 10.6 32 300   M    M   0        45 300
 5  74  42  58  23   7   0 0.00  0.0    0 10.1 21 220   M    M   0        29 210
 6  60  36  48  14  17   0 0.00  0.0    0 10.9 20  50   M    M   0        27  40
 7  36  32  34   0  31   0    T  0.0    0 14.0 22 100   M    M   9 12     27  90
 8  34  19  27  -7  38   0 0.69  6.2    0 17.0 28 310   M    M  10 12     35 300
 9  21   3  12 -21  53   0 0.07  1.2    6 12.2 29 300   M    M   6 1      39 310
10  32   2  17 -15  48   0    T    T    6  5.0 15 280   M    M   8 128    20 280
11  33  10  22 -10  43   0 0.05  0.8    6 17.3 30 320   M    M  10 18     39 310
12  21   1  11 -20  54   0    T    T    6  6.8 13 130   M    M   2 12     15 130
13  42  11  27  -4  38   0 0.00  0.0    5 11.7 17 130   M    M   3 18     22 130
14  39  26  33   3  32   0 0.00  0.0    4 16.3 28 290   M    M   4        40 290
15  40   7  24  -6  41   0 0.00  0.0    4  8.8 24 280   M    M   1 1      34 290
16  38  22  30   1  35   0 0.00  0.0    4  8.1 21 300   M    M   1        28 300
17  39  27  33   5  32   0 0.00  0.0    3 16.7 24 110   M    M   3        29 110
18  42  27  35   7  30   0 0.00  0.0    3  5.2 13 360   M    M   4        14 360
19  32  12  22  -5  43   0 0.01  0.0    2  8.4 21 320   M    M   4 1      26 310
20  31   7  19  -8  46   0 0.00  0.0    1  3.9  9 110   M    M   2        10 110
21  41  20  31   5  34   0 0.00  0.0    1  7.9 16 290   M    M   2        24 290
22  37  15  26   0  39   0 0.00  0.0    1  9.1 17 100   M    M   0        20  90
23  31  17  24  -1  41   0 0.00  0.0    1 10.6 18 110   M    M   0        22 300
24  31  17  24  -1  41   0 0.00  0.0    1  7.7 20 320   M    M   5 128    24 320
25  41  24  33   9  32   0 0.00  0.0    1  8.2 23 300   M    M   4        31 290
26  35  24  30   6  35   0    T    T    1  9.5 20 300   M    M   5         M   M
27  46  21  34  11  31   0 0.00  0.0    T  5.5 14 250   M    M   0        18 240
28  47  19  33  10  32   0 0.00  0.0    T 13.8 29 330   M    M   1        38 320
29  40  12  26   4  39   0 0.00  0.0    T  7.2 14 140   M    M   0 18     17 140
================================================================================
SM 1245  588       963   0  0.82  8.2    280.5          M       86
================================================================================
AV 42.9 20.3                               9.7 FASTST   M    M   3    MAX(MPH)
                                 MISC ---->    32 300                 45 300
================================================================================
NOTES:
# LAST OF SEVERAL OCCURRENCES

COLUMN 17 PEAK WIND IN M.P.H.

PRELIMINARY LOCAL CLIMATOLOGICAL DATA (WS FORM: F-6) , PAGE 2

                                          STATION:   GLASGOW MT
                                          MONTH:     NOVEMBER
                                          YEAR:      2020
                                          LATITUDE:   48 13 N
                                          LONGITUDE: 106 37 W

[TEMPERATURE DATA]      [PRECIPITATION DATA]       SYMBOLS USED IN COLUMN 16

AVERAGE MONTHLY: 31.6   TOTAL FOR MONTH:   0.82    1 = FOG OR MIST
DPTR FM NORMAL:   2.0   DPTR FM NORMAL:    0.43    2 = FOG REDUCING VISIBILITY
HIGHEST:    76 ON  3    GRTST 24HR  0.69 ON  8- 8      TO 1/4 MILE OR LESS
LOWEST:      1 ON 12                               3 = THUNDER
                        SNOW, ICE PELLETS, HAIL    4 = ICE PELLETS
                        TOTAL MONTH:   8.2 INCHES  5 = HAIL
                        GRTST 24HR   6.2 ON  8- 8  6 = FREEZING RAIN OR DRIZZLE
                        GRTST DEPTH:   6 ON 12,11  7 = DUSTSTORM OR SANDSTORM:
                                                       VSBY 1/2 MILE OR LESS
                                                   8 = SMOKE OR HAZE
[NO. OF DAYS WITH]      [WEATHER - DAYS WITH]      9 = BLOWING SNOW
                                                   X = TORNADO
MAX 32 OR BELOW:   7    0.01 INCH OR MORE:   4
MAX 90 OR ABOVE:   0    0.10 INCH OR MORE:   1
MIN 32 OR BELOW:  25    0.50 INCH OR MORE:   1
MIN  0 OR BELOW:   0    1.00 INCH OR MORE:   0

[HDD (BASE 65) ]
TOTAL THIS MO.   963    CLEAR  (SCALE 0-3)  18
DPTR FM NORMAL   -63    PTCLDY (SCALE 4-7)   8
TOTAL FM JUL 1  1932    CLOUDY (SCALE 8-10)  3
DPTR FM NORMAL   -18

[CDD (BASE 65) ]
TOTAL THIS MO.     0
DPTR FM NORMAL     0    [PRESSURE DATA]
TOTAL FM JAN 1   627    HIGHEST SLP M ON M
DPTR FM NORMAL    94    LOWEST  SLP 29.29 ON 13

[REMARKS]
