000
CXUS54 KFWD 300830
CF6GLE
PRELIMINARY LOCAL CLIMATOLOGICAL DATA (WS FORM: F-6)

                                          STATION:   GAINESVILLE
                                          MONTH:     NOVEMBER
                                          YEAR:      2020
                                          LATITUDE:   33 39 N
                                          LONGITUDE:  97 12 W

  TEMPERATURE IN F:       :PCPN:    SNOW:  WIND      :SUNSHINE: SKY     :PK WND
================================================================================
1   2   3   4   5  6A  6B    7    8   9   10  11  12  13   14  15   16   17  18
                                     12Z  AVG MX 2MIN
DY MAX MIN AVG DEP HDD CDD  WTR  SNW DPTH SPD SPD DIR MIN PSBL S-S WX    SPD DR
================================================================================

 1  70  43  57  -2   8   0 0.00    M    M  5.4 13  40   M    M   0        20  40
 2  69  34  52  -7  13   0 0.00    M    M  4.1 10 190   M    M   0        17 190
 3  77  40  59   1   6   0 0.00    M    M  6.1 15 160   M    M   0        20 160
 4  75  47  61   3   4   0 0.00    M    M  8.8 17 160   M    M   0        24 170
 5  76  55  66   8   0   1 0.00    M    M  8.2 15 180   M    M   2        21 180
 6  75  56  66   9   0   1 0.00    M    M  7.6 14 150   M    M   4        20 180
 7  74  51  63   6   2   0 0.00    M    M  6.2 15 140   M    M   0        16 170
 8  71  55  63   7   2   0 0.00    M    M 10.4 21 160   M    M   5 1      25 170
 9  78  60  69  13   0   4 0.00    M    M 11.8 23 170   M    M   5 1      28 180
10  67  45  56   0   9   0 0.00    M    M  9.6 16 320   M    M   3        21 310
11  71  36  54  -1  11   0 0.00    M    M  1.8  6  50   M    M   0         M   M
12  78  50  64   9   1   0 0.00  0.0    0  8.4 17 360   M    M   4        27 360
13  66  49  58   4   7   0 0.00  0.0    0  6.2 12  40   M    M   6 8      17  10
14  82  54  68  14   0   3 0.00  0.0    0 13.9 27 360   M    M   7 1      37 360
15  64  37  51  -3  14   0 0.00  0.0    0  8.1 27 350   M    M   0        32 350
16  69  32  51  -2  14   0 0.00  0.0    0  2.5  9 170   M    M   0         M   M
17  72  36  54   1  11   0 0.00  0.0    0  4.3 15 150   M    M   0        20 150
18  73  44  59   7   6   0 0.00  0.0    0 10.4 20 170   M    M   0        25 180
19  75  49  62  10   3   0 0.00    M    M 13.0 22 180   M    M   2        30 170
20  74  56  65  13   0   0 0.00    M    M 10.2 23 190   M    M   2        28 190
21  74  56  65  14   0   0 0.00    M    M  4.7 13 210   M    M  10 1      17 220
22  56  38  47  -4  18   0 0.02    M    M  8.3 17 360   M    M   7 1      24 360
23  60  37  49  -1  16   0 0.00    M    M  7.2 13 160   M    M   7        16 150
24  67  49  58   8   7   0 0.36    M    M 12.9 18 170   M    M   8 1      30 290
25  62  38  50   0  15   0 0.00    M    M  7.8 20 300   M    M   0 8      29 300
26  70  37  54   5  11   0 0.00    M    M  7.7 16 160   M    M   0 8      21 160
27  64  45  55   6  10   0 0.00    M    M  9.2 15  40   M    M   2        21  40
28  59  39  49   1  16   0 0.47    M    M  7.0 15  50   M    M   5 8      23  80
29  53  39  46  -2  19   0    T    M    M 11.9 24 330   M    M   7 1      31 330
================================================================================
SM 2021 1307       223   9  0.85  0.0    233.7          M       86
================================================================================
AV 69.7 45.1                               8.1 FASTST   M    M   3    MAX(MPH)
                                 MISC ---->  # 27 360                 37 360
================================================================================
NOTES:
# LAST OF SEVERAL OCCURRENCES

COLUMN 17 PEAK WIND IN M.P.H.

PRELIMINARY LOCAL CLIMATOLOGICAL DATA (WS FORM: F-6) , PAGE 2

                                          STATION:   GAINESVILLE
                                          MONTH:     NOVEMBER
                                          YEAR:      2020
                                          LATITUDE:   33 39 N
                                          LONGITUDE:  97 12 W

[TEMPERATURE DATA]      [PRECIPITATION DATA]       SYMBOLS USED IN COLUMN 16

AVERAGE MONTHLY: 57.4   TOTAL FOR MONTH:   0.85    1 = FOG OR MIST
DPTR FM NORMAL:   3.8   DPTR FM NORMAL:   -2.03    2 = FOG REDUCING VISIBILITY
HIGHEST:    82 ON 14    GRTST 24HR  0.47 ON 28-28      TO 1/4 MILE OR LESS
LOWEST:     32 ON 16                               3 = THUNDER
                        SNOW, ICE PELLETS, HAIL    4 = ICE PELLETS
                        TOTAL MONTH:   0.0 INCH    5 = HAIL
                        GRTST 24HR  0.0            6 = FREEZING RAIN OR DRIZZLE
                        GRTST DEPTH:  0            7 = DUSTSTORM OR SANDSTORM:
                                                       VSBY 1/2 MILE OR LESS
                                                   8 = SMOKE OR HAZE
[NO. OF DAYS WITH]      [WEATHER - DAYS WITH]      9 = BLOWING SNOW
                                                   X = TORNADO
MAX 32 OR BELOW:   0    0.01 INCH OR MORE:   3
MAX 90 OR ABOVE:   0    0.10 INCH OR MORE:   2
MIN 32 OR BELOW:   1    0.50 INCH OR MORE:   0
MIN  0 OR BELOW:   0    1.00 INCH OR MORE:   0

[HDD (BASE 65) ]
TOTAL THIS MO.   223    CLEAR  (SCALE 0-3)  16
DPTR FM NORMAL  -121    PTCLDY (SCALE 4-7)  11
TOTAL FM JUL 1   429    CLOUDY (SCALE 8-10)  2
DPTR FM NORMAL   -29

[CDD (BASE 65) ]
TOTAL THIS MO.     9
DPTR FM NORMAL    -2    [PRESSURE DATA]
TOTAL FM JAN 1  2097    HIGHEST SLP M ON M
DPTR FM NORMAL  -114    LOWEST  SLP M ON M

[REMARKS]
