000
CXUS53 KAPX 300830
CF6GLR
PRELIMINARY LOCAL CLIMATOLOGICAL DATA (WS FORM: F-6)

                                          STATION:   GAYLORD
                                          MONTH:     NOVEMBER
                                          YEAR:      2020
                                          LATITUDE:   45  0 N
                                          LONGITUDE:  84 42 W

  TEMPERATURE IN F:       :PCPN:    SNOW:  WIND      :SUNSHINE: SKY     :PK WND
================================================================================
1   2   3   4   5  6A  6B    7    8   9   10  11  12  13   14  15   16   17  18
                                     12Z  AVG MX 2MIN
DY MAX MIN AVG DEP HDD CDD  WTR  SNW DPTH SPD SPD DIR MIN PSBL S-S WX    SPD DR
================================================================================

 1  45  28  37  -2  28   0 0.44    M    M 12.2 23 240   M    M  10 12     47 330
 2  42  22  32  -7  33   0 0.00    M    M 13.0 29 240   M    M   4        42 250
 3  57  27  42   4  23   0 0.00    M    M  7.1 17 210   M    M   0        23 230
 4  71  48  60  22   5   0 0.00    M    M 13.1 26 220   M    M   0        38 220
 5  62  39  51  13  14   0 0.00    M    M  7.5 17 250   M    M   0        27 260
 6  71  36  54  17  11   0 0.00    M    M 10.9 25 250   M    M   0 1      34 250
 7  71  54  63  26   2   0 0.00    M    M 14.3 25 230   M    M   0        37 250
 8  71  46  59  23   6   0 0.00    M    M  9.2 20 210   M    M   2        28 200
 9  74  57  66  30   0   1    T    M    M 12.1 24 210   M    M   2        35 210
10  68  52  60  24   5   0 0.39    M    M 13.1 31 240   M    M   8 1      45 230
11  58  29  44   9  21   0 0.00    M    M 16.9 37 250   M    M   8        50 270
12  50  29  40   5  25   0 0.00    M    M  8.0 15 230   M    M   1        20 230
13  41  29  35   1  30   0 0.03    M    M  9.5 20 240   M    M   9 1      27 250
14  42  22  32  -2  33   0 0.00    M    M 12.2 28 170   M    M   4        42 180
15  50  34  42   8  23   0 0.46    M    M 18.7 33 250   M    M  10 16     49 260
16  35  29  32  -1  33   0 0.02    M    M 10.6 22 270   M    M  10 1      39 250
17  31  24  28  -5  37   0 0.04    M    M  6.9 17 300   M    M  10 1      29 300
18  40  17  29  -3  36   0 0.00    M    M  8.8 25 190   M    M   3 18     35 180
19  57  39  48  16  17   0 0.00    M    M 13.1 23 210   M    M   0        34 210
20  51  36  44  13  21   0    T    M    M  9.9 22 280   M    M   5        34 270
21  38  24  31   0  34   0 0.00    M    M  3.0 12 250   M    M   6        16 260
22  39  25  32   1  33   0 0.00    M    M  4.4 12 140   M    M   3        17 140
23  36  27  32   2  33   0 0.04    M    M  6.3 15 300   M    M  10 1      26 280
24  33  23  28  -2  37   0 0.09    M    M  7.7 15 170   M    M  10 18     21 160
25  38  33  36   7  29   0 0.12    M    M  4.6 13  50   M    M  10 18     17  50
26  42  37  40  11  25   0    T    M    M  7.0 16 250   M    M  10 12     28 260
27  39  31  35   6  30   0    T    M    M  8.0 17 250   M    M  10 18     25 250
28  49  29  39  11  26   0 0.00    M    M 11.9 24 240   M    M   2        33 250
29  50  33  42  14  23   0 0.00    M    M  9.8 15 240   M    M   3        27 300
================================================================================
SM 1451  959       673   1  1.63    M    289.8          M      150
================================================================================
AV 50.0 33.1                              10.0 FASTST   M    M   5    MAX(MPH)
                                 MISC ---->    37 250                 50 270
================================================================================
NOTES:
# LAST OF SEVERAL OCCURRENCES

COLUMN 17 PEAK WIND IN M.P.H.

PRELIMINARY LOCAL CLIMATOLOGICAL DATA (WS FORM: F-6) , PAGE 2

                                          STATION:   GAYLORD
                                          MONTH:     NOVEMBER
                                          YEAR:      2020
                                          LATITUDE:   45  0 N
                                          LONGITUDE:  84 42 W

[TEMPERATURE DATA]      [PRECIPITATION DATA]       SYMBOLS USED IN COLUMN 16

AVERAGE MONTHLY: 41.6   TOTAL FOR MONTH:   1.63    1 = FOG OR MIST
DPTR FM NORMAL:   8.0   DPTR FM NORMAL:   -0.81    2 = FOG REDUCING VISIBILITY
HIGHEST:    74 ON  9    GRTST 24HR  0.48 ON 15-16      TO 1/4 MILE OR LESS
LOWEST:     17 ON 18                               3 = THUNDER
                        SNOW, ICE PELLETS, HAIL    4 = ICE PELLETS
                        TOTAL MONTH:  M            5 = HAIL
                        GRTST 24HR    M  ON   M    6 = FREEZING RAIN OR DRIZZLE
                        GRTST DEPTH:  M  ON   M    7 = DUSTSTORM OR SANDSTORM:
                                                       VSBY 1/2 MILE OR LESS
                                                   8 = SMOKE OR HAZE
[NO. OF DAYS WITH]      [WEATHER - DAYS WITH]      9 = BLOWING SNOW
                                                   X = TORNADO
MAX 32 OR BELOW:   1    0.01 INCH OR MORE:   9
MAX 90 OR ABOVE:   0    0.10 INCH OR MORE:   4
MIN 32 OR BELOW:  16    0.50 INCH OR MORE:   0
MIN  0 OR BELOW:   0    1.00 INCH OR MORE:   0

[HDD (BASE 65) ]
TOTAL THIS MO.   673    CLEAR  (SCALE 0-3)  13
DPTR FM NORMAL  -239    PTCLDY (SCALE 4-7)   6
TOTAL FM JUL 1  1748    CLOUDY (SCALE 8-10) 10
DPTR FM NORMAL  -188

[CDD (BASE 65) ]
TOTAL THIS MO.     1
DPTR FM NORMAL     1    [PRESSURE DATA]
TOTAL FM JAN 1   382    HIGHEST SLP M ON M
DPTR FM NORMAL   141    LOWEST  SLP 29.01 ON 15

[REMARKS]
