100
CXGM50 PGUM 010005
CF6GUM
PRELIMINARY LOCAL CLIMATOLOGICAL DATA (WS FORM: F-6)

                                          STATION:   GUAM INTERNATIONAL AIRPORT
                                          MONTH:     NOVEMBER
                                          YEAR:      2020
                                          LATITUDE:   13 29 N
                                          LONGITUDE: 144-48 E

  TEMPERATURE IN F:       :PCPN:    SNOW:  WIND      :SUNSHINE: SKY     :PK WND
================================================================================
1   2   3   4   5  6A  6B    7    8   9   10  11  12  13   14  15   16   17  18
                                     12Z  AVG MX 2MIN
DY MAX MIN AVG DEP HDD CDD  WTR  SNW DPTH SPD SPD DIR MIN PSBL S-S WX    SPD DR
================================================================================

 1  87  78  83   1   0  18 0.02  0.0    0  7.9 16  80   M    M   3 8      21 120
 2  89  79  84   2   0  19 0.17  0.0    0 10.0 20  70   M    M   3 18     23  80
 3  88  80  84   2   0  19 0.01  0.0    0 11.1 22  80   M    M   2 38     28  80
 4  89  77  83   1   0  18 0.12  0.0    0 13.1 23  70   M    M   2 1      27  60
 5  87  77  82   0   0  17 0.61  0.0    0 14.0 30  90   M    M   4 18     38  90
 6  88  78  83   1   0  18 0.15  0.0    0 15.1 26  80   M    M   3 18     37  80
 7  87  78  83   1   0  18 0.41  0.0    0 11.3 25  90   M    M   3 138    32 100
 8  88  75  82   0   0  17 0.09  0.0    0 11.4 23  90   M    M   2 1      32  90
 9  88  79  84   2   0  19 0.06  0.0    0  9.8 18  70   M    M   2 1      23  70
10  88  80  84   2   0  19 0.02  0.0    0 10.0 20  80   M    M   3        26  80
11  85  77  81  -1   0  16 0.77  0.0    0 10.2 23  80   M    M   4 138    28  70
12  88  77  83   1   0  18 0.18  0.0    0 11.9 24  60   M    M   3 18     29  50
13  88  78  83   1   0  18 0.29  0.0    0  7.7 16  70   M    M   2 1      21  60
14  88  80  84   2   0  19 0.04  0.0    0  9.8 18  80   M    M   2 1      23  70
15  86  77  82   0   0  17 0.57  0.0    0  7.6 20  90   M    M   4        28  80
16  88  78  83   1   0  18 0.00  0.0    0  9.3 16  70   M    M   1        21  80
17  86  77  82   0   0  17 0.38  0.0    0  8.8 21  80   M    M   4 1      24  80
18  86  77  82   0   0  17 0.37  0.0    0  8.7 16 100   M    M   3        21 100
19  86  78  82   0   0  17    T  0.0    0  7.7 16  80   M    M   1        22  80
20  88  73  81  -1   0  16 0.01  0.0    0  6.1 15 340   M    M   1 1      18 360
21  89  77  83   1   0  18 0.03  0.0    0  8.5 18  50   M    M   3 8      22  30
22  88  78  83   1   0  18 0.02  0.0    0  9.2 17 360   M    M   4 18     20 360
23  85  74  80  -2   0  15 1.08  0.0    0 10.6 45  50   M    M   6 3      56  50
24  87  75  81  -1   0  16 1.16  0.0    0  9.2 22 130   M    M   4 3      32 130
25  87  75  81  -1   0  16 0.96  0.0    0 13.8 26 100   M    M   4 3      41  90
26  87  79  83   1   0  18 0.09  0.0    0 11.5 24  80   M    M   4        32  80
27  88  75  82   0   0  17 0.63  0.0    0 13.7 29  50   M    M   3 18     38  50
28  84  74  79  -3   0  14 1.27  0.0    0  7.7 20 110   M    M   7 18     29 110
29  87  77  82   0   0  17 0.44  0.0    0 12.9 24  80   M    M   5        31  80
30  86  75  81  -1   0  16 0.38  0.0    0 14.9 28 100   M    M   4 18     42  90
================================================================================
SM 2616 2312         0 520 10.33     0.0 313.5          M       96
================================================================================
AV 87.2 77.1                              10.5 FASTST   M    M   3    MAX(MPH)
                                 MISC ---->  # 45  50               # 56   50
================================================================================
NOTES:
# LAST OF SEVERAL OCCURRENCES

COLUMN 17 PEAK WIND IN M.P.H.

PRELIMINARY LOCAL CLIMATOLOGICAL DATA (WS FORM: F-6) , PAGE 2

                                          STATION:  GUAM INTERNATIONAL AIRPORT
                                          MONTH:    NOVEMBER
                                          YEAR:     2020
                                          LATITUDE:   13 29 N
                                          LONGITUDE: 144-48 E

[TEMPERATURE DATA]      [PRECIPITATION DATA]       SYMBOLS USED IN COLUMN 16

AVERAGE MONTHLY: 82.1   TOTAL FOR MONTH:  10.33    1 = FOG OR MIST
DPTR FM NORMAL:   0.3   DPTR FM NORMAL:    1.16    2 = FOG REDUCING VISIBILITY
HIGHEST:    89 ON 21, 4 GRTST 24HR  1.27 ON 28-28      TO 1/4 MILE OR LESS
LOWEST:     73 ON 20                               3 = THUNDER
                        SNOW, ICE PELLETS, HAIL    4 = ICE PELLETS
                        TOTAL MONTH:   0.0 INCH    5 = HAIL
                        GRTST 24HR     0.0         6 = FREEZING RAIN OR DRIZZLE
                        GRTST DEPTH:   0           7 = DUSTSTORM OR SANDSTORM:
                                                       VSBY 1/2 MILE OR LESS
                                                   8 = SMOKE OR HAZE
[NO. OF DAYS WITH]      [WEATHER - DAYS WITH]      9 = BLOWING SNOW
                                                   X = TORNADO
MAX 32 OR BELOW:   0    0.01 INCH OR MORE:  28
MAX 90 OR ABOVE:   0    0.10 INCH OR MORE:  18
MIN 32 OR BELOW:   0    0.50 INCH OR MORE:   8
MIN  0 OR BELOW:   0    1.00 INCH OR MORE:   3

[HDD (BASE 65) ]
TOTAL THIS MO.     0    CLEAR  (SCALE 0-3)  16
DPTR FM NORMAL     0    PTCLDY (SCALE 4-7)  14
TOTAL FM JUL 1     0    CLOUDY (SCALE 8-10)  0
DPTR FM NORMAL     0

[CDD (BASE 65) ]
TOTAL THIS MO.   520
DPTR FM NORMAL    15    [PRESSURE DATA]
TOTAL FM JAN 1  5953    HIGHEST SLP 29.94 ON  1
DPTR FM NORMAL   452    LOWEST  SLP 29.80 ON  1

[REMARKS]
#FINAL-11-20#
