000
CXUS54 KFWD 300831
CF6GYI
PRELIMINARY LOCAL CLIMATOLOGICAL DATA (WS FORM: F-6)

                                          STATION:   SHERMAN/DENISON
                                          MONTH:     NOVEMBER
                                          YEAR:      2020
                                          LATITUDE:   33 42 N
                                          LONGITUDE:  96 40 W

  TEMPERATURE IN F:       :PCPN:    SNOW:  WIND      :SUNSHINE: SKY     :PK WND
================================================================================
1   2   3   4   5  6A  6B    7    8   9   10  11  12  13   14  15   16   17  18
                                     12Z  AVG MX 2MIN
DY MAX MIN AVG DEP HDD CDD  WTR  SNW DPTH SPD SPD DIR MIN PSBL S-S WX    SPD DR
================================================================================

 1  70  43  57  -2   8   0 0.00    M    M  5.8 13 360   M    M   0 8      21 350
 2  69  35  52  -7  13   0 0.00    M    M  5.5 10 160   M    M   0         M   M
 3  77  47  62   3   3   0 0.00    M    M  9.5 15 170   M    M   0        20 170
 4  75  49  62   4   3   0 0.00    M    M 11.9 18 150   M    M   0        23 170
 5  76  58  67   9   0   2 0.00    M    M 10.5 20 180   M    M   3        24 180
 6  76  56  66   9   0   1 0.00    M    M  7.6 14 160   M    M   3         M   M
 7  77  51  64   7   1   0 0.00    M    M  7.5 12 120   M    M   0        17 140
 8  76  61  69  12   0   4 0.00    M    M 10.5 16 120   M    M   4        21 150
 9  80  63  72  16   0   7 0.00    M    M 13.8 22 160   M    M   7        28 160
10  73  46  60   4   5   0 0.00    M    M 10.0 17 150   M    M   3        24 140
11  74  39  57   2   8   0 0.00    M    M  4.8  8  40   M    M   0         M   M
12  78  52  65  10   0   0 0.00  0.0    0 10.3 16 200   M    M   4        22  10
13  70  50  60   6   5   0 0.00  0.0    0  7.0 12  40   M    M   5        18  20
14  82  58  70  16   0   5 0.00  0.0    0 17.5 31 180   M    M   5        40 260
15  65  40  53  -1  12   0 0.00  0.0    0  9.5 22 340   M    M   0        35 340
16  71  37  54   1  11   0 0.00  0.0    0  4.1  9 150   M    M   0         M   M
17  74  38  56   3   9   0 0.00  0.0    0  4.1 10 140   M    M   0 8      16 140
18  74  50  62  10   3   0 0.00  0.0    0 13.1 17 150   M    M   0        23 150
19  75  52  64  12   1   0 0.00    M    M 14.2 21 160   M    M   2        27 170
20  75  59  67  16   0   2 0.00    M    M 11.5 20 170   M    M   1        23 180
21  76  63  70  19   0   5 0.00    M    M  9.5 16 180   M    M   9 1      18 150
22  65  41  53   2  12   0 0.00    M    M  9.7 16 360   M    M   8        22 350
23  61  39  50   0  15   0 0.00    M    M  7.0 15 130   M    M   4         M   M
24  68  51  60  10   5   0    M    M    M 14.0 22 160   M    M   8 13     28 160
25  62  40  51   2  14   0 0.00    M    M  8.5 17 280   M    M   0        25 290
26  70  44  57   8   8   0 0.00    M    M 10.6 15 150   M    M   0        23 150
27  63  47  55   7  10   0 0.00    M    M  8.7 17 350   M    M   3        21 350
28  60  39  50   2  15   0 0.01    M    M  7.7 20  70   M    M   3        25  70
29  55  41  48   0  17   0    T    M    M 10.0 22 350   M    M   7 1      31 350
================================================================================
SM 2067 1389       178  26  0.01  0.0    274.5          M       79
================================================================================
AV 71.3 47.9                               9.5 FASTST   M    M   3    MAX(MPH)
                                 MISC ---->    31 180                 40 260
================================================================================
NOTES:
# LAST OF SEVERAL OCCURRENCES

COLUMN 17 PEAK WIND IN M.P.H.

PRELIMINARY LOCAL CLIMATOLOGICAL DATA (WS FORM: F-6) , PAGE 2

                                          STATION:   SHERMAN/DENISON
                                          MONTH:     NOVEMBER
                                          YEAR:      2020
                                          LATITUDE:   33 42 N
                                          LONGITUDE:  96 40 W

[TEMPERATURE DATA]      [PRECIPITATION DATA]       SYMBOLS USED IN COLUMN 16

AVERAGE MONTHLY: 59.6   TOTAL FOR MONTH:   0.01    1 = FOG OR MIST
DPTR FM NORMAL:   6.0   DPTR FM NORMAL:   -3.58    2 = FOG REDUCING VISIBILITY
HIGHEST:    82 ON 14    GRTST 24HR  0.01 ON 28-28      TO 1/4 MILE OR LESS
LOWEST:     35 ON  2                               3 = THUNDER
                        SNOW, ICE PELLETS, HAIL    4 = ICE PELLETS
                        TOTAL MONTH:   0.0 INCH    5 = HAIL
                        GRTST 24HR  0.0            6 = FREEZING RAIN OR DRIZZLE
                        GRTST DEPTH:  0            7 = DUSTSTORM OR SANDSTORM:
                                                       VSBY 1/2 MILE OR LESS
                                                   8 = SMOKE OR HAZE
[NO. OF DAYS WITH]      [WEATHER - DAYS WITH]      9 = BLOWING SNOW
                                                   X = TORNADO
MAX 32 OR BELOW:   0    0.01 INCH OR MORE:   1
MAX 90 OR ABOVE:   0    0.10 INCH OR MORE:   0
MIN 32 OR BELOW:   0    0.50 INCH OR MORE:   0
MIN  0 OR BELOW:   0    1.00 INCH OR MORE:   0

[HDD (BASE 65) ]
TOTAL THIS MO.   178    CLEAR  (SCALE 0-3)  17
DPTR FM NORMAL  -164    PTCLDY (SCALE 4-7)  11
TOTAL FM JUL 1   344    CLOUDY (SCALE 8-10)  1
DPTR FM NORMAL  -117

[CDD (BASE 65) ]
TOTAL THIS MO.    26
DPTR FM NORMAL    16    [PRESSURE DATA]
TOTAL FM JAN 1  2363    HIGHEST SLP M ON M
DPTR FM NORMAL   201    LOWEST  SLP M ON M

[REMARKS]
