000
CXUS54 KJAN 301414
CF6HBG
PRELIMINARY LOCAL CLIMATOLOGICAL DATA (WS FORM: F-6)

                                          STATION:   HATTIESBURG
                                          MONTH:     NOVEMBER
                                          YEAR:      2020
                                          LATITUDE:   31 16 N
                                          LONGITUDE:  89 15 W

  TEMPERATURE IN F:       :PCPN:    SNOW:  WIND      :SUNSHINE: SKY     :PK WND
================================================================================
1   2   3   4   5  6A  6B    7    8   9   10  11  12  13   14  15   16   17  18
                                     12Z  AVG MX 2MIN
DY MAX MIN AVG DEP HDD CDD  WTR  SNW DPTH SPD SPD DIR MIN PSBL S-S WX    SPD DR
================================================================================

 1  74  47  61  -1   4   0 0.00  0.0    0  5.8 16 340   M    M   0 1      25 340
 2  64  39  52 -10  13   0 0.00  0.0    0  4.7 14  20   M    M   0        21  10
 3  71  35  53  -8  12   0 0.00  0.0    0  0.9  7  40   M    M   0        12  10
 4  73  39  56  -5   9   0 0.00  0.0    0  1.4  9 110   M    M   0        13 120
 5  76  43  60  -1   5   0 0.00  0.0    0  1.6 10  80   M    M   0        15  50
 6  79  49  64   4   1   0 0.00  0.0    0  2.6 14 100   M    M   3 8      18  60
 7  76  61  69   9   0   4    T  0.0    0  4.1 18  70   M    M   5        24  70
 8  80  63  72  12   0   7 0.00  0.0    0  5.3 14 110   M    M   4        21 100
 9  81  61  71  11   0   6 0.00  0.0    0  2.9 14 100   M    M   6 1      20 110
10  78  66  72  13   0   7 0.02  0.0    0  2.7 10 100   M    M   9 1      15 130
11  82  71  77  18   0  12 0.01  0.0    0  4.3 10 350   M    M  10 1      15 360
12  78  52  65   6   0   0 0.00  0.0    0  4.8 13 340   M    M   4 1      18 330
13  78  47  63   5   2   0 0.00  0.0    0  2.2 12 360   M    M   0        17 360
14  81  47  64   6   1   0 0.00  0.0    0  5.0 17 140   M    M   0 1      23 140
15  76  45  61   3   4   0    T  0.0    0  4.8 22 340   M    M   4 12     30 350
16  67  36  52  -5  13   0 0.00  0.0    0  3.5 14  50   M    M   0        20  50
17  72  37  55  -2  10   0 0.00  0.0    0  3.1 15 360   M    M   0        23  20
18  69  36  53  -4  12   0 0.00  0.0    0  2.3 12  90   M    M   0        17 100
19  71  34  53  -3  12   0 0.00  0.0    0  2.7 10 120   M    M   0        17 120
20  78  42  60   4   5   0 0.00  0.0    0  1.6  8 110   M    M   0        11 120
21  77  44  61   5   4   0 0.00  0.0    0  1.4  9 110   M    M   0 1      14 130
22  78  45  62   6   3   0 0.00  0.0    0  1.7 12 350   M    M   2 1      19 340
23  65  38  52  -3  13   0 0.00  0.0    0  5.8 15  10   M    M   4        22 360
24  74  31  53  -2  12   0 0.00  0.0    0  3.4 14 160   M    M   2 12     18 130
25  76  60  68  13   0   3 0.50  0.0    0  6.1 20 190   M    M   8 123    35 190
26  74  59  67  13   0   2 0.01  0.0    0  3.0  8  20   M    M   8 12     11  10
27  73  62  68  14   0   3 0.65  0.0    0  3.5  9 350   M    M  10 123    13  70
28  63  56  60   6   5   0 0.01  0.0    0  3.8 10  10   M    M   8        16  30
29  60  49  55   1  10   0 1.57  0.0    0  6.3 22 290   M    M  10 1      31 300
================================================================================
SM 2144 1394       150  44  2.77     0.0 101.3          M       97
================================================================================
AV 73.9 48.1                               3.5 FASTST   M    M   3    MAX(MPH)
                                 MISC ---->  # 22 340               # 35  190
================================================================================
NOTES:
# LAST OF SEVERAL OCCURRENCES

COLUMN 17 PEAK WIND IN M.P.H.

PRELIMINARY LOCAL CLIMATOLOGICAL DATA (WS FORM: F-6) , PAGE 2

                                          STATION:  HATTIESBURG
                                          MONTH:    NOVEMBER
                                          YEAR:     2020
                                          LATITUDE:   31 16 N
                                          LONGITUDE:  89 15 W

[TEMPERATURE DATA]      [PRECIPITATION DATA]       SYMBOLS USED IN COLUMN 16

AVERAGE MONTHLY: 61.0   TOTAL FOR MONTH:   2.77    1 = FOG OR MIST
DPTR FM NORMAL:   3.3   DPTR FM NORMAL:   -1.31    2 = FOG REDUCING VISIBILITY
HIGHEST:    82 ON 11    GRTST 24HR  1.57 ON 29-29      TO 1/4 MILE OR LESS
LOWEST:     31 ON 24                               3 = THUNDER
                        SNOW, ICE PELLETS, HAIL    4 = ICE PELLETS
                        TOTAL MONTH:   0.0 INCH    5 = HAIL
                        GRTST 24HR     0.0         6 = FREEZING RAIN OR DRIZZLE
                        GRTST DEPTH:   0           7 = DUSTSTORM OR SANDSTORM:
                                                       VSBY 1/2 MILE OR LESS
                                                   8 = SMOKE OR HAZE
[NO. OF DAYS WITH]      [WEATHER - DAYS WITH]      9 = BLOWING SNOW
                                                   X = TORNADO
MAX 32 OR BELOW:   0    0.01 INCH OR MORE:   7
MAX 90 OR ABOVE:   0    0.10 INCH OR MORE:   3
MIN 32 OR BELOW:   1    0.50 INCH OR MORE:   3
MIN  0 OR BELOW:   0    1.00 INCH OR MORE:   1

[HDD (BASE 65) ]
TOTAL THIS MO.   150    CLEAR  (SCALE 0-3)  16
DPTR FM NORMAL   -90    PTCLDY (SCALE 4-7)   8
TOTAL FM JUL 1   194    CLOUDY (SCALE 8-10)  5
DPTR FM NORMAL  -121

[CDD (BASE 65) ]
TOTAL THIS MO.    44
DPTR FM NORMAL    11    [PRESSURE DATA]
TOTAL FM JAN 1  2560    HIGHEST SLP M ON M
DPTR FM NORMAL   165    LOWEST  SLP 29.83 ON M

[REMARKS]
