000
CXUS54 KOUN 300910
CF6HBR
PRELIMINARY LOCAL CLIMATOLOGICAL DATA (WS FORM: F-6)

                                          STATION:   HOBART
                                          MONTH:     NOVEMBER
                                          YEAR:      2020
                                          LATITUDE:   35  0 N
                                          LONGITUDE:  99  3 W

  TEMPERATURE IN F:       :PCPN:    SNOW:  WIND      :SUNSHINE: SKY     :PK WND
================================================================================
1   2   3   4   5  6A  6B    7    8   9   10  11  12  13   14  15   16   17  18
                                     12Z  AVG MX 2MIN
DY MAX MIN AVG DEP HDD CDD  WTR  SNW DPTH SPD SPD DIR MIN PSBL S-S WX    SPD DR
================================================================================

 1  68  42  55  -1  10   0 0.00    M    M  7.1 15  40   M    M   0        19  40
 2  72  38  55   0  10   0 0.00    M    M 10.3 20 210   M    M   0 18     24 210
 3  74  43  59   4   6   0 0.00    M    M 11.7 22 190   M    M   0        27 200
 4  73  49  61   7   4   0 0.00  0.0    0 13.3 23 180   M    M   0        29 180
 5  78  45  62   8   3   0 0.00    M    M  5.6 12  20   M    M   0        16 350
 6  76  46  61   7   4   0 0.00    M    M  8.0 16 160   M    M   1 12     22 170
 7  77  55  66  13   0   1 0.00    M    M 16.0 24 170   M    M   1        31 170
 8  78  58  68  15   0   3 0.00    M    M 21.2 32 190   M    M   0        45 200
 9  71  61  66  14   0   1 0.00    M    M 20.6 29 180   M    M   5 18     37 170
10  64  38  51  -1  14   0 0.00    M    M 11.3 23 310   M    M   2        29 320
11  64  33  49  -2  16   0 0.00    M    M  6.0 10 120   M    M   0        13 140
12  72  41  57   6   8   0 0.00    M    M  9.8 20  30   M    M   0        29  40
13  55  34  45  -5  20   0 0.02    M    M  8.5 17  40   M    M   5        24  40
14  84  50  67  17   0   2    T    M    M 19.4 38 260   M    M   4        48 250
15  61  34  48  -2  17   0 0.00    M    M  8.1 16 350   M    M   0        21 350
16  70  39  55   6  10   0 0.00    M    M  9.3 18 200   M    M   0        23 220
17  72  35  54   5  11   0 0.00    M    M  9.6 20 180   M    M   0        26 180
18  75  45  60  12   5   0 0.00    M    M 20.2 32 200   M    M   0        40 210
19  78  53  66  18   0   1 0.00    M    M 21.7 33 190   M    M   0        44 190
20  73  54  64  17   1   0 0.00    M    M  8.6 20 190   M    M   1        24 190
21  62  49  56   9   9   0    T    M    M  9.1 16  40   M    M   9 8      20  40
22  49  38  44  -2  21   0 0.37    M    M  9.9 20  30   M    M   9 1      26  30
23  53  38  46   0  19   0 0.00    M    M 10.4 26 160   M    M   8 1      34 160
24  72  43  58  13   7   0 0.05    M    M 19.9 35 300   M    M   7 1      44 300
25  60  39  50   5  15   0 0.00    M    M  9.3 25 320   M    M   0        34 320
26  68  39  54  10  11   0 0.00    M    M 11.6 24 190   M    M   0        30 190
27  58  37  48   4  17   0 0.00    M    M 12.6 22  40   M    M   0        29  30
28  47  35  41  -3  24   0    T    M    M  8.0 15  60   M    M   7        20  60
29  56  33  45   2  20   0 0.03    M    M 11.5 28 360   M    M   6        34  10
================================================================================
SM 1960 1244       282   8  0.47  0.0    348.6          M       65
================================================================================
AV 67.6 42.9                              12.0 FASTST   M    M   2    MAX(MPH)
                                 MISC ---->    38 260                 48 250
================================================================================
NOTES:
# LAST OF SEVERAL OCCURRENCES

COLUMN 17 PEAK WIND IN M.P.H.

PRELIMINARY LOCAL CLIMATOLOGICAL DATA (WS FORM: F-6) , PAGE 2

                                          STATION:   HOBART
                                          MONTH:     NOVEMBER
                                          YEAR:      2020
                                          LATITUDE:   35  0 N
                                          LONGITUDE:  99  3 W

[TEMPERATURE DATA]      [PRECIPITATION DATA]       SYMBOLS USED IN COLUMN 16

AVERAGE MONTHLY: 55.2   TOTAL FOR MONTH:   0.47    1 = FOG OR MIST
DPTR FM NORMAL:   5.8   DPTR FM NORMAL:   -1.00    2 = FOG REDUCING VISIBILITY
HIGHEST:    84 ON 14    GRTST 24HR  0.37 ON 21-22      TO 1/4 MILE OR LESS
LOWEST:     33 ON 29,11                             3 = THUNDER
                        SNOW, ICE PELLETS, HAIL    4 = ICE PELLETS
                        TOTAL MONTH:   0.0 INCH    5 = HAIL
                        GRTST 24HR  0.0            6 = FREEZING RAIN OR DRIZZLE
                        GRTST DEPTH:  0            7 = DUSTSTORM OR SANDSTORM:
                                                       VSBY 1/2 MILE OR LESS
                                                   8 = SMOKE OR HAZE
[NO. OF DAYS WITH]      [WEATHER - DAYS WITH]      9 = BLOWING SNOW
                                                   X = TORNADO
MAX 32 OR BELOW:   0    0.01 INCH OR MORE:   4
MAX 90 OR ABOVE:   0    0.10 INCH OR MORE:   1
MIN 32 OR BELOW:   0    0.50 INCH OR MORE:   0
MIN  0 OR BELOW:   0    1.00 INCH OR MORE:   0

[HDD (BASE 65) ]
TOTAL THIS MO.   282    CLEAR  (SCALE 0-3)  20
DPTR FM NORMAL  -172    PTCLDY (SCALE 4-7)   6
TOTAL FM JUL 1   549    CLOUDY (SCALE 8-10)  3
DPTR FM NORMAL   -91

[CDD (BASE 65) ]
TOTAL THIS MO.     8
DPTR FM NORMAL     8    [PRESSURE DATA]
TOTAL FM JAN 1  2325    HIGHEST SLP M ON M
DPTR FM NORMAL   261    LOWEST  SLP 29.54 ON 14

[REMARKS]
