000
CXUS56 KLOX 301655
CF6HHR
PRELIMINARY LOCAL CLIMATOLOGICAL DATA (WS FORM: F-6)

                                          STATION:   HAWTHORNE AIRPORT CA
                                          MONTH:     NOVEMBER
                                          YEAR:      2020
                                          LATITUDE:   33 55 N
                                          LONGITUDE: 118 20 W

  TEMPERATURE IN F:       :PCPN:    SNOW:  WIND      :SUNSHINE: SKY     :PK WND
================================================================================
1   2   3   4   5  6A  6B    7    8   9   10  11  12  13   14  15   16   17  18
                                     12Z  AVG MX 2MIN
DY MAX MIN AVG DEP HDD CDD  WTR  SNW DPTH SPD SPD DIR MIN PSBL S-S WX    SPD DR
================================================================================

 1  79  55  67   2   0   2 0.00  0.0    0  3.0  9 280   M    M   1 18     13 270
 2  71  57  64  -1   1   0 0.00  0.0    0  3.0 10 250   M    M   4 128    14 250
 3  74  57  66   1   0   1 0.00  0.0    0  2.7 15 260   M    M   4 128    18 250
 4  76  56  66   1   0   1 0.00  0.0    0  2.7 13 260   M    M   0 128    16 260
 5  90  57  74  10   0   9 0.00  0.0    0  1.4  9 270   M    M   0        12 270
 6  73  58  66   2   0   1    T  0.0    0  6.5 21 260   M    M   5 18     25 270
 7  61  50  56  -8   9   0    M  0.0    0 10.7 25 260   M    M   3 3      36 260
 8  61  49  55  -9  10   0    M    M    0 12.7 35 260   M    M   3 8      44 260
 9  62  45  54 -10  11   0 0.00    M    0  2.8 13 250   M    M   0 8      15 250
10  65  47  56  -8   9   0 0.00    M    0  3.2 14 260   M    M   0        17 260
11  66  47  57  -6   8   0 0.00    M    0  2.6 12 260   M    M   0        14 250
12  68  48  58  -5   7   0 0.00    M    0  2.2 13 260   M    M   0 18     15 260
13  66  50  58  -5   7   0 0.00  0.0    0  3.0 13 260   M    M   0 8      18 250
14  66  51  59  -4   6   0 0.00  0.0    0  3.2 14 260   M    M   0 18     16 260
15  83  50  67   5   0   2 0.00  0.0    0  2.0 12 260   M    M   0 8      14 270
16  91  58  75  13   0  10 0.00  0.0    0  2.2 12 260   M    M   0 8      14 260
17  76  54  65   3   0   0 0.00  0.0    0  2.5 10 270   M    M   0        13 260
18  65  55  60  -2   5   0 0.00  0.0    0  5.0 14 270   M    M   6 18     17 250
19  65  53  59  -3   6   0 0.00  0.0    0  2.6 13 260   M    M   3 18     16 270
20  70  51  61   0   4   0 0.00  0.0    0  2.0 13 260   M    M   0 18     14 250
21  74  51  63   2   2   0 0.00  0.0    0  1.7 10 270   M    M   0 18     13 280
22  70  50  60  -1   5   0 0.00  0.0    0  2.3  9 260   M    M   0 18     13 260
23  62  50  56  -5   9   0 0.00  0.0    0  1.8 10 260   M    M   5 128    14 260
24  68  53  61   1   4   0 0.00  0.0    0  1.8 13 260   M    M   2 18     15 260
25  64  50  57  -3   8   0 0.00  0.0    0  2.6 12 240   M    M   4 128    14 260
26  67  51  59  -1   6   0 0.00  0.0    0  1.7  9 260   M    M   2 18     13 260
27  68  44  56  -4   9   0 0.00  0.0    0  2.4 13 270   M    M   0 8      15 270
28  73  46  60   0   5   0 0.00    M    0  1.9  9 250   M    M   0 8      12 300
29  75  45  60   1   5   0 0.00  0.0    0  1.7  9 260   M    M   0 8      11 260
================================================================================
SM 2049 1488       136  26    T      0.0  93.9          M       42
================================================================================
AV 70.7 51.3                               3.2 FASTST   M    M   1    MAX(MPH)
                                 MISC ---->  # 35 260               # 44  260
================================================================================
NOTES:
# LAST OF SEVERAL OCCURRENCES

COLUMN 17 PEAK WIND IN M.P.H.

PRELIMINARY LOCAL CLIMATOLOGICAL DATA (WS FORM: F-6) , PAGE 2

                                          STATION:  HAWTHORNE AIRPORT CA
                                          MONTH:    NOVEMBER
                                          YEAR:     2020
                                          LATITUDE:   33 55 N
                                          LONGITUDE: 118 20 W

[TEMPERATURE DATA]      [PRECIPITATION DATA]       SYMBOLS USED IN COLUMN 16

AVERAGE MONTHLY: 61.0   TOTAL FOR MONTH:      T    1 = FOG OR MIST
DPTR FM NORMAL:  -1.4   DPTR FM NORMAL:   -1.11    2 = FOG REDUCING VISIBILITY
HIGHEST:    91 ON 16    GRTST 24HR    T  ON  6- 6      TO 1/4 MILE OR LESS
LOWEST:     44 ON 27                               3 = THUNDER
                        SNOW, ICE PELLETS, HAIL    4 = ICE PELLETS
                        TOTAL MONTH:   0.0 INCH    5 = HAIL
                        GRTST 24HR     0.0         6 = FREEZING RAIN OR DRIZZLE
                        GRTST DEPTH:   0           7 = DUSTSTORM OR SANDSTORM:
                                                       VSBY 1/2 MILE OR LESS
                                                   8 = SMOKE OR HAZE
[NO. OF DAYS WITH]      [WEATHER - DAYS WITH]      9 = BLOWING SNOW
                                                   X = TORNADO
MAX 32 OR BELOW:   0    0.01 INCH OR MORE:   0
MAX 90 OR ABOVE:   2    0.10 INCH OR MORE:   0
MIN 32 OR BELOW:   0    0.50 INCH OR MORE:   0
MIN  0 OR BELOW:   0    1.00 INCH OR MORE:   0

[HDD (BASE 65) ]
TOTAL THIS MO.   136    CLEAR  (SCALE 0-3)  23
DPTR FM NORMAL    31    PTCLDY (SCALE 4-7)   6
TOTAL FM JUL 1   138    CLOUDY (SCALE 8-10)  0
DPTR FM NORMAL     1

[CDD (BASE 65) ]
TOTAL THIS MO.    26
DPTR FM NORMAL    -1    [PRESSURE DATA]
TOTAL FM JAN 1  1171    HIGHEST SLP M ON M
DPTR FM NORMAL   369    LOWEST  SLP 29.58 ON  6

[REMARKS]
