000
CXUS54 KMAF 301210
CF6HOB
PRELIMINARY LOCAL CLIMATOLOGICAL DATA (WS FORM: F-6)

                                          STATION:   LEA AIRPORT, HOBBS
                                          MONTH:     NOVEMBER
                                          YEAR:      2020
                                          LATITUDE:   32 40 N
                                          LONGITUDE: 103-12 E

  TEMPERATURE IN F:       :PCPN:    SNOW:  WIND      :SUNSHINE: SKY     :PK WND
================================================================================
1   2   3   4   5  6A  6B    7    8   9   10  11  12  13   14  15   16   17  18
                                     12Z  AVG MX 2MIN
DY MAX MIN AVG DEP HDD CDD  WTR  SNW DPTH SPD SPD DIR MIN PSBL S-S WX    SPD DR
================================================================================

 1  70  46  58   M   7   0 0.00    M    M  9.0 14  60   M    M   0        16  80
 2  72  39  56   M   9   0 0.00    M    M  8.6 17 170   M    M   0        23 180
 3  77  43  60   M   5   0 0.00    M    M  9.3 16 180   M    M   0        24 200
 4  86  45  66   M   0   1 0.00    M    M  8.2 13 290   M    M   0        18 280
 5  84  48  66   M   0   1 0.00    M    M 12.1 17 360   M    M   0        22  20
 6  79  41  60   M   5   0 0.00    M    M  8.3 13 130   M    M   0         M   M
 7  77  43  60   M   5   0 0.00    M    M 14.2 22 150   M    M   0        32 150
 8  81  54  68   M   0   3 0.00    M    M 17.2 22 200   M    M   2        30 150
 9  81  52  67   M   0   2 0.00    M    M 15.3 28 240   M    M   3        35 210
10  61  39  50   M  15   0 0.00    M    M 11.2 22 320   M    M   0        31 320
11  70  32  51   M  14   0 0.00    M    M  7.6 17 210   M    M   0        24 210
12  73  39  56   M   9   0 0.00    M    M  8.2 16 270   M    M   1        26 240
13  54  41  48   M  17   0 0.00    M    M  8.3 17  80   M    M   6        23  80
14  77  37  57   M   8   0 0.00    M    M 14.5 29 230   M    M   0        40 230
15  61  30  46   M  19   0 0.00    M    M 10.0 17 330   M    M   0        24 330
16  79  36  58   M   7   0 0.00    M    M  6.0 15 300   M    M   0        22 300
17  72  32  52   M  13   0 0.00    M    M  9.5 17 150   M    M   0         M   M
18  75  39  57   M   8   0 0.00    M    M 10.9 17 170   M    M   0        23 180
19  86  46  66   M   0   1 0.00    M    M  9.4 14 190   M    M   0        22 210
20  75  48  62   M   3   0 0.00    M    M  8.6 15  10   M    M   1        18 340
21  72  43  58   M   7   0 0.00    M    M  7.9 13 140   M    M   1        18 160
22  54  43  49   M  16   0 0.02    M    M 11.2 20  50   M    M   6 12     21  40
23  63  45  54   M  11   0 0.00    M    M 12.4 20 150   M    M   7 12     29 160
24  68  36  52   M  13   0 0.00    M    M 15.5 37 250   M    M   2 12     48 250
25  63  28  46   M  19   0 0.00    M    M  9.8 17 210   M    M   0        23 210
26  72  34  53   M  12   0 0.00    M    M 11.1 21 230   M    M   0        28 230
27  54  37  46   M  19   0 0.00    M    M 13.3 21  30   M    M   5        23  30
28  55  34  45   M  20   0 0.00    M    M  8.3 14 280   M    M   5        22 280
29  54  27  41   M  24   0 0.00    M    M 14.0 25 360   M    M   0        37  10
================================================================================
SM 2045 1157       285   8  0.02    M    310.0          M       39
================================================================================
AV 70.5 39.9                              10.7 FASTST   M    M   1    MAX(MPH)
                                 MISC ---->    37 250                 48 250
================================================================================
NOTES:
# LAST OF SEVERAL OCCURRENCES

COLUMN 17 PEAK WIND IN M.P.H.

PRELIMINARY LOCAL CLIMATOLOGICAL DATA (WS FORM: F-6) , PAGE 2

                                          STATION:   LEA AIRPORT, HOBBS
                                          MONTH:     NOVEMBER
                                          YEAR:      2020
                                          LATITUDE:   32 40 N
                                          LONGITUDE: 103-12 E

[TEMPERATURE DATA]      [PRECIPITATION DATA]       SYMBOLS USED IN COLUMN 16

AVERAGE MONTHLY: 55.2   TOTAL FOR MONTH:   0.02    1 = FOG OR MIST
DPTR FM NORMAL:   0.0   DPTR FM NORMAL:    0.02    2 = FOG REDUCING VISIBILITY
HIGHEST:    86 ON 19, 4  GRTST 24HR  0.02 ON 22-22      TO 1/4 MILE OR LESS
LOWEST:     27 ON 29                               3 = THUNDER
                        SNOW, ICE PELLETS, HAIL    4 = ICE PELLETS
                        TOTAL MONTH:  M            5 = HAIL
                        GRTST 24HR    M  ON   M    6 = FREEZING RAIN OR DRIZZLE
                        GRTST DEPTH:  M  ON   M    7 = DUSTSTORM OR SANDSTORM:
                                                       VSBY 1/2 MILE OR LESS
                                                   8 = SMOKE OR HAZE
[NO. OF DAYS WITH]      [WEATHER - DAYS WITH]      9 = BLOWING SNOW
                                                   X = TORNADO
MAX 32 OR BELOW:   0    0.01 INCH OR MORE:   1
MAX 90 OR ABOVE:   0    0.10 INCH OR MORE:   0
MIN 32 OR BELOW:   5    0.50 INCH OR MORE:   0
MIN  0 OR BELOW:   0    1.00 INCH OR MORE:   0

[HDD (BASE 65) ]
TOTAL THIS MO.   285    CLEAR  (SCALE 0-3)  24
DPTR FM NORMAL     M    PTCLDY (SCALE 4-7)   5
TOTAL FM JUL 1   504    CLOUDY (SCALE 8-10)  0
DPTR FM NORMAL     M

[CDD (BASE 65) ]
TOTAL THIS MO.     8
DPTR FM NORMAL     M    [PRESSURE DATA]
TOTAL FM JAN 1  2871    HIGHEST SLP M ON M
DPTR FM NORMAL     M    LOWEST  SLP M ON M

[REMARKS]
