000
CXUS55 KSEW 300930
CF6HQM
PRELIMINARY LOCAL CLIMATOLOGICAL DATA (WS FORM: F-6)

                                          STATION:   HOQUIAM WA AIRPORT
                                          MONTH:     NOVEMBER
                                          YEAR:      2020
                                          LATITUDE:   46 58 N
                                          LONGITUDE: 123 56 W

  TEMPERATURE IN F:       :PCPN:    SNOW:  WIND      :SUNSHINE: SKY     :PK WND
================================================================================
1   2   3   4   5  6A  6B    7    8   9   10  11  12  13   14  15   16   17  18
                                     12Z  AVG MX 2MIN
DY MAX MIN AVG DEP HDD CDD  WTR  SNW DPTH SPD SPD DIR MIN PSBL S-S WX    SPD DR
================================================================================

 1  62  40  51   2  14   0 0.00  0.0    0 10.3 21 100   M    M   0        25 100
 2  54  36  45  -4  20   0 0.00  0.0    0  6.7 16 180   M    M   2 1      18 190
 3  58  50  54   6  11   0 0.49  0.0    0 16.8 29 200   M    M  10 1      37 210
 4  59  57  58  10   7   0 0.72  0.0    0 21.2 31 210   M    M  10 1      39 210
 5  58  47  53   5  12   0 0.34  0.0    0  9.8 28 250   M    M   9 1      32 240
 6  52  37  45  -3  20   0    T  0.0    0  4.2 10 100   M    M   3 1      15  50
 7  49  33  41  -7  24   0    T  0.0    0  4.8 15  70   M    M   5 1      18  80
 8  48  29  39  -8  26   0 0.00  0.0    0  4.0 10  90   M    M   1 1      12  20
 9  48  29  39  -8  26   0 0.11  0.0    0  7.3 39 200   M    M   6 1      50 200
10  50  37  44  -3  21   0 0.21  0.0    0  7.8 21 290   M    M   6 1      24 290
11  49  31  40  -7  25   0 0.03  0.0    0  6.7 12 100   M    M   4 12     13 100
12  50  38  44  -3  21   0 1.06  0.0    0 15.2 33 190   M    M  10 1      41 190
13  52  42  47   1  18   0 1.16  0.0    0 19.8 41 180   M    M   6 18     55 180
14  47  39  43  -3  22   0 0.83  0.0    0 10.6 21  80   M    M   8 1      33 330
15  52  46  49   3  16   0 0.17  0.0    0 10.7 28 270   M    M  10 1      40 260
16  56  46  51   5  14   0 1.28  0.0    0 11.4 24 170   M    M   8 1      31 180
17  57  46  52   7  13   0 1.11  0.0    0 21.1 45 160   M    M   7 1      65 190
18  48  44  46   1  19   0 0.92  0.0    0  9.7 28 240   M    M   9 18     33 240
19  51  39  45   0  20   0 0.18  0.0    0  6.2 25 250   M    M   7 1      28 250
20  51  46  49   4  16   0 1.24  0.0    0  5.6 16 170   M    M   9 1      22 320
21  51  42  47   2  18   0 0.03  0.0    0  7.8 16  90   M    M   5 12     22 100
22  43  38  41  -3  24   0 0.12  0.0    0  7.4 15 110   M    M   6 1      16 110
23  50  40  45   1  20   0 0.08  0.0    0  7.0 22 190   M    M   8 1      27 230
24  50  40  45   1  20   0 0.66  0.0    0 10.1 29 200   M    M   9 1      36 190
25  50  40  45   1  20   0 0.17  0.0    0  4.9 20 290   M    M   8 12     26 290
26  49  42  46   2  19   0 0.03  0.0    0  4.6 15 260   M    M  10 1      16 260
27  51  42  47   4  18   0 0.09  0.0    0  6.0 14 270   M    M   6 18     17 260
28  49  39  44   1  21   0 0.03  0.0    0  4.4 12  90   M    M   2 12     14  90
29  51  38  45   2  20   0 0.00  0.0    0 10.3 18 100   M    M   4        20 100
================================================================================
SM 1495 1173       545   0 11.06     0.0 272.4          M      188
================================================================================
AV 51.6 40.5                               9.4 FASTST   M    M   6    MAX(MPH)
                                 MISC ---->  # 45 160               # 65  190
================================================================================
NOTES:
# LAST OF SEVERAL OCCURRENCES

COLUMN 17 PEAK WIND IN M.P.H.

PRELIMINARY LOCAL CLIMATOLOGICAL DATA (WS FORM: F-6) , PAGE 2

                                          STATION:  HOQUIAM WA AIRPORT
                                          MONTH:    NOVEMBER
                                          YEAR:     2020
                                          LATITUDE:   46 58 N
                                          LONGITUDE: 123 56 W

[TEMPERATURE DATA]      [PRECIPITATION DATA]       SYMBOLS USED IN COLUMN 16

AVERAGE MONTHLY: 46.0   TOTAL FOR MONTH:  11.06    1 = FOG OR MIST
DPTR FM NORMAL:   0.1   DPTR FM NORMAL:    0.27    2 = FOG REDUCING VISIBILITY
HIGHEST:    62 ON  1    GRTST 24HR  1.28 ON 16-16      TO 1/4 MILE OR LESS
LOWEST:     29 ON  9, 8                            3 = THUNDER
                        SNOW, ICE PELLETS, HAIL    4 = ICE PELLETS
                        TOTAL MONTH:   0.0 INCH    5 = HAIL
                        GRTST 24HR     0.0         6 = FREEZING RAIN OR DRIZZLE
                        GRTST DEPTH:   0           7 = DUSTSTORM OR SANDSTORM:
                                                       VSBY 1/2 MILE OR LESS
                                                   8 = SMOKE OR HAZE
[NO. OF DAYS WITH]      [WEATHER - DAYS WITH]      9 = BLOWING SNOW
                                                   X = TORNADO
MAX 32 OR BELOW:   0    0.01 INCH OR MORE:  23
MAX 90 OR ABOVE:   0    0.10 INCH OR MORE:  17
MIN 32 OR BELOW:   3    0.50 INCH OR MORE:   9
MIN  0 OR BELOW:   0    1.00 INCH OR MORE:   5

[HDD (BASE 65) ]
TOTAL THIS MO.   545    CLEAR  (SCALE 0-3)   4
DPTR FM NORMAL    -9    PTCLDY (SCALE 4-7)  15
TOTAL FM JUL 1  1283    CLOUDY (SCALE 8-10) 10
DPTR FM NORMAL  -170

[CDD (BASE 65) ]
TOTAL THIS MO.     0
DPTR FM NORMAL     0    [PRESSURE DATA]
TOTAL FM JAN 1    56    HIGHEST SLP M ON M
DPTR FM NORMAL    33    LOWEST  SLP 29.13 ON 17

[REMARKS]
