000
CXUS51 KRLX 301255
CF6HTS
PRELIMINARY LOCAL CLIMATOLOGICAL DATA (WS FORM: F-6)

                                          STATION:   HUNTINGTON WV
                                          MONTH:     NOVEMBER
                                          YEAR:      2020
                                          LATITUDE:   38 22 N
                                          LONGITUDE:  82 33 W

  TEMPERATURE IN F:       :PCPN:    SNOW:  WIND      :SUNSHINE: SKY     :PK WND
================================================================================
1   2   3   4   5  6A  6B    7    8   9   10  11  12  13   14  15   16   17  18
                                     12Z  AVG MX 2MIN
DY MAX MIN AVG DEP HDD CDD  WTR  SNW DPTH SPD SPD DIR MIN PSBL S-S WX    SPD DR
================================================================================

 1  59  37  48  -4  17   0    T    T    0 13.5 23 330   M    M   3        40 330
 2  48  30  39 -13  26   0 0.00  0.0    0  7.7 12 300   M    M   1        18 270
 3  63  37  50  -1  15   0 0.00  0.0    0  4.9 12 240   M    M   0        12 240
 4  70  37  54   3  11   0 0.00  0.0    0  2.0  9 230   M    M   0        12 180
 5  68  40  54   3  11   0 0.00  0.0    0  3.3 12 190   M    M   0        16 170
 6  71  39  55   5  10   0 0.00  0.0    0  1.8  8 160   M    M   0        10 160
 7  77  38  58   8   7   0 0.00  0.0    0  1.2  6  70   M    M   0         8 230
 8  79  44  62  12   3   0 0.00  0.0    0  2.2  9  80   M    M   0        14  50
 9  79  46  63  14   2   0 0.00  0.0    0  3.6 10 180   M    M   0        14 200
10  82  52  67  18   0   2 0.00  0.0    0  5.6 13 180   M    M   0        20 160
11  74  50  62  14   3   0 1.68  0.0    0  5.2 15 330   M    M   9 1      19 180
12  50  35  43  -5  22   0 0.00  0.0    0  5.2 13  50   M    M   5 12     17  70
13  60  34  47  -1  18   0 0.00  0.0    0  3.9 12 320   M    M   4 12     16 300
14  58  32  45  -3  20   0    T  0.0    0  3.0  8  90   M    M   2 18     11 130
15  63  47  55   8  10   0 0.08  0.0    0 12.9 32 240   M    M   5 1      47 240
16  54  41  48   1  17   0 0.00  0.0    0  7.7 17 260   M    M   0        25 250
17  49  34  42  -4  23   0 0.00  0.0    0 10.0 20 310   M    M   3        28 280
18  46  27  37  -9  28   0 0.00  0.0    0  2.7  8 360   M    M   0        11 340
19  67  29  48   2  17   0 0.00  0.0    0  7.2 15 190   M    M   0        23 210
20  68  47  58  13   7   0 0.00  0.0    0  6.3 17 240   M    M   3        23 240
21  60  49  55  10  10   0 0.03  0.0    0  4.1 10  50   M    M  10 1      13  40
22  66  42  54  10  11   0 0.27  0.0    0  6.6 21 310   M    M   8 12     30 270
23  49  35  42  -2  23   0 0.00  0.0    0  5.1 13 340   M    M   7        19 300
24  50  31  41  -3  24   0 0.00  0.0    0  2.9  7  80   M    M   5 1      10 100
25  64  37  51   8  14   0 0.04  0.0    0  7.2 18 190   M    M   7        30 180
26  61  50  56  13   9   0 0.10  0.0    0  4.4 17 270   M    M   9 1      27 270
27  57  44  51   9  14   0 0.00  0.0    0  2.5 13 240   M    M   8        17 240
28  51  34  43   1  22   0 0.00  0.0    0  2.7 10 330   M    M   2        12 350
29  54  28  41  -1  24   0 0.01  0.0    0  2.0  7 360   M    M   1 1       9 150
================================================================================
SM 1797 1126       418   2  2.21    T    147.4          M       92
================================================================================
AV 62.0 38.8                               5.1 FASTST   M    M   3    MAX(MPH)
                                 MISC ---->    32 240                 47 240
================================================================================
NOTES:
# LAST OF SEVERAL OCCURRENCES

COLUMN 17 PEAK WIND IN M.P.H.

PRELIMINARY LOCAL CLIMATOLOGICAL DATA (WS FORM: F-6) , PAGE 2

                                          STATION:   HUNTINGTON WV
                                          MONTH:     NOVEMBER
                                          YEAR:      2020
                                          LATITUDE:   38 22 N
                                          LONGITUDE:  82 33 W

[TEMPERATURE DATA]      [PRECIPITATION DATA]       SYMBOLS USED IN COLUMN 16

AVERAGE MONTHLY: 50.4   TOTAL FOR MONTH:   2.21    1 = FOG OR MIST
DPTR FM NORMAL:   3.4   DPTR FM NORMAL:   -1.11    2 = FOG REDUCING VISIBILITY
HIGHEST:    82 ON 10    GRTST 24HR  1.68 ON 11-11      TO 1/4 MILE OR LESS
LOWEST:     27 ON 18                               3 = THUNDER
                        SNOW, ICE PELLETS, HAIL    4 = ICE PELLETS
                        TOTAL MONTH:  T            5 = HAIL
                        GRTST 24HR   T   ON  1- 1  6 = FREEZING RAIN OR DRIZZLE
                        GRTST DEPTH:  0            7 = DUSTSTORM OR SANDSTORM:
                                                       VSBY 1/2 MILE OR LESS
                                                   8 = SMOKE OR HAZE
[NO. OF DAYS WITH]      [WEATHER - DAYS WITH]      9 = BLOWING SNOW
                                                   X = TORNADO
MAX 32 OR BELOW:   0    0.01 INCH OR MORE:   7
MAX 90 OR ABOVE:   0    0.10 INCH OR MORE:   3
MIN 32 OR BELOW:   6    0.50 INCH OR MORE:   1
MIN  0 OR BELOW:   0    1.00 INCH OR MORE:   1

[HDD (BASE 65) ]
TOTAL THIS MO.   418    CLEAR  (SCALE 0-3)  16
DPTR FM NORMAL  -107    PTCLDY (SCALE 4-7)   9
TOTAL FM JUL 1   702    CLOUDY (SCALE 8-10)  4
DPTR FM NORMAL  -162

[CDD (BASE 65) ]
TOTAL THIS MO.     2
DPTR FM NORMAL     2    [PRESSURE DATA]
TOTAL FM JAN 1  1329    HIGHEST SLP M ON M
DPTR FM NORMAL   197    LOWEST  SLP 29.66 ON 15

[REMARKS]
