000
CXUS55 KPIH 301200
CF6IDA

PRELIMINARY LOCAL CLIMATOLOGICAL DATA (WS FORM: F-6)

                                          STATION:   IDAHO FALLS ID
                                          MONTH:     NOVEMBER
                                          YEAR:      2020
                                          LATITUDE:   43 31 N
                                          LONGITUDE: 112  4 W

  TEMPERATURE IN F:       :PCPN:    SNOW:  WIND      :SUNSHINE: SKY     :PK WND
================================================================================
1   2   3   4   5  6A  6B    7    8   9   10  11  12  13   14  15   16   17  18
                                     12Z  AVG MX 2MIN
DY MAX MIN AVG DEP HDD CDD  WTR  SNW DPTH SPD SPD DIR MIN PSBL S-S WX    SPD DR
================================================================================

 1  61  21  41   2  24   0 0.00    M    M  4.8  9 360   M    M   0        10 360
 2  66  24  45   6  20   0 0.00    M    M  4.5 10 360   M    M   0        11 360
 3  67  23  45   7  20   0 0.00    M    M  5.5 15 230   M    M   0        18 230
 4  67  25  46   8  19   0 0.00    M    M  7.9 21 220   M    M   0        26 230
 5  68  25  47   9  18   0 0.00    M    M  5.0 20 210   M    M   0        23 210
 6  71  29  50  13  15   0 0.00    M    M  8.1 28 210   M    M   2        33 210
 7  65  39  52  15  13   0 0.16    M    M 10.3 25 200   M    M   5 1      33 200
 8  41  23  32  -4  33   0 0.09    M    M 10.1 24 200   M    M   8 18     29 210
 9  28  17  23 -13  42   0    T    M    M  9.6 22 220   M    M   9        26 210
10  29  24  27  -8  38   0    T    M    M 17.3 24 220   M    M  10 189    29 200
11  33  23  28  -7  37   0 0.03    M    M 13.0 24 230   M    M  10 1      30 230
12  28  13  21 -13  44   0 0.00    M    M  7.8 21 220   M    M   4        24 220
13  38  14  26  -8  39   0 0.13    M    M 13.5 32 220   M    M   6 1      42 220
14  34  24  29  -4  36   0 0.01    M    M 16.5 33 230   M    M   3        43 240
15  38  29  34   1  31   0    T    M    M 18.0 33 220   M    M  10 1      40 210
16  42  32  37   5  28   0    T    M    M  7.4 18 220   M    M   7 1      24 210
17  57  29  43  11  22   0 0.00    M    M  5.8 14 340   M    M   1        16 180
18  52  38  45  14  20   0 0.04    M    M 13.2 20 200   M    M   6 1      25 210
19  44  30  37   7  28   0    T    M    M 18.9 31 230   M    M   5        39 230
20  39  22  31   1  34   0 0.00    M    9  6.1 13 210   M    M   1 12     16 210
21  36  14  25  -5  40   0 0.00    M    M  3.6 12 220   M    M   0        14 220
22  38  14  26  -3  39   0 0.00    M    M  8.0 16  30   M    M   0        19  30
23  35  15  25  -3  40   0 0.00    M    M  6.7 18 220   M    M   4        23 220
24  32  18  25  -3  40   0 0.00    M    M  3.5 16 220   M    M  10 1      19 210
25  39  17  28   1  37   0 0.02    M    M 10.0 26 220   M    M   7 1      33 210
26  27  16  22  -5  43   0    T    M    M  9.2 18 210   M    M  10 12     23 220
27  27  19  23  -3  42   0 0.00    M    M  2.5  8 110   M    M  10 1      10 250
28  31  13  22  -4  43   0 0.00    M    M  5.6 15  30   M    M   2        17  30
29  34   8  21  -5  44   0 0.00    M    M  6.2 10  10   M    M   0        13  10
================================================================================
SM 1267  638       929   0  0.48    M    258.6          M      130
================================================================================
AV 43.7 22.0                               8.9 FASTST   M    M   4    MAX(MPH)
                                 MISC ---->  # 33 230               # 43  240
================================================================================
NOTES:
# LAST OF SEVERAL OCCURRENCES
PRECIPITATION SUSPECT DURING FREEZING/FROZEN EVENTS

COLUMN 17 PEAK WIND IN M.P.H.

PRELIMINARY LOCAL CLIMATOLOGICAL DATA (WS FORM: F-6) , PAGE 2

                                          STATION:  IDAHO FALLS ID
                                          MONTH:    NOVEMBER
                                          YEAR:     2020
                                          LATITUDE:   43 31 N
                                          LONGITUDE: 112  4 W

[TEMPERATURE DATA]      [PRECIPITATION DATA]       SYMBOLS USED IN COLUMN 16

AVERAGE MONTHLY: 32.8   TOTAL FOR MONTH:   0.48    1 = FOG OR MIST
DPTR FM NORMAL:   0.3   DPTR FM NORMAL:   -0.36    2 = FOG REDUCING VISIBILITY
HIGHEST:    71 ON  6    GRTST 24HR  0.16 ON  7- 7      TO 1/4 MILE OR LESS
LOWEST:      8 ON 29                               3 = THUNDER
                        SNOW, ICE PELLETS, HAIL    4 = ICE PELLETS
                        TOTAL MONTH:    M          5 = HAIL
                        GRTST 24HR    M  ON   M    6 = FREEZING RAIN OR DRIZZLE
                        GRTST DEPTH:   9 ON 20     7 = DUSTSTORM OR SANDSTORM:
                                                       VSBY 1/2 MILE OR LESS
                                                   8 = SMOKE OR HAZE
[NO. OF DAYS WITH]      [WEATHER - DAYS WITH]      9 = BLOWING SNOW
                                                   X = TORNADO
MAX 32 OR BELOW:   7    0.01 INCH OR MORE:   7
MAX 90 OR ABOVE:   0    0.10 INCH OR MORE:   2
MIN 32 OR BELOW:  27    0.50 INCH OR MORE:   0
MIN  0 OR BELOW:   0    1.00 INCH OR MORE:   0

[HDD (BASE 65) ]
TOTAL THIS MO.   929    CLEAR  (SCALE 0-3)  13
DPTR FM NORMAL   -13    PTCLDY (SCALE 4-7)   8
TOTAL FM JUL 1  1773    CLOUDY (SCALE 8-10)  8
DPTR FM NORMAL   -91

[CDD (BASE 65) ]
TOTAL THIS MO.     0
DPTR FM NORMAL     0    [PRESSURE DATA]
TOTAL FM JAN 1   280    HIGHEST SLP M ON M
DPTR FM NORMAL    16    LOWEST  SLP 29.20 ON  7

[REMARKS]
