000
CXUS55 KVEF 300910
CF6IGM
PRELIMINARY LOCAL CLIMATOLOGICAL DATA (WS FORM: F-6)

                                          STATION:   KINGMAN AZ
                                          MONTH:     NOVEMBER
                                          YEAR:      2020
                                          LATITUDE:   35 16 N
                                          LONGITUDE: 113 57 W

  TEMPERATURE IN F:       :PCPN:    SNOW:  WIND      :SUNSHINE: SKY     :PK WND
================================================================================
1   2   3   4   5  6A  6B    7    8   9   10  11  12  13   14  15   16   17  18
                                     12Z  AVG MX 2MIN
DY MAX MIN AVG DEP HDD CDD  WTR  SNW DPTH SPD SPD DIR MIN PSBL S-S WX    SPD DR
================================================================================

 1  87  50  69  13   0   4 0.00    M    M  5.7 17  60   M    M   0        23  60
 2  87  56  72  16   0   7 0.00    M    M  6.1 17 110   M    M   1        21 120
 3  85  51  68  12   0   3 0.00    M    M  6.3 21 120   M    M   1 38     25 120
 4  84  45  65  10   0   0 0.00    M    M  5.3 17  20   M    M   0 8      21 360
 5  88  50  69  14   0   4 0.00    M    M  6.0 15 130   M    M   0        21 180
 6  86  59  73  19   0   8    T    M    M 14.5 51 190   M    M   0 8      73 190
 7  68  38  53  -1  12   0 0.02    M    M 21.0 33 230   M    M   3        44 200
 8  52  31  42 -12  23   0 0.31    M    M 13.6 37 270   M    M   5 13     55 260
 9  50  31  41 -12  24   0 0.00    M    M  4.6 16 220   M    M   1        20 220
10  53  27  40 -13  25   0 0.00    M    M  3.9 13 360   M    M   0        17 350
11  61  30  46  -6  19   0 0.00    M    M  4.0 13 250   M    M   0        17 240
12  63  33  48  -4  17   0 0.00    M    M  3.6 13 240   M    M   0        16 230
13  66  30  48  -4  17   0 0.00    M    M  6.4 21 230   M    M   0        28 240
14  66  41  54   3  11   0 0.00    M    M  8.1 21 340   M    M   0        26 320
15  72  33  53   2  12   0 0.00    M    M  4.6 12 120   M    M   0        13  20
16  76  38  57   7   8   0 0.00    M    M  5.6 16  20   M    M   0        20  40
17  79  47  63  13   2   0 0.00    M    M  8.1 21 230   M    M   0        26 240
18  77  49  63  13   2   0 0.00    M    M 12.7 30 220   M    M   0        39 220
19  72  42  57   8   8   0 0.00    M    M  7.6 17 260   M    M   0        21 270
20  70  38  54   5  11   0 0.00    M    M  5.4 12 350   M    M   0        16  60
21  70  40  55   6  10   0 0.00    M    M  8.2 13 120   M    M   0        17  30
22  72  41  57   9   8   0 0.00    M    M  7.0 15 250   M    M   0        21 260
23  68  39  54   6  11   0 0.00    M    M  9.8 26 230   M    M   1        34 230
24  57  35  46  -2  19   0 0.00    M    M  8.3 16  10   M    M   0        20 130
25  62  28  45  -2  20   0 0.00    M    M  7.8 21 240   M    M   0        26 240
26  55  28  42  -5  23   0 0.00    M    M 12.7 26 350   M    M   1        33 360
27  54  30  42  -5  23   0 0.00    M    M 10.7 17  30   M    M   0        32  40
28  58  25  42  -4  23   0 0.00    M    M  6.9 13  40   M    M   0        17  40
29  61  28  45  -1  20   0 0.00    M    M  7.5 16 360   M    M   0        21  40
================================================================================
SM 1999 1113       348  26  0.33    M    232.0          M       13
================================================================================
AV 68.9 38.4                               8.0 FASTST   M    M   0    MAX(MPH)
                                 MISC ---->    51 190                 73 190
================================================================================
NOTES:
# LAST OF SEVERAL OCCURRENCES

COLUMN 17 PEAK WIND IN M.P.H.

PRELIMINARY LOCAL CLIMATOLOGICAL DATA (WS FORM: F-6) , PAGE 2

                                          STATION:   KINGMAN AZ
                                          MONTH:     NOVEMBER
                                          YEAR:      2020
                                          LATITUDE:   35 16 N
                                          LONGITUDE: 113 57 W

[TEMPERATURE DATA]      [PRECIPITATION DATA]       SYMBOLS USED IN COLUMN 16

AVERAGE MONTHLY: 53.7   TOTAL FOR MONTH:   0.33    1 = FOG OR MIST
DPTR FM NORMAL:   2.7   DPTR FM NORMAL:   -0.30    2 = FOG REDUCING VISIBILITY
HIGHEST:    88 ON  5    GRTST 24HR  0.31 ON  8- 8      TO 1/4 MILE OR LESS
LOWEST:     25 ON 28                               3 = THUNDER
                        SNOW, ICE PELLETS, HAIL    4 = ICE PELLETS
                        TOTAL MONTH:  M            5 = HAIL
                        GRTST 24HR    M  ON   M    6 = FREEZING RAIN OR DRIZZLE
                        GRTST DEPTH:  M  ON   M    7 = DUSTSTORM OR SANDSTORM:
                                                       VSBY 1/2 MILE OR LESS
                                                   8 = SMOKE OR HAZE
[NO. OF DAYS WITH]      [WEATHER - DAYS WITH]      9 = BLOWING SNOW
                                                   X = TORNADO
MAX 32 OR BELOW:   0    0.01 INCH OR MORE:   2
MAX 90 OR ABOVE:   0    0.10 INCH OR MORE:   1
MIN 32 OR BELOW:  10    0.50 INCH OR MORE:   0
MIN  0 OR BELOW:   0    1.00 INCH OR MORE:   0

[HDD (BASE 65) ]
TOTAL THIS MO.   348    CLEAR  (SCALE 0-3)  28
DPTR FM NORMAL   -59    PTCLDY (SCALE 4-7)   1
TOTAL FM JUL 1   423    CLOUDY (SCALE 8-10)  0
DPTR FM NORMAL  -123

[CDD (BASE 65) ]
TOTAL THIS MO.    26
DPTR FM NORMAL    26    [PRESSURE DATA]
TOTAL FM JAN 1  2709    HIGHEST SLP M ON M
DPTR FM NORMAL   617    LOWEST  SLP 29.38 ON  7

[REMARKS]
