000
CXUS55 KJKL 301923
CF6JKL
PRELIMINARY LOCAL CLIMATOLOGICAL DATA (WS FORM: F-6)

                                          STATION:   JACKSON KY
                                          MONTH:     NOVEMBER
                                          YEAR:      2020
                                          LATITUDE:   37 35 N
                                          LONGITUDE:  83 19 W

  TEMPERATURE IN F:       :PCPN:    SNOW:  WIND      :SUNSHINE: SKY     :PK WND
================================================================================
1   2   3   4   5  6A  6B    7    8   9   10  11  12  13   14  15   16   17  18
                                     12Z  AVG MX 2MIN
DY MAX MIN AVG DEP HDD CDD  WTR  SNW DPTH SPD SPD DIR MIN PSBL S-S WX    SPD DR
================================================================================

 1  61  35  48  -6  17   0 0.00  0.0    0  9.1 22 280   M    M   6        41 250
 2  50  28  39 -14  26   0 0.00  0.0    0  4.0 10 300   M    M   0        17 280
 3  64  35  50  -3  15   0 0.00  0.0    0  3.9 10 260   M    M   0        19 260
 4  71  46  59   6   6   0 0.00  0.0    0  3.0  6 210   M    M   0        12 110
 5  69  49  59   7   6   0 0.00  0.0    0  2.6  8 210   M    M   0        16 210
 6  72  48  60   8   5   0 0.00  0.0    0  0.6  6 280   M    M   0         9 270
 7  77  50  64  12   1   0 0.00  0.0    0  1.1  6 150   M    M   0         9 160
 8  79  56  68  17   0   3 0.00  0.0    0  2.4  8 130   M    M   0        17 130
 9  81  59  70  19   0   5 0.00  0.0    0  4.1  8 140   M    M   0        12 130
10  84  59  72  21   0   7 0.00  0.0    0  4.0 10 180   M    M   1        19 180
11  73  54  64  14   1   0 1.51  0.0    0  2.5 10 310   M    M  10 12     16 290
12  57  41  49  -1  16   0 0.00  0.0    0  2.2  8  30   M    M   4 1      14  10
13  61  40  51   2  14   0 0.00  0.0    0  3.9 10 280   M    M   4 12     17 250
14  60  39  50   1  15   0 0.00  0.0    0  2.2  7 170   M    M   3        14 160
15  65  45  55   6  10   0 0.14  0.0    0  8.8 24 260   M    M   4 1      46 280
16  56  40  48   0  17   0 0.00  0.0    0  5.6 13 270   M    M   0        19 250
17  49  34  42  -6  23   0 0.00  0.0    0  7.6 17 300   M    M   2        27 300
18  49  29  39  -9  26   0 0.00  0.0    0  2.2  8 130   M    M   1        12 150
19  69  39  54   7  11   0 0.00  0.0    0  5.4 12 190   M    M   0        17 210
20  68  48  58  11   7   0 0.00  0.0    0  5.5 13 230   M    M   0        27 200
21  66  52  59  13   6   0 0.00  0.0    0  2.2  7  50   M    M   7        15  40
22  65  40  53   7  12   0 0.47  0.0    0  6.0 16 300   M    M   7 1      29 310
23  51  36  44  -2  21   0    T  0.0    0  3.4 14 300   M    M   4        21 270
24  57  38  48   3  17   0 0.00  0.0    0  2.1  6 210   M    M   3        10 200
25  64  48  56  11   9   0 0.03  0.0    0  6.8 20 190   M    M   6        38 160
26  62  46  54  10  11   0 0.02  0.0    0  3.4 13 240   M    M   8        26 240
27  60  42  51   7  14   0 0.00  0.0    0  2.2  8 210   M    M   6        14 260
28  50  37  44   0  21   0 0.00  0.0    0  2.2  7 300   M    M   3        12 330
29  56  34  45   2  20   0 0.07  0.0    0  1.7  6  50   M    M   2         9  60
================================================================================
SM 1846 1247       347  15  2.24     0.0 110.7          M       81
================================================================================
AV 63.7 43.0                               3.8 FASTST   M    M   3    MAX(MPH)
                                 MISC ---->  # 24 260               # 46  280
================================================================================
NOTES:
# LAST OF SEVERAL OCCURRENCES

COLUMN 17 PEAK WIND IN M.P.H.

PRELIMINARY LOCAL CLIMATOLOGICAL DATA (WS FORM: F-6) , PAGE 2

                                          STATION:  JACKSON KY
                                          MONTH:    NOVEMBER
                                          YEAR:     2020
                                          LATITUDE:   37 35 N
                                          LONGITUDE:  83 19 W

[TEMPERATURE DATA]      [PRECIPITATION DATA]       SYMBOLS USED IN COLUMN 16

AVERAGE MONTHLY: 53.3   TOTAL FOR MONTH:   2.24    1 = FOG OR MIST
DPTR FM NORMAL:   4.7   DPTR FM NORMAL:   -1.58    2 = FOG REDUCING VISIBILITY
HIGHEST:    84 ON 10    GRTST 24HR  1.51 ON 11-11      TO 1/4 MILE OR LESS
LOWEST:     28 ON  2                               3 = THUNDER
                        SNOW, ICE PELLETS, HAIL    4 = ICE PELLETS
                        TOTAL MONTH:   0.0 INCH    5 = HAIL
                        GRTST 24HR     0.0         6 = FREEZING RAIN OR DRIZZLE
                        GRTST DEPTH:   0           7 = DUSTSTORM OR SANDSTORM:
                                                       VSBY 1/2 MILE OR LESS
                                                   8 = SMOKE OR HAZE
[NO. OF DAYS WITH]      [WEATHER - DAYS WITH]      9 = BLOWING SNOW
                                                   X = TORNADO
MAX 32 OR BELOW:   0    0.01 INCH OR MORE:   6
MAX 90 OR ABOVE:   0    0.10 INCH OR MORE:   3
MIN 32 OR BELOW:   2    0.50 INCH OR MORE:   1
MIN  0 OR BELOW:   0    1.00 INCH OR MORE:   1

[HDD (BASE 65) ]
TOTAL THIS MO.   347    CLEAR  (SCALE 0-3)  17
DPTR FM NORMAL  -135    PTCLDY (SCALE 4-7)  11
TOTAL FM JUL 1   576    CLOUDY (SCALE 8-10)  1
DPTR FM NORMAL  -203

[CDD (BASE 65) ]
TOTAL THIS MO.    15
DPTR FM NORMAL    15    [PRESSURE DATA]
TOTAL FM JAN 1  1386    HIGHEST SLP M ON M
DPTR FM NORMAL   236    LOWEST  SLP 29.69 ON 15

[REMARKS]
