000
CXUS56 KLOX 301655
CF6LGB
PRELIMINARY LOCAL CLIMATOLOGICAL DATA (WS FORM: F-6)

                                          STATION:   LONG BEACH AIRPORT CA
                                          MONTH:     NOVEMBER
                                          YEAR:      2020
                                          LATITUDE:   33 49 N
                                          LONGITUDE: 118  9 W

  TEMPERATURE IN F:       :PCPN:    SNOW:  WIND      :SUNSHINE: SKY     :PK WND
================================================================================
1   2   3   4   5  6A  6B    7    8   9   10  11  12  13   14  15   16   17  18
                                     12Z  AVG MX 2MIN
DY MAX MIN AVG DEP HDD CDD  WTR  SNW DPTH SPD SPD DIR MIN PSBL S-S WX    SPD DR
================================================================================

 1  88  57  73   8   0   8 0.00  0.0    0  3.2 13 290   M    M   3 18     14 300
 2  72  55  64  -1   1   0 0.00  0.0    0  3.0 10 190   M    M   3 128    13 210
 3  77  60  69   5   0   4 0.00  0.0    0  3.4 13 300   M    M   4 18     14 300
 4  83  56  70   6   0   5 0.00  0.0    0  3.3 15 310   M    M   0 18     16 310
 5  95  58  77  13   0  12 0.00  0.0    0  3.8 15 290   M    M   0 8      17 290
 6  70  58  64   0   1   0    T  0.0    0  9.4 21 260   M    M   7 1      29 270
 7  62  54  58  -6   7   0 0.04  0.0    0 10.0 24 290   M    M   4        31 260
 8  63  51  57  -6   8   0    T  0.0    0 13.1 32 280   M    M   5        43 290
 9  61  43  52 -11  13   0 0.00  0.0    0  4.2 12 180   M    M   0        15 190
10  68  45  57  -6   8   0 0.00  0.0    0  3.8 16 300   M    M   0        19 290
11  65  43  54  -9  11   0 0.00  0.0    0  2.0  9 200   M    M   0        12 190
12  71  46  59  -3   6   0 0.00  0.0    0  3.0 15 290   M    M   0 18     17 290
13  66  47  57  -5   8   0 0.00  0.0    0  3.0 13 290   M    M   0 18     20 270
14  70  49  60  -2   5   0 0.00  0.0    0  3.7 10 310   M    M   0 1      12 280
15  87  49  68   6   0   3 0.00  0.0    0  4.5 14 290   M    M   0 18     16 290
16  92  56  74  13   0   9 0.00  0.0    0  3.6 12 200   M    M   0        15 200
17  74  51  63   2   2   0 0.00  0.0    0  3.4 10 300   M    M   0 1      12 310
18  67  55  61   0   4   0 0.00  0.0    0  4.2 13 290   M    M   7 18     16 290
19  70  55  63   3   2   0 0.00  0.0    0  4.3 10 300   M    M   4 18     13 310
20  75  52  64   4   1   0 0.00  0.0    0  2.6 12 310   M    M   0 18     16 300
21  75  50  63   3   2   0 0.00  0.0    0  1.7  9 300   M    M   1 128    10 310
22  67  49  58  -2   7   0 0.00  0.0    0  3.5  9 200   M    M   4 128    11 150
23  63  52  58  -2   7   0 0.00  0.0    0  3.2  8 190   M    M   5 128    12 180
24  66  52  59   0   6   0 0.00  0.0    0  2.3  9 180   M    M   2 18     14 200
25  66  48  57  -2   8   0 0.00  0.0    0  2.6  9 200   M    M   2 18     13 200
26  72  51  62   3   3   0 0.00  0.0    0  6.3 23  70   M    M   5 18     30  80
27  72  45  59   0   6   0 0.00  0.0    0  4.2 14 290   M    M   0        17 290
28  76  45  61   3   4   0 0.00  0.0    0  4.1 10 290   M    M   0        13 300
29  79  42  61   3   4   0 0.00  0.0    0  2.9 14 290   M    M   0        16 290
================================================================================
SM 2112 1474       124  41  0.04     0.0 122.3          M       56
================================================================================
AV 72.8 50.8                               4.2 FASTST   M    M   2    MAX(MPH)
                                 MISC ---->  # 32 280               # 43  290
================================================================================
NOTES:
# LAST OF SEVERAL OCCURRENCES

COLUMN 17 PEAK WIND IN M.P.H.

PRELIMINARY LOCAL CLIMATOLOGICAL DATA (WS FORM: F-6) , PAGE 2

                                          STATION:  LONG BEACH AIRPORT CA
                                          MONTH:    NOVEMBER
                                          YEAR:     2020
                                          LATITUDE:   33 49 N
                                          LONGITUDE: 118  9 W

[TEMPERATURE DATA]      [PRECIPITATION DATA]       SYMBOLS USED IN COLUMN 16

AVERAGE MONTHLY: 61.8   TOTAL FOR MONTH:   0.04    1 = FOG OR MIST
DPTR FM NORMAL:   0.3   DPTR FM NORMAL:   -0.91    2 = FOG REDUCING VISIBILITY
HIGHEST:    95 ON  5    GRTST 24HR  0.04 ON  7- 7      TO 1/4 MILE OR LESS
LOWEST:     42 ON 29                               3 = THUNDER
                        SNOW, ICE PELLETS, HAIL    4 = ICE PELLETS
                        TOTAL MONTH:   0.0 INCH    5 = HAIL
                        GRTST 24HR     0.0         6 = FREEZING RAIN OR DRIZZLE
                        GRTST DEPTH:   0           7 = DUSTSTORM OR SANDSTORM:
                                                       VSBY 1/2 MILE OR LESS
                                                   8 = SMOKE OR HAZE
[NO. OF DAYS WITH]      [WEATHER - DAYS WITH]      9 = BLOWING SNOW
                                                   X = TORNADO
MAX 32 OR BELOW:   0    0.01 INCH OR MORE:   1
MAX 90 OR ABOVE:   2    0.10 INCH OR MORE:   0
MIN 32 OR BELOW:   0    0.50 INCH OR MORE:   0
MIN  0 OR BELOW:   0    1.00 INCH OR MORE:   0

[HDD (BASE 65) ]
TOTAL THIS MO.   124    CLEAR  (SCALE 0-3)  19
DPTR FM NORMAL     3    PTCLDY (SCALE 4-7)  10
TOTAL FM JUL 1   128    CLOUDY (SCALE 8-10)  0
DPTR FM NORMAL   -14

[CDD (BASE 65) ]
TOTAL THIS MO.    41
DPTR FM NORMAL    22    [PRESSURE DATA]
TOTAL FM JAN 1  1487    HIGHEST SLP M ON M
DPTR FM NORMAL   364    LOWEST  SLP 29.58 ON  6

[REMARKS]
