000
CXUS54 KLZK 301510
CF6LIT
PRELIMINARY LOCAL CLIMATOLOGICAL DATA (WS FORM: F-6)

                                          STATION:   LITTLE ROCK ADAMS FIELD
                                          MONTH:     NOVEMBER
                                          YEAR:      2020
                                          LATITUDE:   34 43 N
                                          LONGITUDE:  92 14 W

  TEMPERATURE IN F:       :PCPN:    SNOW:  WIND      :SUNSHINE: SKY     :PK WND
================================================================================
1   2   3   4   5  6A  6B    7    8   9   10  11  12  13   14  15   16   17  18
                                     12Z  AVG MX 2MIN
DY MAX MIN AVG DEP HDD CDD  WTR  SNW DPTH SPD SPD DIR MIN PSBL S-S WX    SPD DR
================================================================================

 1  70  43  57  -1   8   0 0.00  0.0    0  9.8 20 340   M    M   1        25 330
 2  60  35  48 -10  17   0 0.00  0.0    0  2.4  8 200   M    M   0        13  30
 3  72  37  55  -3  10   0 0.00  0.0    0  4.8 15 240   M    M   0        18 230
 4  73  40  57   0   8   0 0.00  0.0    0  4.2 15 170   M    M   5        17 170
 5  73  47  60   3   5   0 0.00  0.0    0  3.7 13 200   M    M   5        16 180
 6  73  44  59   3   6   0 0.00  0.0    0  2.1 12 120   M    M   0 1      15 100
 7  76  50  63   7   2   0 0.00  0.0    0  2.4  9 130   M    M   4        12  60
 8  78  55  67  11   0   2    T  0.0    0  5.1 13 150   M    M   6 1      19 140
 9  80  57  69  14   0   4 0.00  0.0    0  7.3 18 140   M    M   7 1      22 140
10  80  58  69  14   0   4    T  0.0    0  6.8 20 230   M    M   7 1      24 220
11  66  45  56   2   9   0 0.02    M    0  7.9 16 340   M    M   2        19 350
12  65  39  52  -2  13   0    T    M    0  4.5  9 110   M    M   2        13  60
13  64  48  56   2   9   0 0.00  0.0    0  6.4 13  20   M    M   6        16  20
14  76  45  61   8   4   0 0.00  0.0    0  9.4 22 200   M    M   8        31 170
15  72  40  56   3   9   0 0.48    M    0 12.1 37 230   M    M   3        52 250
16  67  34  51  -1  14   0 0.00  0.0    0  3.4 13 210   M    M   0        15 210
17  66  42  54   2  11   0 0.00  0.0    0  6.4 16  60   M    M   0        20  40
18  66  37  52   0  13   0 0.00  0.0    0  5.2 13 160   M    M   0        16 140
19  71  41  56   5   9   0 0.00  0.0    0  9.2 21 210   M    M   2        27 190
20  68  47  58   7   7   0 0.01    M    0  2.8 13 180   M    M   6 12     16 180
21  73  52  63  13   2   0 0.00  0.0    M  3.0 14 190   M    M   7 12     17 200
22  64  41  53   3  12   0 0.30    M    M  8.1 21 330   M    M   9 1      24 330
23  56  34  45  -5  20   0 0.00  0.0    M  4.7 13 120   M    M   4 1      15 120
24  64  36  50   1  15   0 0.38    M    M  5.6 17 140   M    M   8 13     23 140
25  63  41  52   3  13   0 0.62    M    M 10.9 29 270   M    M   7 13     38 280
26  60  34  47  -1  18   0    M    M    M  3.4 10 100   M    M   2 1       M   M
27  60  43  52   4  13   0 0.00  0.0    M  4.9 12 360   M    M   8        14  10
28  57  39  48   0  17   0 0.00  0.0    M  7.4 16  70   M    M   4        21  50
29  48  38  43  -4  22   0 0.29    M    M  8.5 24 360   M    M  10 1      31 340
================================================================================
SM 1961 1242       286  10  2.10  0.0    172.4          M      123
================================================================================
AV 67.6 42.8                               5.9 FASTST   M    M   4    MAX(MPH)
                                 MISC ---->    37 230                 52 250
================================================================================
NOTES:
# LAST OF SEVERAL OCCURRENCES

COLUMN 17 PEAK WIND IN M.P.H.

PRELIMINARY LOCAL CLIMATOLOGICAL DATA (WS FORM: F-6) , PAGE 2

                                          STATION:   LITTLE ROCK ADAMS FIELD
                                          MONTH:     NOVEMBER
                                          YEAR:      2020
                                          LATITUDE:   34 43 N
                                          LONGITUDE:  92 14 W

[TEMPERATURE DATA]      [PRECIPITATION DATA]       SYMBOLS USED IN COLUMN 16

AVERAGE MONTHLY: 55.2   TOTAL FOR MONTH:   2.10    1 = FOG OR MIST
DPTR FM NORMAL:   2.4   DPTR FM NORMAL:   -2.99    2 = FOG REDUCING VISIBILITY
HIGHEST:    80 ON 10, 9  GRTST 24HR  1.00 ON 24-25      TO 1/4 MILE OR LESS
LOWEST:     34 ON 26,23                             3 = THUNDER
                        SNOW, ICE PELLETS, HAIL    4 = ICE PELLETS
                        TOTAL MONTH:   0.0 INCH    5 = HAIL
                        GRTST 24HR  0.0            6 = FREEZING RAIN OR DRIZZLE
                        GRTST DEPTH:  0            7 = DUSTSTORM OR SANDSTORM:
                                                       VSBY 1/2 MILE OR LESS
                                                   8 = SMOKE OR HAZE
[NO. OF DAYS WITH]      [WEATHER - DAYS WITH]      9 = BLOWING SNOW
                                                   X = TORNADO
MAX 32 OR BELOW:   0    0.01 INCH OR MORE:   7
MAX 90 OR ABOVE:   0    0.10 INCH OR MORE:   5
MIN 32 OR BELOW:   0    0.50 INCH OR MORE:   1
MIN  0 OR BELOW:   0    1.00 INCH OR MORE:   0

[HDD (BASE 65) ]
TOTAL THIS MO.   286    CLEAR  (SCALE 0-3)  12
DPTR FM NORMAL   -78    PTCLDY (SCALE 4-7)  13
TOTAL FM JUL 1   474    CLOUDY (SCALE 8-10)  4
DPTR FM NORMAL   -22

[CDD (BASE 65) ]
TOTAL THIS MO.    10
DPTR FM NORMAL     1    [PRESSURE DATA]
TOTAL FM JAN 1  1935    HIGHEST SLP M ON M
DPTR FM NORMAL  -268    LOWEST  SLP 29.73 ON 15

[REMARKS]
