000
CXUS54 KLZK 301510
CF6LLQ
PRELIMINARY LOCAL CLIMATOLOGICAL DATA (WS FORM: F-6)

                                          STATION:   MONTICELLO
                                          MONTH:     NOVEMBER
                                          YEAR:      2020
                                          LATITUDE:   33 37 N
                                          LONGITUDE:  91 45 W

  TEMPERATURE IN F:       :PCPN:    SNOW:  WIND      :SUNSHINE: SKY     :PK WND
================================================================================
1   2   3   4   5  6A  6B    7    8   9   10  11  12  13   14  15   16   17  18
                                     12Z  AVG MX 2MIN
DY MAX MIN AVG DEP HDD CDD  WTR  SNW DPTH SPD SPD DIR MIN PSBL S-S WX    SPD DR
================================================================================

 1  68  43  56  -4   9   0 0.00  0.0    0  4.5 14  20   M    M   0        21  30
 2  61  35  48 -11  17   0 0.00  0.0    0  2.2 13  80   M    M   0        17  80
 3  70  38  54  -5  11   0 0.00  0.0    0  3.0 12 240   M    M   0        16 230
 4  74  43  59   0   6   0 0.00  0.0    0  3.2 10 180   M    M   0        13 120
 5  74  46  60   2   5   0 0.00  0.0    0  1.6  9 130   M    M   0        14 200
 6  75  46  61   3   4   0 0.00  0.0    M  2.1 10  80   M    M   1 1      14  70
 7  78  53  66   8   0   1 0.00  0.0    0  2.7 10  70   M    M   4        13 110
 8  81  60  71  13   0   6 0.00  0.0    0  5.1 13 110   M    M   4 18     19 100
 9  76  59  68  11   0   3 0.00  0.0    0  4.0 13 150   M    M   7 12     19 100
10  82  63  73  16   0   8 0.00  0.0    0  3.6 14 200   M    M   6 12     17 210
11  69  50  60   4   5   0 0.00  0.0    0  4.5 10  50   M    M   5 1      15 360
12  71  42  57   1   8   0 0.00  0.0    0  2.5  9  60   M    M   0        11  40
13  68  50  59   3   6   0 0.00  0.0    0  4.4 13  50   M    M   5        18  10
14  78  47  63   8   2   0 0.00  0.0    0  8.6 18 200   M    M   5        28 180
15  72  38  55   0  10   0 0.27    M    0  6.7 24 320   M    M   3 1      38 320
16  67  35  51  -4  14   0 0.00  0.0    0  2.5 10 140   M    M   0        13 130
17  69  41  55   1  10   0 0.00  0.0    0  5.7 17  50   M    M   0        22  50
18  69  37  53  -1  12   0 0.00  0.0    M  3.8 10 130   M    M   0        14 110
19  72  40  56   2   9   0 0.00  0.0    0  6.4 15 160   M    M   0        21 200
20  75  52  64  11   1   0 0.00  0.0    0  4.1 12 190   M    M   3 12     14 180
21  77  52  65  12   0   0 0.00  0.0    M  2.3 10 200   M    M   4 1      14 200
22  69  48  59   7   6   0 0.01    M    M  6.8 15  40   M    M   7        22  40
23  59  37  48  -4  17   0 0.00  0.0    M  4.0 16  60   M    M   1        19  50
24  68  36  52   0  13   0 0.01    M    M  6.6 20 170   M    M   3        30 170
25  69  42  56   5   9   0 0.85    M    M  8.2 28 280   M    M   4 13     42 280
26  65  37  51   0  14   0    M    M    M  2.6  7  60   M    M   0         M   M
27  58  45  52   1  13   0 0.02    M    M  2.2  8  20   M    M   8 13     12 360
28  56  44  50   0  15   0 0.00  0.0    M  4.8 15  70   M    M   0        20  70
29  47  44  46  -4  19   0 0.55    M    M  5.9 14  60   M    M  10 1      20 320
================================================================================
SM 2017 1303       235  18  1.71  0.0    124.6          M       80
================================================================================
AV 69.6 44.9                               4.3 FASTST   M    M   3    MAX(MPH)
                                 MISC ---->    28 280                 42 280
================================================================================
NOTES:
# LAST OF SEVERAL OCCURRENCES

COLUMN 17 PEAK WIND IN M.P.H.

PRELIMINARY LOCAL CLIMATOLOGICAL DATA (WS FORM: F-6) , PAGE 2

                                          STATION:   MONTICELLO
                                          MONTH:     NOVEMBER
                                          YEAR:      2020
                                          LATITUDE:   33 37 N
                                          LONGITUDE:  91 45 W

[TEMPERATURE DATA]      [PRECIPITATION DATA]       SYMBOLS USED IN COLUMN 16

AVERAGE MONTHLY: 57.2   TOTAL FOR MONTH:   1.71    1 = FOG OR MIST
DPTR FM NORMAL:   2.3   DPTR FM NORMAL:   -3.18    2 = FOG REDUCING VISIBILITY
HIGHEST:    82 ON 10    GRTST 24HR  0.86 ON 24-25      TO 1/4 MILE OR LESS
LOWEST:     35 ON  2,16                             3 = THUNDER
                        SNOW, ICE PELLETS, HAIL    4 = ICE PELLETS
                        TOTAL MONTH:   0.0 INCH    5 = HAIL
                        GRTST 24HR  0.0            6 = FREEZING RAIN OR DRIZZLE
                        GRTST DEPTH:  0            7 = DUSTSTORM OR SANDSTORM:
                                                       VSBY 1/2 MILE OR LESS
                                                   8 = SMOKE OR HAZE
[NO. OF DAYS WITH]      [WEATHER - DAYS WITH]      9 = BLOWING SNOW
                                                   X = TORNADO
MAX 32 OR BELOW:   0    0.01 INCH OR MORE:   6
MAX 90 OR ABOVE:   0    0.10 INCH OR MORE:   3
MIN 32 OR BELOW:   0    0.50 INCH OR MORE:   2
MIN  0 OR BELOW:   0    1.00 INCH OR MORE:   0

[HDD (BASE 65) ]
TOTAL THIS MO.   235    CLEAR  (SCALE 0-3)  15
DPTR FM NORMAL   -75    PTCLDY (SCALE 4-7)  12
TOTAL FM JUL 1   373    CLOUDY (SCALE 8-10)  2
DPTR FM NORMAL   -66

[CDD (BASE 65) ]
TOTAL THIS MO.    18
DPTR FM NORMAL     3    [PRESSURE DATA]
TOTAL FM JAN 1  2197    HIGHEST SLP M ON M
DPTR FM NORMAL   -14    LOWEST  SLP 29.80 ON 25

[REMARKS]
