000
CXUS56 KMFR 301710
CF6LMT
PRELIMINARY LOCAL CLIMATOLOGICAL DATA (WS FORM: F-6)

                                          STATION:   KLAMATH FALLS OR
                                          MONTH:     NOVEMBER
                                          YEAR:      2020
                                          LATITUDE:   42  9 N
                                          LONGITUDE: 121 44 W

  TEMPERATURE IN F:       :PCPN:    SNOW:  WIND      :SUNSHINE: SKY     :PK WND
================================================================================
1   2   3   4   5  6A  6B    7    8   9   10  11  12  13   14  15   16   17  18
                                     12Z  AVG MX 2MIN
DY MAX MIN AVG DEP HDD CDD  WTR  SNW DPTH SPD SPD DIR MIN PSBL S-S WX    SPD DR
================================================================================

 1  71  23  47   6  18   0 0.00    M    M  1.2  8 360   M    M   0         8 360
 2  72  22  47   7  18   0 0.00    M    M  1.3  7  70   M    M   0         7  80
 3  71  22  47   7  18   0 0.00    M    M  4.2 18 280   M    M   0 8      22 280
 4  69  26  48   8  17   0 0.00    M    M  3.8 14 260   M    M   0        17 270
 5  71  25  48   9  17   0    T    M    M  6.4 25 260   M    M   1        31 260
 6  54  34  44   5  21   0    M    M    M  9.0 21 280   M    M   8 1      24 280
 7  44  29  37  -1  28   0 0.01    M    M 10.2 32 330   M    M   7 1      37 330
 8  37  24  31  -7  34   0 0.01    M    M  8.0 20 350   M    M   6 18     25 360
 9  38  20  29  -9  36   0 0.00    M    M  4.8 15  40   M    M   6        19  40
10  45  29  37   0  28   0    T    M    M 11.5 25 260   M    M   6 1      30 270
11  45  16  31  -6  34   0    T    M    M  4.1 17 240   M    M   5 1      21 240
12  45  10  28  -8  37   0 0.00    M    M  2.2 13 160   M    M   3 1      15 150
13  43  32  38   2  27   0 0.29    M    M 16.0 36 280   M    M   8 1      46 270
14  42  30  36   0  29   0    T    M    M 10.6 25 260   M    M   8        31 260
15  45  39  42   7  23   0 0.98    M    M  5.5 16 160   M    M  10 1      19 160
16  55  31  43   8  22   0 0.00    M    M  4.7 12 160   M    M   1 128    15 160
17  54  38  46  11  19   0 0.24    M    M 17.0 48 190   M    M   5 1      60 200
18  45  34  40   6  25   0 0.03    M    M 11.2 24 280   M    M   6        32 260
19  44  24  34   0  31   0    T    M    M  5.3 17 240   M    M   4 1      22 250
20  41  21  31  -3  34   0 0.00    M    M  6.2 16 330   M    M   0        17 330
21  42  19  31  -2  34   0 0.00    M    M  3.7 12 330   M    M   0        14 330
22  38  17  28  -5  37   0    T    M    M  2.0 10  70   M    M   4        12  60
23  45  25  35   2  30   0 0.00    M    M  4.6 17 250   M    M   4        19 250
24  44  19  32  -1  33   0    T    M    M  2.9 10 280   M    M   3 12     11 150
25  38  23  31  -1  34   0 0.02    M    M  8.1 23 290   M    M   6 1      29 290
26  42  19  31  -1  34   0 0.00    M    M  1.8  6 220   M    M   3 12      8 220
27  40  17  29  -3  36   0 0.00    M    M  3.0  8 320   M    M   4 12     10 340
28  42  15  29  -3  36   0 0.00    M    M  2.5 10 340   M    M   0 1      12 320
29  47  15  31   0  34   0 0.00    M    M  1.5  9 340   M    M   0        10 340
================================================================================
SM 1409  698       824   0  1.58    M    173.3          M      108
================================================================================
AV 48.6 24.1                               6.0 FASTST   M    M   4    MAX(MPH)
                                 MISC ---->    48 190                 60 200
================================================================================
NOTES:
# LAST OF SEVERAL OCCURRENCES

COLUMN 17 PEAK WIND IN M.P.H.

PRELIMINARY LOCAL CLIMATOLOGICAL DATA (WS FORM: F-6) , PAGE 2

                                          STATION:   KLAMATH FALLS OR
                                          MONTH:     NOVEMBER
                                          YEAR:      2020
                                          LATITUDE:   42  9 N
                                          LONGITUDE: 121 44 W

[TEMPERATURE DATA]      [PRECIPITATION DATA]       SYMBOLS USED IN COLUMN 16

AVERAGE MONTHLY: 36.3   TOTAL FOR MONTH:   1.58    1 = FOG OR MIST
DPTR FM NORMAL:   0.7   DPTR FM NORMAL:   -0.52    2 = FOG REDUCING VISIBILITY
HIGHEST:    72 ON  2    GRTST 24HR  0.98 ON 15-15      TO 1/4 MILE OR LESS
LOWEST:     10 ON 12                               3 = THUNDER
                        SNOW, ICE PELLETS, HAIL    4 = ICE PELLETS
                        TOTAL MONTH:  M            5 = HAIL
                        GRTST 24HR    M  ON   M    6 = FREEZING RAIN OR DRIZZLE
                        GRTST DEPTH:  M  ON   M    7 = DUSTSTORM OR SANDSTORM:
                                                       VSBY 1/2 MILE OR LESS
                                                   8 = SMOKE OR HAZE
[NO. OF DAYS WITH]      [WEATHER - DAYS WITH]      9 = BLOWING SNOW
                                                   X = TORNADO
MAX 32 OR BELOW:   0    0.01 INCH OR MORE:   7
MAX 90 OR ABOVE:   0    0.10 INCH OR MORE:   3
MIN 32 OR BELOW:  25    0.50 INCH OR MORE:   1
MIN  0 OR BELOW:   0    1.00 INCH OR MORE:   0

[HDD (BASE 65) ]
TOTAL THIS MO.   824    CLEAR  (SCALE 0-3)  11
DPTR FM NORMAL   -29    PTCLDY (SCALE 4-7)  16
TOTAL FM JUL 1  1476    CLOUDY (SCALE 8-10)  2
DPTR FM NORMAL  -293

[CDD (BASE 65) ]
TOTAL THIS MO.     0
DPTR FM NORMAL     0    [PRESSURE DATA]
TOTAL FM JAN 1   304    HIGHEST SLP M ON M
DPTR FM NORMAL   135    LOWEST  SLP 29.58 ON  7

[REMARKS]
