096
CXUS54 KLIX 300910
CF6LNQ
PRELIMINARY LOCAL CLIMATOLOGICAL DATA (WS FORM: F-6)

                                          STATION:   BOOTHVILLE
                                          MONTH:     NOVEMBER
                                          YEAR:      2020
                                          LATITUDE:   29 21 N
                                          LONGITUDE:  89-26 E

  TEMPERATURE IN F:       :PCPN:    SNOW:  WIND      :SUNSHINE: SKY     :PK WND
================================================================================
1   2   3   4   5  6A  6B    7    8   9   10  11  12  13   14  15   16   17  18
                                     12Z  AVG MX 2MIN
DY MAX MIN AVG DEP HDD CDD  WTR  SNW DPTH SPD SPD DIR MIN PSBL S-S WX    SPD DR
================================================================================

 1  71  63  67   M   0   2    M    M    M 13.0 23  10   M    M   2        31  10
 2  63  59  61   M   4   0    M    M    M 17.8 24  10   M    M   0        35  20
 3  68  56  62   M   3   0    M    M    M  8.2 13  20   M    M   0        21  40
 4  71  62  67   M   0   2    M    M    M  8.7 14  20   M    M   0        20  30
 5  73  60  67   M   0   2 0.16    M    M  6.7 13  20   M    M   3        17  30
 6  73  66  70   M   0   5 0.54    M    M  8.2 14  20   M    M   5        21  40
 7  71  66  69   M   0   4 1.54    M    M  8.3 13  50   M    M   8        21  60
 8  76  68  72   M   0   7 0.06    M    M  7.7 12  80   M    M   5        20  70
 9  74  69  72   M   0   7    M    M    M  8.2 14  40   M    M   5        26  50
10  75  69  72   M   0   7    M    M    M  7.4 12  30   M    M   9        17  20
11  75  70  73   M   0   8    M    M    M  6.6 10  20   M    M   8         M   M
12  75  64  70   M   0   5    M    M    M  5.7 10 350   M    M   4         M   M
13  73  62  68   M   0   3    M    M    M  3.2  8  30   M    M   0         M   M
14  81  62  72   M   0   7    M    M    M  3.8 12 150   M    M   1        17 160
15  81  65  73   M   0   8    M    M    M  7.6 15  20   M    M   2        22  10
16  66  62  64   M   1   0    M    M    M 12.2 16  40   M    M   1        23  40
17  68  62  65   M   0   0    M    M    M 11.4 17  30   M    M   0        24  30
18  68  62  65   M   0   0    M    M    M 10.8 16  50   M    M   0        24  40
19  74  62  68   M   0   3    M    M    M  7.5 13  80   M    M   2        18  80
20  73  64  69   M   0   4    M    M    M  6.8 10  70   M    M   3        20  60
21  73  64  69   M   0   4    M    M    M  6.6 10  40   M    M   1        16  50
22  71  62  67   M   0   2    M    M    M  4.9 10  20   M    M   1        16  30
23  65  61  63   M   2   0    M    M    M  9.4 16  20   M    M   3        23  10
24  78  58  68   M   0   3    M    M    M  4.8 12 150   M    M   0        16 140
25  80  69  75   M   0  10    M    M    M  6.9 12 180   M    M   4        17 180
26  80  66  73   M   0   8    M    M    M  5.6 12 210   M    M   1        16 210
27  80  64  72   M   0   7 0.11    M    M  3.0 10 220   M    M   5         M   M
28  68  65  67   M   0   2 0.60    M    M  7.0 13  30   M    M   8        18  30
29  73  54  64   M   1   0 0.28    M    M 10.2 21 180   M    M   9        37 180
================================================================================
SM 2117 1836        11 110  3.29    M    228.2          M       90
================================================================================
AV 73.0 63.3                               7.9 FASTST   M    M   3    MAX(MPH)
                                 MISC ---->    24  10                 37 180
================================================================================
NOTES:
# LAST OF SEVERAL OCCURRENCES

COLUMN 17 PEAK WIND IN M.P.H.

PRELIMINARY LOCAL CLIMATOLOGICAL DATA (WS FORM: F-6) , PAGE 2

                                          STATION:   BOOTHVILLE
                                          MONTH:     NOVEMBER
                                          YEAR:      2020
                                          LATITUDE:   29 21 N
                                          LONGITUDE:  89-26 E

[TEMPERATURE DATA]      [PRECIPITATION DATA]       SYMBOLS USED IN COLUMN 16

AVERAGE MONTHLY: 68.2   TOTAL FOR MONTH:   3.29    1 = FOG OR MIST
DPTR FM NORMAL:   0.0   DPTR FM NORMAL:    3.29    2 = FOG REDUCING VISIBILITY
HIGHEST:    81 ON 14,15  GRTST 24HR  1.54 ON  7- 7      TO 1/4 MILE OR LESS
LOWEST:     54 ON 29                               3 = THUNDER
                        SNOW, ICE PELLETS, HAIL    4 = ICE PELLETS
                        TOTAL MONTH:  M            5 = HAIL
                        GRTST 24HR    M  ON   M    6 = FREEZING RAIN OR DRIZZLE
                        GRTST DEPTH:  M  ON   M    7 = DUSTSTORM OR SANDSTORM:
                                                       VSBY 1/2 MILE OR LESS
                                                   8 = SMOKE OR HAZE
[NO. OF DAYS WITH]      [WEATHER - DAYS WITH]      9 = BLOWING SNOW
                                                   X = TORNADO
MAX 32 OR BELOW:   0    0.01 INCH OR MORE:   7
MAX 90 OR ABOVE:   0    0.10 INCH OR MORE:   6
MIN 32 OR BELOW:   0    0.50 INCH OR MORE:   3
MIN  0 OR BELOW:   0    1.00 INCH OR MORE:   1

[HDD (BASE 65) ]
TOTAL THIS MO.    11    CLEAR  (SCALE 0-3)  16
DPTR FM NORMAL     M    PTCLDY (SCALE 4-7)   9
TOTAL FM JUL 1    15    CLOUDY (SCALE 8-10)  4
DPTR FM NORMAL     M

[CDD (BASE 65) ]
TOTAL THIS MO.   110
DPTR FM NORMAL     M    [PRESSURE DATA]
TOTAL FM JAN 1  3184    HIGHEST SLP M ON M
DPTR FM NORMAL     M    LOWEST  SLP M ON M

[REMARKS]
