000
CXUS53 KARX 301000
CF6LSE
PRELIMINARY LOCAL CLIMATOLOGICAL DATA (WS FORM: F-6)

                                          STATION:   LA CROSSE WI
                                          MONTH:     NOVEMBER
                                          YEAR:      2020
                                          LATITUDE:   43 52 N
                                          LONGITUDE:  91 15 W

  TEMPERATURE IN F:       :PCPN:    SNOW:  WIND      :SUNSHINE: SKY     :PK WND
================================================================================
1   2   3   4   5  6A  6B    7    8   9   10  11  12  13   14  15   16   17  18
                                     12Z  AVG MX 2MIN
DY MAX MIN AVG DEP HDD CDD  WTR  SNW DPTH SPD SPD DIR MIN PSBL S-S WX    SPD DR
================================================================================

 1  40  25  33 -11  32   0    T    T    0 16.7 38 310   M    M   5        50 320
 2  57  23  40  -3  25   0 0.00  0.0    0  7.6 17 210   M    M   0        23 210
 3  74  35  55  12  10   0 0.00  0.0    0  9.9 16 180   M    M   0        23 180
 4  71  45  58  16   7   0 0.00  0.0    0  7.7 12 170   M    M   0        15 180
 5  73  42  58  16   7   0 0.00  0.0    0  3.2 10 170   M    M   0 8      13 160
 6  75  40  58  17   7   0 0.00  0.0    0  9.4 15 160   M    M   0        22 130
 7  74  60  67  26   0   2 0.00  0.0    0 13.6 23 190   M    M   0        33 190
 8  74  57  66  26   0   1 0.00  0.0    0 12.8 25 170   M    M   0        34 170
 9  75  43  59  19   6   0 0.59  0.0    0 13.8 26 200   M    M   9 1      36 210
10  44  33  39   0  26   0 1.08    T    0 12.0 26 270   M    M  10 1      36 280
11  46  29  38  -1  27   0    T    T    0  9.2 22 290   M    M   3        30 260
12  49  27  38   0  27   0 0.01    T    0 10.8 22 310   M    M   5 1      28 310
13  38  23  31  -7  34   0 0.00  0.0    T  9.9 18 330   M    M   2        24 320
14  45  31  38   1  27   0 0.08  0.0    0  9.8 21 160   M    M   6 18     29 150
15  45  30  38   2  27   0 0.01    T    0 20.6 32 290   M    M   9 1      45 300
16  44  26  35  -1  30   0    T    T    0  9.8 23 310   M    M   5        30 300
17  42  22  32  -3  33   0 0.00  0.0    0  4.6 17 320   M    M   3        21 330
18  54  33  44   9  21   0 0.00  0.0    0 15.3 29 180   M    M   0        38 170
19  63  38  51  17  14   0 0.00  0.0    0  7.2 21 190   M    M   0        27 180
20  49  28  39   6  26   0 0.00  0.0    0  8.2 17 310   M    M   1 18     23 310
21  43  23  33   0  32   0 0.00  0.0    0  1.8  8 130   M    M   0 1      10 160
22  44  23  34   2  31   0 0.00  0.0    0  7.1 18 290   M    M   8        24 300
23  42  26  34   2  31   0 0.00  0.0    0  4.7 16 320   M    M   2        19 320
24  38  32  35   4  30   0 0.63  1.0    0  5.4 17 160   M    M  10 1      23 160
25  39  34  37   6  28   0    T  0.0    1  5.3 12 340   M    M  10 12     14 340
26  39  34  37   7  28   0 0.00  0.0    0  7.3 17 220   M    M  10 1      22 220
27  40  28  34   5  31   0 0.00  0.0    0  7.3 16 270   M    M   2        21 270
28  53  30  42  13  23   0 0.00  0.0    0  8.9 15 210   M    M   0        20 210
29  40  24  32   4  33   0 0.00  0.0    0 13.7 24 330   M    M   6 1      32 320
================================================================================
SM 1510  944       653   3  2.40  1.0    273.6          M      106
================================================================================
AV 52.1 32.6                               9.4 FASTST   M    M   4    MAX(MPH)
                                 MISC ---->    38 310                 50 320
================================================================================
NOTES:
# LAST OF SEVERAL OCCURRENCES

COLUMN 17 PEAK WIND IN M.P.H.

PRELIMINARY LOCAL CLIMATOLOGICAL DATA (WS FORM: F-6) , PAGE 2

                                          STATION:   LA CROSSE WI
                                          MONTH:     NOVEMBER
                                          YEAR:      2020
                                          LATITUDE:   43 52 N
                                          LONGITUDE:  91 15 W

[TEMPERATURE DATA]      [PRECIPITATION DATA]       SYMBOLS USED IN COLUMN 16

AVERAGE MONTHLY: 42.3   TOTAL FOR MONTH:   2.40    1 = FOG OR MIST
DPTR FM NORMAL:   6.1   DPTR FM NORMAL:    0.45    2 = FOG REDUCING VISIBILITY
HIGHEST:    75 ON  9, 6  GRTST 24HR  1.67 ON  9-10      TO 1/4 MILE OR LESS
LOWEST:     22 ON 17                               3 = THUNDER
                        SNOW, ICE PELLETS, HAIL    4 = ICE PELLETS
                        TOTAL MONTH:   1.0 INCH    5 = HAIL
                        GRTST 24HR   1.0 ON 24-24  6 = FREEZING RAIN OR DRIZZLE
                        GRTST DEPTH:   1 ON 25     7 = DUSTSTORM OR SANDSTORM:
                                                       VSBY 1/2 MILE OR LESS
                                                   8 = SMOKE OR HAZE
[NO. OF DAYS WITH]      [WEATHER - DAYS WITH]      9 = BLOWING SNOW
                                                   X = TORNADO
MAX 32 OR BELOW:   0    0.01 INCH OR MORE:   6
MAX 90 OR ABOVE:   0    0.10 INCH OR MORE:   3
MIN 32 OR BELOW:  17    0.50 INCH OR MORE:   3
MIN  0 OR BELOW:   0    1.00 INCH OR MORE:   1

[HDD (BASE 65) ]
TOTAL THIS MO.   653    CLEAR  (SCALE 0-3)  16
DPTR FM NORMAL  -182    PTCLDY (SCALE 4-7)   7
TOTAL FM JUL 1  1358    CLOUDY (SCALE 8-10)  6
DPTR FM NORMAL  -105

[CDD (BASE 65) ]
TOTAL THIS MO.     3
DPTR FM NORMAL     3    [PRESSURE DATA]
TOTAL FM JAN 1  1032    HIGHEST SLP M ON M
DPTR FM NORMAL   250    LOWEST  SLP 29.32 ON 15

[REMARKS]
