000
CXUS56 KMTR 301138
CF6LVK
PRELIMINARY LOCAL CLIMATOLOGICAL DATA (WS FORM: F-6)

                                          STATION:   LIVERMORE AIRPORT
                                          MONTH:     NOVEMBER
                                          YEAR:      2020
                                          LATITUDE:   37 42 N
                                          LONGITUDE: 121 49 W

  TEMPERATURE IN F:       :PCPN:    SNOW:  WIND      :SUNSHINE: SKY     :PK WND
================================================================================
1   2   3   4   5  6A  6B    7    8   9   10  11  12  13   14  15   16   17  18
                                     12Z  AVG MX 2MIN
DY MAX MIN AVG DEP HDD CDD  WTR  SNW DPTH SPD SPD DIR MIN PSBL S-S WX    SPD DR
================================================================================

 1  80  43  62   4   3   0 0.00    M    M  3.9 15  70   M    M   0 8      20  70
 2  85  44  65   7   0   0 0.00    M    M  2.4 10  80   M    M   0 8      14  90
 3  83  46  65   7   0   0 0.00    M    M  3.5 16 290   M    M   0 8      18 290
 4  82  44  63   6   2   0 0.00    M    M  2.4 10 270   M    M   0 18     12 270
 5  85  48  67  10   0   2 0.00    M    M  4.0 14  90   M    M   0        16 110
 6  61  49  55  -2  10   0 0.00    M    M 12.2 24 250   M    M   4        31 250
 7  63  43  53  -3  12   0    T    M    M  7.1 20 220   M    M   6        24 230
 8  59  36  48  -8  17   0 0.00    M    M  7.1 20 310   M    M   2        27 300
 9  58  32  45 -11  20   0 0.00    M    M  3.0 12  80   M    M   0        16  80
10  64  34  49  -6  16   0 0.00    M    M  3.2 13 270   M    M   2        15 270
11  58  42  50  -5  15   0 0.00    M    M  4.4 13  80   M    M   4 1      18  80
12  66  36  51  -4  14   0 0.00    M    M  2.7 10  80   M    M   0        14  80
13  62  39  51  -3  14   0 0.08    M    M  4.9 20 240   M    M   6 12     24 210
14  61  41  51  -3  14   0 0.00    M    M  2.7  8 250   M    M   4 12      9 170
15  70  37  54   0  11   0 0.00    M    M  2.1  7  80   M    M   1 12     10 220
16  67  43  55   2  10   0 0.00    M    M  5.8 17  60   M    M   0        22  80
17  70  44  57   4   8   0 0.24    M    M  5.7 23 240   M    M   5 1      29 240
18  65  47  56   3   9   0 0.01    M    M  8.9 17 230   M    M   5 1      22 240
19  64  40  52   0  13   0 0.00    M    M  1.6  7  90   M    M   3 12     10 330
20  64  39  52   0  13   0 0.00    M    M  4.2 14  80   M    M   0 8      18  70
21  63  37  50  -2  15   0 0.00    M    M  4.5 16  80   M    M   0        20  80
22  67  33  50  -1  15   0 0.00    M    M  3.4 15 290   M    M   1        19 300
23  63  42  53   2  12   0 0.00    M    M  2.8 10 310   M    M   4 1      13 250
24  69  37  53   2  12   0 0.00    M    M  3.9 12 310   M    M   0        15 250
25  63  38  51   1  14   0 0.00    M    M  4.5 14 290   M    M   3        17 290
26  62  35  49  -1  16   0 0.00    M    M  7.1 21 360   M    M   0        33 360
27  64  35  50   0  15   0 0.00    M    M  2.8 10  50   M    M   0        12  80
28  62  31  47  -3  18   0 0.00    M    M  3.9 14  60   M    M   0        17  60
29  65  30  48  -1  17   0 0.00    M    M  3.9 15  80   M    M   0        18  70
================================================================================
SM 1945 1145       335   2  0.33    M    128.6          M       50
================================================================================
AV 67.1 39.5                               4.4 FASTST   M    M   2    MAX(MPH)
                                 MISC ---->    24 250                 33 360
================================================================================
NOTES:
# LAST OF SEVERAL OCCURRENCES

COLUMN 17 PEAK WIND IN M.P.H.

PRELIMINARY LOCAL CLIMATOLOGICAL DATA (WS FORM: F-6) , PAGE 2

                                          STATION:   LIVERMORE AIRPORT
                                          MONTH:     NOVEMBER
                                          YEAR:      2020
                                          LATITUDE:   37 42 N
                                          LONGITUDE: 121 49 W

[TEMPERATURE DATA]      [PRECIPITATION DATA]       SYMBOLS USED IN COLUMN 16

AVERAGE MONTHLY: 53.3   TOTAL FOR MONTH:   0.33    1 = FOG OR MIST
DPTR FM NORMAL:  -0.4   DPTR FM NORMAL:   -1.57    2 = FOG REDUCING VISIBILITY
HIGHEST:    85 ON  5, 2  GRTST 24HR  0.25 ON 17-18      TO 1/4 MILE OR LESS
LOWEST:     30 ON 29                               3 = THUNDER
                        SNOW, ICE PELLETS, HAIL    4 = ICE PELLETS
                        TOTAL MONTH:  M            5 = HAIL
                        GRTST 24HR    M  ON   M    6 = FREEZING RAIN OR DRIZZLE
                        GRTST DEPTH:  M  ON   M    7 = DUSTSTORM OR SANDSTORM:
                                                       VSBY 1/2 MILE OR LESS
                                                   8 = SMOKE OR HAZE
[NO. OF DAYS WITH]      [WEATHER - DAYS WITH]      9 = BLOWING SNOW
                                                   X = TORNADO
MAX 32 OR BELOW:   0    0.01 INCH OR MORE:   3
MAX 90 OR ABOVE:   0    0.10 INCH OR MORE:   1
MIN 32 OR BELOW:   3    0.50 INCH OR MORE:   0
MIN  0 OR BELOW:   0    1.00 INCH OR MORE:   0

[HDD (BASE 65) ]
TOTAL THIS MO.   335    CLEAR  (SCALE 0-3)  21
DPTR FM NORMAL     7    PTCLDY (SCALE 4-7)   8
TOTAL FM JUL 1   372    CLOUDY (SCALE 8-10)  0
DPTR FM NORMAL   -84

[CDD (BASE 65) ]
TOTAL THIS MO.     2
DPTR FM NORMAL     2    [PRESSURE DATA]
TOTAL FM JAN 1  1393    HIGHEST SLP M ON M
DPTR FM NORMAL   564    LOWEST  SLP 29.65 ON  7

[REMARKS]
