000
CXUS55 KABQ 301000
CF6LVS
PRELIMINARY LOCAL CLIMATOLOGICAL DATA (WS FORM: F-6)

                                          STATION:   LAS VEGAS NM
                                          MONTH:     NOVEMBER
                                          YEAR:      2020
                                          LATITUDE:   35 39 N
                                          LONGITUDE: 105  8 W

  TEMPERATURE IN F:       :PCPN:    SNOW:  WIND      :SUNSHINE: SKY     :PK WND
================================================================================
1   2   3   4   5  6A  6B    7    8   9   10  11  12  13   14  15   16   17  18
                                     12Z  AVG MX 2MIN
DY MAX MIN AVG DEP HDD CDD  WTR  SNW DPTH SPD SPD DIR MIN PSBL S-S WX    SPD DR
================================================================================

 1  61  31  46   0  19   0 0.00    M    M 11.5 30 190   M    M   0        35 190
 2  70  32  51   6  14   0 0.00    M    M  8.8 20 180   M    M   0        23 180
 3  74  35  55  10  10   0 0.00    M    M  6.6 17 150   M    M   0        21 150
 4  73  44  59  15   6   0 0.00    M    M  8.0 20  20   M    M   0        26  10
 5  69  37  53   9  12   0 0.00    M    M  9.0 15 190   M    M   0        20 210
 6  68  37  53   9  12   0 0.00    M    M 14.2 30 230   M    M   0        37 220
 7  67  36  52   9  13   0 0.00    M    M 16.1 37 190   M    M   3        43 180
 8  59  43  51   8  14   0 0.07    M    M 24.9 37 200   M    M   3        49 200
 9  53  24  39  -4  26   0 0.00    M    M 21.2 44 230   M    M   1        56 230
10  52  17  35  -7  30   0    T    M    M  8.7 21 300   M    M   0        26 300
11  58  17  38  -4  27   0 0.00    M    M 11.1 26 210   M    M   0        34 210
12  61  24  43   2  22   0 0.00    M    M  8.3 17 330   M    M   0        24 310
13  59  22  41   0  24   0 0.00    M    M 14.8 32 250   M    M   0        42 240
14  55  32  44   3  21   0 0.00    M    M 24.1 46 270   M    M   0        57 260
15  66  20  43   3  22   0 0.00    M    M  6.6 16 210   M    M   0        20 200
16  66  29  48   8  17   0 0.00    M    M  8.0 20 170   M    M   0        25 170
17  69  27  48   9  17   0 0.00    M    M 12.0 25 220   M    M   0        35 200
18  70  41  56  17   9   0 0.00    M    M 20.2 37 270   M    M   0        52 270
19  71  44  58  19   7   0 0.00    M    M 16.2 32 230   M    M   0        41 230
20  58  30  44   6  21   0 0.00    M    M  8.7 20 170   M    M   0        25 160
21  59  30  45   7  20   0 0.00    M    M 10.3 22 200   M    M   0        28 200
22  48  28  38   0  27   0 0.01    M    M  9.6 17  60   M    M   5 1      23  50
23  45  34  40   3  25   0 0.00    M    M 14.1 26 190   M    M  10 12     33 180
24  48  22  35  -2  30   0 0.02    M    M 11.9 29 270   M    M   3 12     37 250
25  58  17  38   2  27   0 0.00    M    M  3.7 10 180   M    M   1 12     14 230
26  54  23  39   3  26   0 0.00    M    M  9.8 29 210   M    M   0        38 210
27  41  17  29  -7  36   0    T    M    M  9.9 20  50   M    M   5 18     28  60
28  45  20  33  -2  32   0    T    M    M  4.6 12 340   M    M   5 12     16 340
29  41  21  31  -4  34   0 0.00    M    M 13.7 39  20   M    M   0        50  30
================================================================================
SM 1718  834       600   0  0.10    M    346.6          M       36
================================================================================
AV 59.2 28.8                              12.0 FASTST   M    M   1    MAX(MPH)
                                 MISC ---->  # 46 270               # 57  260
================================================================================
NOTES:
# LAST OF SEVERAL OCCURRENCES

COLUMN 17 PEAK WIND IN M.P.H.

PRELIMINARY LOCAL CLIMATOLOGICAL DATA (WS FORM: F-6) , PAGE 2

                                          STATION:  LAS VEGAS NM
                                          MONTH:    NOVEMBER
                                          YEAR:     2020
                                          LATITUDE:   35 39 N
                                          LONGITUDE: 105  8 W

[TEMPERATURE DATA]      [PRECIPITATION DATA]       SYMBOLS USED IN COLUMN 16

AVERAGE MONTHLY: 44.0   TOTAL FOR MONTH:   0.10    1 = FOG OR MIST
DPTR FM NORMAL:   3.8   DPTR FM NORMAL:   -0.47    2 = FOG REDUCING VISIBILITY
HIGHEST:    74 ON  3    GRTST 24HR  0.07 ON  8- 8      TO 1/4 MILE OR LESS
LOWEST:     17 ON 27,25                            3 = THUNDER
                        SNOW, ICE PELLETS, HAIL    4 = ICE PELLETS
                        TOTAL MONTH:    M          5 = HAIL
                        GRTST 24HR    M  ON   M    6 = FREEZING RAIN OR DRIZZLE
                        GRTST DEPTH:  M  ON   M    7 = DUSTSTORM OR SANDSTORM:
                                                       VSBY 1/2 MILE OR LESS
                                                   8 = SMOKE OR HAZE
[NO. OF DAYS WITH]      [WEATHER - DAYS WITH]      9 = BLOWING SNOW
                                                   X = TORNADO
MAX 32 OR BELOW:   0    0.01 INCH OR MORE:   3
MAX 90 OR ABOVE:   0    0.10 INCH OR MORE:   0
MIN 32 OR BELOW:  20    0.50 INCH OR MORE:   0
MIN  0 OR BELOW:   0    1.00 INCH OR MORE:   0

[HDD (BASE 65) ]
TOTAL THIS MO.   600    CLEAR  (SCALE 0-3)  24
DPTR FM NORMAL  -119    PTCLDY (SCALE 4-7)   4
TOTAL FM JUL 1  1187    CLOUDY (SCALE 8-10)  1
DPTR FM NORMAL  -192

[CDD (BASE 65) ]
TOTAL THIS MO.     0
DPTR FM NORMAL     0    [PRESSURE DATA]
TOTAL FM JAN 1   575    HIGHEST SLP  0.00 ON  9
DPTR FM NORMAL   350    LOWEST  SLP 29.45 ON  7

[REMARKS]
