000
CXUS56 KTFX 301210
CF6LWT
PRELIMINARY LOCAL CLIMATOLOGICAL DATA (WS FORM: F-6)

                                          STATION:   LEWISTOWN MT
                                          MONTH:     NOVEMBER
                                          YEAR:      2020
                                          LATITUDE:   47  2 N
                                          LONGITUDE: 109 28 W

  TEMPERATURE IN F:       :PCPN:    SNOW:  WIND      :SUNSHINE: SKY     :PK WND
================================================================================
1   2   3   4   5  6A  6B    7    8   9   10  11  12  13   14  15   16   17  18
                                     12Z  AVG MX 2MIN
DY MAX MIN AVG DEP HDD CDD  WTR  SNW DPTH SPD SPD DIR MIN PSBL S-S WX    SPD DR
================================================================================

 1  67  32  50  12  15   0 0.00  0.0    0  7.1 17 230   M    M   0        19 220
 2  74  37  56  18   9   0 0.00  0.0    0 10.6 25 250   M    M   0        30 250
 3  73  40  57  20   8   0 0.00  0.0    0 15.6 26 240   M    M   0        34 230
 4  68  41  55  18  10   0 0.00  0.0    0 16.0 31 260   M    M   0        36 270
 5  71  55  63  27   2   0 0.00  0.0    0 20.5 32 240   M    M   0        38 240
 6  58  34  46  10  19   0 0.00  0.0    0  9.5 21 260   M    M   1        27 250
 7  47  29  38   2  27   0 0.16  4.2    0  7.7 17 300   M    M   7 129    26 300
 8  29  11  20 -15  45   0 0.18 10.5    8 20.5 29 280   M    M  10 129    37 290
 9  26  10  18 -17  47   0 0.01  0.6   14 10.2 21 250   M    M   5 1      24 250
10  34  15  25  -9  40   0    T    T   14 14.9 23 220   M    M   5        26 280
11  25   1  13 -21  52   0    T    T   13  9.3 20 310   M    M   8 1      26 320
12  31   1  16 -18  49   0 0.00  0.0   13 13.1 39 220   M    M   2 8      45 220
13  42  24  33   0  32   0 0.00  0.0    M 20.0 40 230   M    M   2        47 230
14  34  16  25  -8  40   0 0.00  0.0    6 16.4 32 290   M    M   4        41 290
15  41  19  30  -2  35   0 0.00  0.0    M 16.2 28 230   M    M   2        32 230
16  40  26  33   1  32   0    T  0.0    3  8.8 21 230   M    M   4        24 230
17  60  35  48  17  17   0 0.00  0.0    3 11.8 24 220   M    M   0        29 220
18  53  33  43  12  22   0 0.00  0.0    0  7.6 28 240   M    M   3        33 240
19  45  26  36   6  29   0    T  0.0    0 12.4 29 280   M    M   2        33 270
20  41  22  32   2  33   0 0.00  0.0    0 11.0 23 280   M    M   0        29 270
21  41  22  32   2  33   0 0.00  0.0    0 11.3 32 300   M    M   6        42 300
22  48  17  33   4  32   0 0.00  0.0    0  5.9 15 110   M    M   0        18 120
23  40  18  29   0  36   0 0.00  0.0    0  5.8 12 220   M    M   3        15 300
24  44  23  34   6  31   0 0.00  0.0    0  9.4 23 240   M    M   1        27 230
25  46  21  34   6  31   0    T    T    0 13.2 28 250   M    M   4        35 300
26  39  21  30   2  35   0 0.00  0.0    0 15.9 29 280   M    M   2        36 280
27  53  26  40  13  25   0 0.00  0.0    0 14.0 23 260   M    M   0        27 250
28  50  18  34   7  31   0 0.00  0.0    0 17.7 32 240   M    M   3        38 240
29  48  16  32   5  33   0 0.00  0.0    0 10.4 20 220   M    M   0        25 220
================================================================================
SM 1368  689       850   0  0.35 15.3    362.8          M       74
================================================================================
AV 47.2 23.8                              12.5 FASTST   M    M   3    MAX(MPH)
                                 MISC ---->    40 230                 47 230
================================================================================
NOTES:
# LAST OF SEVERAL OCCURRENCES

COLUMN 17 PEAK WIND IN M.P.H.

PRELIMINARY LOCAL CLIMATOLOGICAL DATA (WS FORM: F-6) , PAGE 2

                                          STATION:   LEWISTOWN MT
                                          MONTH:     NOVEMBER
                                          YEAR:      2020
                                          LATITUDE:   47  2 N
                                          LONGITUDE: 109 28 W

[TEMPERATURE DATA]      [PRECIPITATION DATA]       SYMBOLS USED IN COLUMN 16

AVERAGE MONTHLY: 35.5   TOTAL FOR MONTH:   0.35    1 = FOG OR MIST
DPTR FM NORMAL:   3.2   DPTR FM NORMAL:   -0.34    2 = FOG REDUCING VISIBILITY
HIGHEST:    74 ON  2    GRTST 24HR  0.33 ON  7- 8      TO 1/4 MILE OR LESS
LOWEST:      1 ON 12,11                             3 = THUNDER
                        SNOW, ICE PELLETS, HAIL    4 = ICE PELLETS
                        TOTAL MONTH:  15.3 INCHES  5 = HAIL
                        GRTST 24HR  10.5 ON  8- 8  6 = FREEZING RAIN OR DRIZZLE
                        GRTST DEPTH:  14 ON 10, 9  7 = DUSTSTORM OR SANDSTORM:
                                                       VSBY 1/2 MILE OR LESS
                                                   8 = SMOKE OR HAZE
[NO. OF DAYS WITH]      [WEATHER - DAYS WITH]      9 = BLOWING SNOW
                                                   X = TORNADO
MAX 32 OR BELOW:   4    0.01 INCH OR MORE:   3
MAX 90 OR ABOVE:   0    0.10 INCH OR MORE:   2
MIN 32 OR BELOW:  22    0.50 INCH OR MORE:   0
MIN  0 OR BELOW:   0    1.00 INCH OR MORE:   0

[HDD (BASE 65) ]
TOTAL THIS MO.   850    CLEAR  (SCALE 0-3)  20
DPTR FM NORMAL  -101    PTCLDY (SCALE 4-7)   8
TOTAL FM JUL 1  1959    CLOUDY (SCALE 8-10)  1
DPTR FM NORMAL  -130

[CDD (BASE 65) ]
TOTAL THIS MO.     0
DPTR FM NORMAL     0    [PRESSURE DATA]
TOTAL FM JAN 1   250    HIGHEST SLP M ON M
DPTR FM NORMAL    40    LOWEST  SLP 29.31 ON 13

[REMARKS]
