000
CXUS54 KMAF 301210
CF6MAF
PRELIMINARY LOCAL CLIMATOLOGICAL DATA (WS FORM: F-6)

                                          STATION:   MIDLAND INTERNATIONAL AIRPORT
                                          MONTH:     NOVEMBER
                                          YEAR:      2020
                                          LATITUDE:   31 57 N
                                          LONGITUDE: 102 11 W

  TEMPERATURE IN F:       :PCPN:    SNOW:  WIND      :SUNSHINE: SKY     :PK WND
================================================================================
1   2   3   4   5  6A  6B    7    8   9   10  11  12  13   14  15   16   17  18
                                     12Z  AVG MX 2MIN
DY MAX MIN AVG DEP HDD CDD  WTR  SNW DPTH SPD SPD DIR MIN PSBL S-S WX    SPD DR
================================================================================

 1  72  49  61   2   4   0 0.00  0.0    M 12.3 23  40   M    M   0        28  40
 2  73  38  56  -3   9   0 0.00  0.0    M  7.9 17 160   M    M   0        21 160
 3  77  43  60   2   5   0 0.00  0.0    M 10.6 17 170   M    M   0        24 170
 4  83  51  67   9   0   2 0.00  0.0    M 10.2 16 200   M    M   0 8      22 120
 5  85  45  65   8   0   0 0.00  0.0    0  7.4 16  60   M    M   0        21  50
 6  79  42  61   4   4   0 0.00  0.0    0  7.4 15 160   M    M   0        19 150
 7  75  47  61   5   4   0 0.00  0.0    0 14.9 26 150   M    M   0        32 150
 8  81  56  69  13   0   4 0.00  0.0    0 17.6 26 170   M    M   0 8      31 190
 9  84  61  73  17   0   8 0.00  0.0    0 16.7 25 180   M    M   0        32 180
10  68  44  56   1   9   0 0.00  0.0    0  9.7 22 340   M    M   0        30 240
11  73  37  55   0  10   0 0.00  0.0    0  5.0 13 180   M    M   0        18 190
12  77  40  59   5   6   0 0.00  0.0    0  4.9 12 190   M    M   0 1      15 190
13  60  49  55   1  10   0 0.00  0.0    0  9.0 25  60   M    M   9        29  60
14  81  53  67  14   0   2 0.00  0.0    0 14.9 33 230   M    M   3 8      41 230
15  62  40  51  -2  14   0 0.00  0.0    0  9.2 25 340   M    M   0 8      32 340
16  76  33  55   3  10   0 0.00  0.0    M  5.5 15 190   M    M   0        17 190
17  73  36  55   3  10   0 0.00  0.0    M  9.1 23 160   M    M   0 8      28 170
18  74  44  59   7   6   0 0.00  0.0    0 14.9 23 180   M    M   0        31 180
19  81  53  67  16   0   2 0.00  0.0    0 12.3 18 190   M    M   0        23 190
20  81  53  67  16   0   2 0.00  0.0    0  7.0 14 180   M    M   0        16 180
21  73  46  60  10   5   0 0.00  0.0    0  9.1 20 150   M    M   2 1      25 140
22  56  47  52   2  13   0 0.00  0.0    0 12.5 21  60   M    M   6 1      24  60
23  68  47  58   8   7   0 0.01  0.0    0 16.1 30 170   M    M   7 12     35 170
24  77  43  60  11   5   0 0.00  0.0    0 17.0 38 280   M    M   1 78     49 280
25  67  31  49   0  16   0 0.00  0.0    0  7.9 18 350   M    M   0        23 360
26  77  39  58   9   7   0 0.00  0.0    0  8.7 23 270   M    M   0        27 260
27  56  45  51   3  14   0 0.00  0.0    0 16.6 28  50   M    M   6 8      33  60
28  56  38  47  -1  18   0 0.47  0.0    0  9.1 18  70   M    M   6 138    25  40
29  53  30  42  -6  23   0 0.00  0.0    0 11.3 23  10   M    M   5 12     29  20
================================================================================
SM 2098 1280       209  20  0.48  0.0    314.8          M       45
================================================================================
AV 72.3 44.1                              10.9 FASTST   M    M   2    MAX(MPH)
                                 MISC ---->    38 280                 49 280
================================================================================
NOTES:
# LAST OF SEVERAL OCCURRENCES

COLUMN 17 PEAK WIND IN M.P.H.

PRELIMINARY LOCAL CLIMATOLOGICAL DATA (WS FORM: F-6) , PAGE 2

                                          STATION:   MIDLAND INTERNATIONAL AIRPORT
                                          MONTH:     NOVEMBER
                                          YEAR:      2020
                                          LATITUDE:   31 57 N
                                          LONGITUDE: 102 11 W

[TEMPERATURE DATA]      [PRECIPITATION DATA]       SYMBOLS USED IN COLUMN 16

AVERAGE MONTHLY: 58.2   TOTAL FOR MONTH:   0.48    1 = FOG OR MIST
DPTR FM NORMAL:   5.2   DPTR FM NORMAL:   -0.19    2 = FOG REDUCING VISIBILITY
HIGHEST:    85 ON  5    GRTST 24HR  0.47 ON 28-28      TO 1/4 MILE OR LESS
LOWEST:     30 ON 29                               3 = THUNDER
                        SNOW, ICE PELLETS, HAIL    4 = ICE PELLETS
                        TOTAL MONTH:   0.0 INCH    5 = HAIL
                        GRTST 24HR  0.0            6 = FREEZING RAIN OR DRIZZLE
                        GRTST DEPTH:  0            7 = DUSTSTORM OR SANDSTORM:
                                                       VSBY 1/2 MILE OR LESS
                                                   8 = SMOKE OR HAZE
[NO. OF DAYS WITH]      [WEATHER - DAYS WITH]      9 = BLOWING SNOW
                                                   X = TORNADO
MAX 32 OR BELOW:   0    0.01 INCH OR MORE:   2
MAX 90 OR ABOVE:   0    0.10 INCH OR MORE:   1
MIN 32 OR BELOW:   2    0.50 INCH OR MORE:   0
MIN  0 OR BELOW:   0    1.00 INCH OR MORE:   0

[HDD (BASE 65) ]
TOTAL THIS MO.   209    CLEAR  (SCALE 0-3)  23
DPTR FM NORMAL  -143    PTCLDY (SCALE 4-7)   5
TOTAL FM JUL 1   389    CLOUDY (SCALE 8-10)  1
DPTR FM NORMAL   -72

[CDD (BASE 65) ]
TOTAL THIS MO.    20
DPTR FM NORMAL    14    [PRESSURE DATA]
TOTAL FM JAN 1  2907    HIGHEST SLP M ON M
DPTR FM NORMAL   629    LOWEST  SLP 29.62 ON  9

[REMARKS]
