204
CXUS52 KMLB 300733
CF6MCO
PRELIMINARY LOCAL CLIMATOLOGICAL DATA (WS FORM: F-6)

                                          STATION:   ORLANDO INTL
                                          MONTH:     NOVEMBER
                                          YEAR:      2020
                                          LATITUDE:   28 25 N
                                          LONGITUDE:  81 19 W

  TEMPERATURE IN F:       :PCPN:    SNOW:  WIND      :SUNSHINE: SKY     :PK WND
================================================================================
1   2   3   4   5  6A  6B    7    8   9   10  11  12  13   14  15   16   17  18
                                     12Z  AVG MX 2MIN
DY MAX MIN AVG DEP HDD CDD  WTR  SNW DPTH SPD SPD DIR MIN PSBL S-S WX    SPD DR
================================================================================

 1  85  71  78   6   0  13 2.18  0.0    0  6.6 17 350   M    M   8 13     20 350
 2  73  58  66  -5   0   1 0.00  0.0    0 16.7 28  30   M    M   3        35  20
 3  78  55  67  -4   0   2 0.00  0.0    0 11.5 21  60   M    M   4        25  60
 4  80  60  70  -1   0   5 0.00  0.0    0 10.7 23  60   M    M   4        29  60
 5  84  66  75   4   0  10 0.02  0.0    0 10.4 21  70   M    M   3 1      26  70
 6  83  66  75   5   0  10 0.00  0.0    0 10.3 22  70   M    M   5        27  70
 7  85  71  78   8   0  13 0.00  0.0    0 14.6 26  70   M    M   7        32  80
 8  79  70  75   5   0  10 0.08  0.0    0 16.8 28  60   M    M  10 1      35  60
 9  80  75  78   8   0  13 0.46  0.0    0 16.7 28  70   M    M   9 1      36  60
10  82  75  79   9   0  14 0.56  0.0    0 11.5 24 130   M    M   8 1      33 130
11  85  74  80  11   0  15 0.06  0.0    0 13.6 25 150   M    M   9 13     33 140
12  82  73  78   9   0  13 0.61  0.0    0 13.6 24 170   M    M   9 1      31 150
13  79  69  74   5   0   9    T  0.0    0  5.7 10  30   M    M   6        13 320
14  82  68  75   6   0  10 0.00  0.0    0  8.6 15  50   M    M   3        26  20
15  85  69  77   8   0  12 1.07  0.0    0  5.8 15 300   M    M   6 1      20 310
16  80  66  73   5   0   8    T  0.0    0  7.6 15  10   M    M   5        20 360
17  76  57  67  -1   0   2 0.00  0.0    0 10.4 18  30   M    M   2        23  30
18  76  55  66  -2   0   1 0.00  0.0    0 13.2 26  50   M    M   3        33  30
19  76  59  68   0   0   3    T  0.0    0 11.4 24  80   M    M   8        30  80
20  79  61  70   2   0   5    T  0.0    0  9.7 21  50   M    M   5 1      26  60
21  77  64  71   4   0   6 0.02  0.0    0  9.3 22  50   M    M   6 1      29  50
22  77  64  71   4   0   6 0.10  0.0    0  6.6 12 100   M    M   8 1      16  90
23  77  60  69   2   0   4 0.00  0.0    0 10.3 22 360   M    M   5        26 360
24  80  58  69   2   0   4 0.00  0.0    0  8.5 20  60   M    M   3        23  70
25  82  63  73   7   0   8 0.00  0.0    0  7.5 17 170   M    M   4        23 170
26  82  60  71   5   0   6 0.00  0.0    0  3.3 15 170   M    M   2 1      17 150
27  82  63  73   7   0   8 0.00  0.0    0  2.7  8 140   M    M   3 1      11 120
28  82  62  72   6   0   7 0.00  0.0    0  3.7 12 250   M    M   5        14 260
29  81  65  73   7   0   8 0.00  0.0    0  3.8 10 200   M    M   7 1      13 210
================================================================================
SM 2329 1877         0 226  5.16  0.0    281.1          M      160
================================================================================
AV 80.3 64.7                               9.7 FASTST   M    M   6    MAX(MPH)
                                 MISC ---->  # 28  30                 36  60
================================================================================
NOTES:
# LAST OF SEVERAL OCCURRENCES

COLUMN 17 PEAK WIND IN M.P.H.

PRELIMINARY LOCAL CLIMATOLOGICAL DATA (WS FORM: F-6) , PAGE 2

                                          STATION:   ORLANDO INTL
                                          MONTH:     NOVEMBER
                                          YEAR:      2020
                                          LATITUDE:   28 25 N
                                          LONGITUDE:  81 19 W

[TEMPERATURE DATA]      [PRECIPITATION DATA]       SYMBOLS USED IN COLUMN 16

AVERAGE MONTHLY: 72.5   TOTAL FOR MONTH:   5.16    1 = FOG OR MIST
DPTR FM NORMAL:   3.9   DPTR FM NORMAL:    3.07    2 = FOG REDUCING VISIBILITY
HIGHEST:    85 ON 15,11  GRTST 24HR  2.18 ON  1- 1      TO 1/4 MILE OR LESS
LOWEST:     55 ON 18, 3                             3 = THUNDER
                        SNOW, ICE PELLETS, HAIL    4 = ICE PELLETS
                        TOTAL MONTH:   0.0 INCH    5 = HAIL
                        GRTST 24HR  0.0            6 = FREEZING RAIN OR DRIZZLE
                        GRTST DEPTH:  0            7 = DUSTSTORM OR SANDSTORM:
                                                       VSBY 1/2 MILE OR LESS
                                                   8 = SMOKE OR HAZE
[NO. OF DAYS WITH]      [WEATHER - DAYS WITH]      9 = BLOWING SNOW
                                                   X = TORNADO
MAX 32 OR BELOW:   0    0.01 INCH OR MORE:  10
MAX 90 OR ABOVE:   0    0.10 INCH OR MORE:   6
MIN 32 OR BELOW:   0    0.50 INCH OR MORE:   4
MIN  0 OR BELOW:   0    1.00 INCH OR MORE:   2

[HDD (BASE 65) ]
TOTAL THIS MO.     0    CLEAR  (SCALE 0-3)   6
DPTR FM NORMAL   -42    PTCLDY (SCALE 4-7)  18
TOTAL FM JUL 1     0    CLOUDY (SCALE 8-10)  5
DPTR FM NORMAL   -47

[CDD (BASE 65) ]
TOTAL THIS MO.   226
DPTR FM NORMAL    81    [PRESSURE DATA]
TOTAL FM JAN 1  4228    HIGHEST SLP M ON M
DPTR FM NORMAL   876    LOWEST  SLP 29.76 ON 11

[REMARKS]
