000
CXUS53 KMPX 010016
CF6MKT
PRELIMINARY LOCAL CLIMATOLOGICAL DATA (WS FORM: F-6)

                                          STATION:   MANKATO MN
                                          MONTH:     NOVEMBER
                                          YEAR:      2020
                                          LATITUDE:   44 13 N
                                          LONGITUDE:  93 55 W

  TEMPERATURE IN F:       :PCPN:    SNOW:  WIND      :SUNSHINE: SKY     :PK WND
================================================================================
1   2   3   4   5  6A  6B    7    8   9   10  11  12  13   14  15   16   17  18
                                     12Z  AVG MX 2MIN
DY MAX MIN AVG DEP HDD CDD  WTR  SNW DPTH SPD SPD DIR MIN PSBL S-S WX    SPD DR
================================================================================

 1  37  25  31 -10  34   0 0.00    M    M 15.1 25 300   M    M   1        40 310
 2  62  27  45   4  20   0 0.00    M    M  9.1 14 260   M    M   0         M   M
 3  77  33  55  15  10   0 0.00    M    M  8.3 15 210   M    M   0         M   M
 4  78  36  57  17   8   0 0.00    M    M  6.6  9 220   M    M   0         M   M
 5  67  44  56  17   9   0 0.00    M    M  5.3  9 160   M    M   0         M   M
 6  75  46  61  22   4   0 0.00    M    M 11.5 18 190   M    M   0        30 200
 7  73  58  66  28   0   1 0.00    M    M 18.2 24 190   M    M   0        40 180
 8  72  54  63  25   2   0 0.00    M    M 16.7 31 180   M    M   2        41 180
 9  64  30  47  10  18   0 0.00    M    M 16.0 24 190   M    M  10        32 190
10  31  24  28  -9  37   0 0.25    M    M 14.7 28 300   M    M  10 12     35 300
11  36  17  27  -9  38   0 0.45    M    M  8.2 13 190   M    M   1         M   M
12  29  12  21 -15  44   0 0.00    M    M  7.0 17 320   M    M   5 12      M   M
13  36   8  22 -13  43   0 0.16    M    M  9.7 17 160   M    M   0        25 160
14  37  30  34   0  31   0 0.00    M    M 13.7 23 150   M    M   7 12     32 160
15  37  26  32  -2  33   0 0.03    M    M 19.3 29 290   M    M   7        43 290
16  42  23  33   0  32   0 0.00    M    M 12.5 25 310   M    M   4        37 300
17  34  16  25  -8  40   0 0.00    M    M  7.8 15 150   M    M   3         M   M
18  56  32  44  12  21   0 0.00    M    M 15.1 21 160   M    M   0        30 160
19  55  40  48  16  17   0 0.00    M    M  7.3 12 310   M    M   0         M   M
20  40  25  33   2  32   0 0.00    M    M 11.9 18 310   M    M   5        24 320
21  40  20  30   0  35   0 0.00    M    M  4.7 10 160   M    M   1         M   M
22  42  27  35   5  30   0    T    M    M 11.0 17 290   M    M   6        23 310
23  38  19  29   0  36   0 0.00    M    M  8.0 14 130   M    M   2 1       M   M
24  37  32  35   6  30   0    T    M    M  8.9 18 140   M    M  10 12     22 140
25  37  34  36   8  29   0    T    M    M  6.4 12 360   M    M  10 1       M   M
26  34  30  32   4  33   0 0.00    M    M  9.5 14 310   M    M  10 1      20 180
27  37  26  32   5  33   0 0.00    M    M  9.3 15 290   M    M   0        20 300
28  54  30  42  15  23   0 0.00    M    M  9.0 12 210   M    M   0         M   M
29  39  21  30   4  35   0 0.00    M    M 19.2 27 330   M    M   4        37 320
30   M   M   M   M   M   M    M    M    M    M  M   M   M    M   M         M   M
================================================================================
SM 1396  845       757   1  0.89    M    320.0          M       98
================================================================================
AV 48.1 29.1                              11.0 FASTST   M    M   3    MAX(MPH)
                                 MISC ---->    31 180                 43 290
================================================================================
NOTES:
# LAST OF SEVERAL OCCURRENCES

COLUMN 17 PEAK WIND IN M.P.H.

PRELIMINARY LOCAL CLIMATOLOGICAL DATA (WS FORM: F-6) , PAGE 2

                                          STATION:   MANKATO MN
                                          MONTH:     NOVEMBER
                                          YEAR:      2020
                                          LATITUDE:   44 13 N
                                          LONGITUDE:  93 55 W

[TEMPERATURE DATA]      [PRECIPITATION DATA]       SYMBOLS USED IN COLUMN 16

AVERAGE MONTHLY: 38.6   TOTAL FOR MONTH:   0.89    1 = FOG OR MIST
DPTR FM NORMAL:   5.1   DPTR FM NORMAL:   -1.05    2 = FOG REDUCING VISIBILITY
HIGHEST:    78 ON  4    GRTST 24HR  0.45 ON 11-11      TO 1/4 MILE OR LESS
LOWEST:      8 ON 13                               3 = THUNDER
                        SNOW, ICE PELLETS, HAIL    4 = ICE PELLETS
                        TOTAL MONTH:  M            5 = HAIL
                        GRTST 24HR    M  ON   M    6 = FREEZING RAIN OR DRIZZLE
                        GRTST DEPTH:  M  ON   M    7 = DUSTSTORM OR SANDSTORM:
                                                       VSBY 1/2 MILE OR LESS
                                                   8 = SMOKE OR HAZE
[NO. OF DAYS WITH]      [WEATHER - DAYS WITH]      9 = BLOWING SNOW
                                                   X = TORNADO
MAX 32 OR BELOW:   2    0.01 INCH OR MORE:   4
MAX 90 OR ABOVE:   0    0.10 INCH OR MORE:   3
MIN 32 OR BELOW:  21    0.50 INCH OR MORE:   0
MIN  0 OR BELOW:   0    1.00 INCH OR MORE:   0

[HDD (BASE 65) ]
TOTAL THIS MO.   757    CLEAR  (SCALE 0-3)  17
DPTR FM NORMAL  -187    PTCLDY (SCALE 4-7)   7
TOTAL FM JUL 1  1617    CLOUDY (SCALE 8-10)  5
DPTR FM NORMAL   -55

[CDD (BASE 65) ]
TOTAL THIS MO.     1
DPTR FM NORMAL     1    [PRESSURE DATA]
TOTAL FM JAN 1   794    HIGHEST SLP M ON M
DPTR FM NORMAL   140    LOWEST  SLP M ON M

[REMARKS]
#FINAL-11-20#
