000
CXUS53 KMPX 300647
CF6MSP
PRELIMINARY LOCAL CLIMATOLOGICAL DATA (WS FORM: F-6)

                                          STATION:   TWIN CITIES MN
                                          MONTH:     NOVEMBER
                                          YEAR:      2020
                                          LATITUDE:   44 52 N
                                          LONGITUDE:  93 13 W

  TEMPERATURE IN F:       :PCPN:    SNOW:  WIND      :SUNSHINE: SKY     :PK WND
================================================================================
1   2   3   4   5  6A  6B    7    8   9   10  11  12  13   14  15   16   17  18
                                     12Z  AVG MX 2MIN
DY MAX MIN AVG DEP HDD CDD  WTR  SNW DPTH SPD SPD DIR MIN PSBL S-S WX    SPD DR
================================================================================

 1  39  26  33  -9  32   0    T    T    0 14.5 35 320   M    M   3        49 320
 2  58  27  43   2  22   0 0.00  0.0    0  6.5 13 280   M    M   2        19 230
 3  75  33  54  13  11   0 0.00  0.0    0  6.6 14 210   M    M   0        20 210
 4  74  43  59  19   6   0 0.00  0.0    0  4.6  9 240   M    M   0         M   M
 5  66  42  54  14  11   0 0.00  0.0    0  4.2 12 270   M    M   3        15 210
 6  75  49  62  23   3   0 0.00  0.0    0  9.6 18 210   M    M   5        34 230
 7  74  60  67  28   0   2 0.00  0.0    0 13.9 25 180   M    M   5        35 170
 8  72  54  63  25   2   0 0.00  0.0    0 16.7 30 180   M    M   2        42 160
 9  66  32  49  11  16   0 0.32  0.0    0 15.3 25 180   M    M  10 1      36 260
10  32  27  30  -7  35   0 0.62  5.5    0 11.7 21 310   M    M  10 1246   33 300
11  37  21  29  -7  36   0    T    T    6  7.4 16 270   M    M   3 1      21 280
12  31  22  27  -9  38   0 0.16  2.8    4  7.4 18 310   M    M   7 12     25 310
13  35  13  24 -11  41   0 0.00  0.0    6  8.4 18 170   M    M   2 1      32 150
14  37  29  33  -2  32   0 0.11  0.0    5 10.1 22 140   M    M   7 1      34 140
15  36  24  30  -4  35   0 0.01    T    3 16.1 30 300   M    M   8 1      46 310
16  41  24  33   0  32   0    T    T    1  8.6 22 330   M    M   6 8      32 320
17  34  19  27  -6  38   0 0.00  0.0    T  5.0 12 150   M    M   4        15 320
18  53  30  42  10  23   0 0.00  0.0    T 12.2 24 160   M    M   6        37 150
19  54  39  47  15  18   0 0.00  0.0    0  4.5 18 310   M    M   7        25 310
20  42  26  34   3  31   0    T  0.0    0 10.3 20 310   M    M   5        29 270
21  39  22  31   1  34   0 0.00  0.0    0  4.0  9 190   M    M   1 1      12 200
22  41  29  35   5  30   0 0.06  0.5    1  9.7 21 300   M    M  10 1      29 270
23  36  23  30   1  35   0 0.00  0.0    0  7.2 14 120   M    M   2        19 110
24  36  32  34   5  31   0 0.01  0.0    0  7.5 18 140   M    M  10 18     30 150
25  36  34  35   7  30   0 0.00  0.0    0  6.2 12  50   M    M  10 1      23  50
26  36  28  32   4  33   0 0.00  0.0    0  7.6 10 280   M    M   9         M   M
27  37  27  32   5  33   0 0.00  0.0    0  8.0 15 260   M    M   1        28 250
28  50  32  41  14  24   0 0.00  0.0    0  7.4 14 240   M    M   1        19 240
29  40  22  31   5  34   0 0.00  0.0    0 18.1 33 330   M    M   6        44 320
================================================================================
SM 1382  889       746   2  1.29  8.8    269.3          M      145
================================================================================
AV 47.7 30.7                               9.3 FASTST   M    M   5    MAX(MPH)
                                 MISC ---->    35 320                 49 320
================================================================================
NOTES:
# LAST OF SEVERAL OCCURRENCES

COLUMN 17 PEAK WIND IN M.P.H.

PRELIMINARY LOCAL CLIMATOLOGICAL DATA (WS FORM: F-6) , PAGE 2

                                          STATION:   TWIN CITIES MN
                                          MONTH:     NOVEMBER
                                          YEAR:      2020
                                          LATITUDE:   44 52 N
                                          LONGITUDE:  93 13 W

[TEMPERATURE DATA]      [PRECIPITATION DATA]       SYMBOLS USED IN COLUMN 16

AVERAGE MONTHLY: 39.2   TOTAL FOR MONTH:   1.29    1 = FOG OR MIST
DPTR FM NORMAL:   5.2   DPTR FM NORMAL:   -0.43    2 = FOG REDUCING VISIBILITY
HIGHEST:    75 ON  6, 3  GRTST 24HR  0.62 ON 10-10      TO 1/4 MILE OR LESS
LOWEST:     13 ON 13                               3 = THUNDER
                        SNOW, ICE PELLETS, HAIL    4 = ICE PELLETS
                        TOTAL MONTH:   8.8 INCHES  5 = HAIL
                        GRTST 24HR   5.5 ON 10-10  6 = FREEZING RAIN OR DRIZZLE
                        GRTST DEPTH:   6 ON 13,11  7 = DUSTSTORM OR SANDSTORM:
                                                       VSBY 1/2 MILE OR LESS
                                                   8 = SMOKE OR HAZE
[NO. OF DAYS WITH]      [WEATHER - DAYS WITH]      9 = BLOWING SNOW
                                                   X = TORNADO
MAX 32 OR BELOW:   2    0.01 INCH OR MORE:   7
MAX 90 OR ABOVE:   0    0.10 INCH OR MORE:   4
MIN 32 OR BELOW:  21    0.50 INCH OR MORE:   1
MIN  0 OR BELOW:   0    1.00 INCH OR MORE:   0

[HDD (BASE 65) ]
TOTAL THIS MO.   746    CLEAR  (SCALE 0-3)  11
DPTR FM NORMAL  -154    PTCLDY (SCALE 4-7)  11
TOTAL FM JUL 1  1565    CLOUDY (SCALE 8-10)  7
DPTR FM NORMAL   -15

[CDD (BASE 65) ]
TOTAL THIS MO.     2
DPTR FM NORMAL     2    [PRESSURE DATA]
TOTAL FM JAN 1   950    HIGHEST SLP M ON M
DPTR FM NORMAL   197    LOWEST  SLP 29.41 ON 15

[REMARKS]
