000
CXUS55 KGJT 301010
CF6MTJ
PRELIMINARY LOCAL CLIMATOLOGICAL DATA (WS FORM: F-6)

                                          STATION:   MONTROSE CO
                                          MONTH:     NOVEMBER
                                          YEAR:      2020
                                          LATITUDE:   38 30 N
                                          LONGITUDE: 107 53 W

  TEMPERATURE IN F:       :PCPN:    SNOW:  WIND      :SUNSHINE: SKY     :PK WND
================================================================================
1   2   3   4   5  6A  6B    7    8   9   10  11  12  13   14  15   16   17  18
                                     12Z  AVG MX 2MIN
DY MAX MIN AVG DEP HDD CDD  WTR  SNW DPTH SPD SPD DIR MIN PSBL S-S WX    SPD DR
================================================================================

 1  64  30  47   3  18   0 0.00    M    M  6.9 14 150   M    M   0        15 150
 2  64  30  47   4  18   0 0.00    M    M  6.0 13 140   M    M   0        14 140
 3  65  34  50   7  15   0 0.00    M    M  5.8 12 160   M    M   1        14 310
 4  67  35  51   9  14   0 0.00    M    M  5.9 13 160   M    M   2        15 150
 5  67  34  51   9  14   0 0.00    M    M  5.6 12 160   M    M   0        14 140
 6  69  39  54  12  11   0 0.00    M    M  7.6 20 100   M    M   1        24  90
 7  61  41  51  10  14   0 0.04    M    M 12.5 35 140   M    M   5        49 250
 8  47  32  40  -1  25   0 0.10    M    M  8.6 28 230   M    M   6 1      39 220
 9  40  28  34  -6  31   0    T    M    M  7.5 31 240   M    M   7 18     40 260
10  38  21  30 -10  35   0 0.00    M    M  5.8 17 300   M    M   7        21 310
11  47  18  33  -6  32   0 0.00    M    M  5.8 17 280   M    M   0        22 250
12  45  20  33  -6  32   0 0.00    M    M  5.9 14 150   M    M   0        15 130
13  54  20  37  -1  28   0 0.00    M    M  6.1 21 220   M    M   5        35 200
14  51  22  37  -1  28   0    T    M    M 12.9 30 250   M    M   5        50 250
15  53  21  37  -1  28   0 0.00    M    M  4.8 10 130   M    M   3        11 340
16  58  23  41   4  24   0 0.00    M    M  5.3 10 160   M    M   0        12 150
17  64  25  45   8  20   0 0.00    M    M  6.1 14 150   M    M   0        16 170
18  70  36  53  17  12   0 0.00    M    M  8.8 36 190   M    M   2 8      55 190
19  66  36  51  15  14   0 0.00    M    M  8.7 21 260   M    M   0        29 240
20  53  27  40   5  25   0 0.00    M    M  5.9 13 150   M    M   2        15 140
21  57  29  43   8  22   0 0.00    M    M  6.8 16 130   M    M   4        20 130
22  52  21  37   3  28   0    T    M    M  4.4 12 290   M    M   2        14 290
23  61  34  48  14  17   0 0.05    M    M  7.9 21 230   M    M   3 8      28 220
24  41  28  35   1  30   0 0.24    M    M  8.2 17 160   M    M   7 1      21 320
25  45  22  34   1  31   0 0.00    M    M  7.2 15 150   M    M   0        17 150
26  40  23  32  -1  33   0    T    M    M  7.0 16 300   M    M   6        21 290
27  40  24  32   0  33   0 0.00    M    M  4.5 12 160   M    M   3        14 160
28  43  19  31  -1  34   0 0.00    M    M  5.2 12 150   M    M   0        13 150
29  43  19  31   0  34   0 0.00    M    M  6.3 12 140   M    M   0        14 140
================================================================================
SM 1565  791       700   0  0.43    M    200.0          M       71
================================================================================
AV 54.0 27.3                               6.9 FASTST   M    M   2    MAX(MPH)
                                 MISC ---->    36 190                 55 190
================================================================================
NOTES:
# LAST OF SEVERAL OCCURRENCES

COLUMN 17 PEAK WIND IN M.P.H.

PRELIMINARY LOCAL CLIMATOLOGICAL DATA (WS FORM: F-6) , PAGE 2

                                          STATION:   MONTROSE CO
                                          MONTH:     NOVEMBER
                                          YEAR:      2020
                                          LATITUDE:   38 30 N
                                          LONGITUDE: 107 53 W

[TEMPERATURE DATA]      [PRECIPITATION DATA]       SYMBOLS USED IN COLUMN 16

AVERAGE MONTHLY: 40.6   TOTAL FOR MONTH:   0.43    1 = FOG OR MIST
DPTR FM NORMAL:   3.1   DPTR FM NORMAL:   -0.36    2 = FOG REDUCING VISIBILITY
HIGHEST:    70 ON 18    GRTST 24HR  0.29 ON 23-24      TO 1/4 MILE OR LESS
LOWEST:     18 ON 11                               3 = THUNDER
                        SNOW, ICE PELLETS, HAIL    4 = ICE PELLETS
                        TOTAL MONTH:  M            5 = HAIL
                        GRTST 24HR    M  ON   M    6 = FREEZING RAIN OR DRIZZLE
                        GRTST DEPTH:  M  ON   M    7 = DUSTSTORM OR SANDSTORM:
                                                       VSBY 1/2 MILE OR LESS
                                                   8 = SMOKE OR HAZE
[NO. OF DAYS WITH]      [WEATHER - DAYS WITH]      9 = BLOWING SNOW
                                                   X = TORNADO
MAX 32 OR BELOW:   0    0.01 INCH OR MORE:   4
MAX 90 OR ABOVE:   0    0.10 INCH OR MORE:   2
MIN 32 OR BELOW:  21    0.50 INCH OR MORE:   0
MIN  0 OR BELOW:   0    1.00 INCH OR MORE:   0

[HDD (BASE 65) ]
TOTAL THIS MO.   700    CLEAR  (SCALE 0-3)  19
DPTR FM NORMAL   -96    PTCLDY (SCALE 4-7)  10
TOTAL FM JUL 1  1241    CLOUDY (SCALE 8-10)  0
DPTR FM NORMAL  -146

[CDD (BASE 65) ]
TOTAL THIS MO.     0
DPTR FM NORMAL     0    [PRESSURE DATA]
TOTAL FM JAN 1   896    HIGHEST SLP M ON M
DPTR FM NORMAL   253    LOWEST  SLP 29.29 ON  7

[REMARKS]
