000
CXUS53 KOAX 291030
CF6OAX
PRELIMINARY LOCAL CLIMATOLOGICAL DATA (WS FORM: F-6)

                                          STATION:   VALLEY NWS NE
                                          MONTH:     NOVEMBER
                                          YEAR:      2020
                                          LATITUDE:   41 19 N
                                          LONGITUDE:  96 22 W

  TEMPERATURE IN F:       :PCPN:    SNOW:  WIND      :SUNSHINE: SKY     :PK WND
================================================================================
1   2   3   4   5  6A  6B    7    8   9   10  11  12  13   14  15   16   17  18
                                     12Z  AVG MX 2MIN
DY MAX MIN AVG DEP HDD CDD  WTR  SNW DPTH SPD SPD DIR MIN PSBL S-S WX    SPD DR
================================================================================

 1  48  33  41  -5  24   0 0.00  0.0    0    M  M   M   M    M   M        32   M
 2  69  33  51   5  14   0 0.00  0.0    0    M  M   M   M    M   M        15   M
 3  81  42  62  17   3   0 0.00  0.0    0    M  M   M   M    M   M        24   M
 4  77  43  60  15   5   0 0.00  0.0    0    M  M   M   M    M   M        15   M
 5  76  41  59  15   6   0 0.00  0.0    0    M  M   M   M    M   M        15   M
 6  77  43  60  16   5   0 0.00  0.0    0    M  M   M   M    M   M        31   M
 7  76  57  67  24   0   2 0.00  0.0    0    M  M   M   M    M   M        32   M
 8  74  56  65  22   0   0 0.00  0.0    0    M  M   M   M    M   M        45   M
 9  67  32  50   8  15   0 0.08  0.0    0    M  M   M   M    M   M 6      32   M
10  33  27  30 -12  35   0 0.90  0.1    0    M  M   M   M    M   M 56     17   M
11  51  27  39  -2  26   0 0.00  0.0    0    M  M   M   M    M   M        22   M
12  39  23  31 -10  34   0 0.00  0.0    0    M  M   M   M    M   M        31   M
13  45  21  33  -7  32   0 0.00  0.0    0    M  M   M   M    M   M        31   M
14  55  35  45   5  20   0 0.01  0.0    0    M  M   M   M    M   M        47   M
15  50  32  41   2  24   0 0.00  0.0    0    M  M   M   M    M   M        39   M
16  59  28  44   6  21   0 0.00  0.0    0    M  M   M   M    M   M        39   M
17  55  28  42   4  23   0 0.00  0.0    0    M  M   M   M    M   M        26   M
18  68  42  55  18  10   0 0.00  0.0    0    M  M   M   M    M   M        33   M
19  73  43  58  21   7   0 0.00  0.0    0    M  M   M   M    M   M        17   M
20  56  38  47  11  18   0 0.00  0.0    0    M  M   M   M    M   M        17   M
21  46  34  40   4  25   0    T  0.0    0    M  M   M   M    M   M        14   M
22  50  28  39   4  26   0    T  0.0    0    M  M   M   M    M   M        22   M
23  38  24  31  -4  34   0 0.08    T    0    M  M   M   M    M   M 4      30   M
24  44  35  40   6  25   0 0.08  0.0    0    M  M   M   M    M   M        25   M
25  36  30  33  -1  32   0 0.00  0.0    0    M  M   M   M    M   M        28   M
26  46  30  38   5  27   0 0.00  0.0    0    M  M   M   M    M   M        21   M
27  51  26  39   6  26   0 0.00  0.0    0    M  M   M   M    M   M 1      16   M
28  55  31  43  11  22   0 0.00  0.0    0    M  M   M   M    M   M        25   M
================================================================================
SM 1595  962       539   2  1.15  0.1        M          M        M
================================================================================
AV 57.0 34.4                                 M FASTST   M    M   M    MAX(MPH)
                                 MISC ---->     M   M                 47 9999
================================================================================
NOTES:
# LAST OF SEVERAL OCCURRENCES

COLUMN 17 PEAK WIND IN M.P.H.

PRELIMINARY LOCAL CLIMATOLOGICAL DATA (WS FORM: F-6) , PAGE 2

                                          STATION:   VALLEY NWS NE
                                          MONTH:     NOVEMBER
                                          YEAR:      2020
                                          LATITUDE:   41 19 N
                                          LONGITUDE:  96 22 W

[TEMPERATURE DATA]      [PRECIPITATION DATA]       SYMBOLS USED IN COLUMN 16

AVERAGE MONTHLY: 45.7   TOTAL FOR MONTH:   1.15    1 = FOG OR MIST
DPTR FM NORMAL:   6.4   DPTR FM NORMAL:   -0.23    2 = FOG REDUCING VISIBILITY
HIGHEST:    81 ON  3    GRTST 24HR  0.90 ON 10-10      TO 1/4 MILE OR LESS
LOWEST:     21 ON 13                               3 = THUNDER
                        SNOW, ICE PELLETS, HAIL    4 = ICE PELLETS
                        TOTAL MONTH:   0.1 INCH    5 = HAIL
                        GRTST 24HR   0.1 ON 10-10  6 = FREEZING RAIN OR DRIZZLE
                        GRTST DEPTH:  0            7 = DUSTSTORM OR SANDSTORM:
                                                       VSBY 1/2 MILE OR LESS
                                                   8 = SMOKE OR HAZE
[NO. OF DAYS WITH]      [WEATHER - DAYS WITH]      9 = BLOWING SNOW
                                                   X = TORNADO
MAX 32 OR BELOW:   0    0.01 INCH OR MORE:   5
MAX 90 OR ABOVE:   0    0.10 INCH OR MORE:   1
MIN 32 OR BELOW:  14    0.50 INCH OR MORE:   1
MIN  0 OR BELOW:   0    1.00 INCH OR MORE:   0

[HDD (BASE 65) ]
TOTAL THIS MO.   539    CLEAR  (SCALE 0-3)   0
DPTR FM NORMAL  -182    PTCLDY (SCALE 4-7)   0
TOTAL FM JUL 1  1120    CLOUDY (SCALE 8-10) 28
DPTR FM NORMAL   -82

[CDD (BASE 65) ]
TOTAL THIS MO.     2
DPTR FM NORMAL     2    [PRESSURE DATA]
TOTAL FM JAN 1  1314    HIGHEST SLP M ON M
DPTR FM NORMAL   239    LOWEST  SLP M ON M

[REMARKS]
