000
CXUS55 KSEW 300930
CF6OLM
PRELIMINARY LOCAL CLIMATOLOGICAL DATA (WS FORM: F-6)

                                          STATION:   OLYMPIA WA AIRPORT
                                          MONTH:     NOVEMBER
                                          YEAR:      2020
                                          LATITUDE:   46 58 N
                                          LONGITUDE: 122 54 W

  TEMPERATURE IN F:       :PCPN:    SNOW:  WIND      :SUNSHINE: SKY     :PK WND
================================================================================
1   2   3   4   5  6A  6B    7    8   9   10  11  12  13   14  15   16   17  18
                                     12Z  AVG MX 2MIN
DY MAX MIN AVG DEP HDD CDD  WTR  SNW DPTH SPD SPD DIR MIN PSBL S-S WX    SPD DR
================================================================================

 1  61  31  46   0  19   0 0.00  0.0    0  1.1  8 130   M    M   3 1      10  70
 2  65  30  48   2  17   0 0.00  0.0    0  1.7  8 270   M    M   1 12     10 270
 3  58  41  50   4  15   0 0.95  0.0    0  8.7 17 210   M    M  10 12     24 210
 4  63  58  61  15   4   0 0.61  0.0    0 13.4 21 190   M    M  10 1      26 170
 5  59  47  53   7  12   0 0.88  0.0    0  5.9 17 230   M    M   8 1      21 240
 6  51  29  40  -6  25   0 0.41  0.0    0  6.5 15  10   M    M   6 12     23  30
 7  41  27  34 -11  31   0 0.03  0.0    0  2.0 15 360   M    M   9 12     21 350
 8  49  23  36  -9  29   0 0.00  0.0    0  5.8 23  20   M    M   0 1      30  30
 9  42  22  32 -13  33   0 0.05  0.0    0  7.2 22 200   M    M   6        29 190
10  50  38  44  -1  21   0 0.06  0.0    0  7.6 16 230   M    M   7 1      21 240
11  45  33  39  -5  26   0    T  0.0    0  2.9  9 240   M    M   9 12     14 240
12  46  34  40  -4  25   0 0.19  0.0    0 10.3 26 180   M    M   9 1      35 180
13  50  40  45   1  20   0 1.24  0.0    0 14.1 30 180   M    M   9 1      42 180
14  46  35  41  -3  24   0 0.63  0.0    0  9.4 18 200   M    M   6 1      23 190
15  52  43  48   5  17   0 0.31  0.0    0  7.0 15 190   M    M   9 1      19 200
16  47  44  46   3  19   0 0.74  0.0    0  2.8  9  50   M    M  10 12     13  60
17  57  40  49   6  16   0 0.62  0.0    0  8.8 28 190   M    M   8 12     39 200
18  48  42  45   2  20   0 0.64  0.0    0  8.9 20 200   M    M   9 1      28 190
19  47  40  44   2  21   0 0.58  0.0    0  7.5 14 190   M    M   9 1      18 190
20  51  37  44   2  21   0    T  0.0    0  6.3 15 210   M    M   6 1      19 220
21  51  32  42   0  23   0 0.00  0.0    0  2.9 10 360   M    M   5 12     12 360
22  44  33  39  -3  26   0 0.11  0.0    0  4.3 13 220   M    M   9 12     16 220
23  51  39  45   3  20   0 0.09  0.0    0  8.1 17 200   M    M   8 1      22 210
24  48  37  43   2  22   0 0.29  0.0    0 11.0 25 190   M    M   9 1      34 180
25  48  36  42   1  23   0 0.13  0.0    0  5.5 13 190   M    M   9 1      16 190
26  49  40  45   4  20   0 0.01  0.0    0  6.1 13 200   M    M   9 1      17 210
27  52  39  46   5  19   0 0.01  0.0    0  7.3 14 220   M    M   4 1      19 210
28  47  31  39  -1  26   0 0.00  0.0    0  3.9 13 200   M    M   8 12     16 210
29  43  34  39  -1  26   0 0.00  0.0    0  2.3 15 220   M    M   9 12     21 230
================================================================================
SM 1461 1055       620   0  8.58     0.0 189.3          M      214
================================================================================
AV 50.4 36.4                               6.5 FASTST   M    M   7    MAX(MPH)
                                 MISC ---->  # 30 180               # 42  180
================================================================================
NOTES:
# LAST OF SEVERAL OCCURRENCES

COLUMN 17 PEAK WIND IN M.P.H.

PRELIMINARY LOCAL CLIMATOLOGICAL DATA (WS FORM: F-6) , PAGE 2

                                          STATION:  OLYMPIA WA AIRPORT
                                          MONTH:    NOVEMBER
                                          YEAR:     2020
                                          LATITUDE:   46 58 N
                                          LONGITUDE: 122 54 W

[TEMPERATURE DATA]      [PRECIPITATION DATA]       SYMBOLS USED IN COLUMN 16

AVERAGE MONTHLY: 43.4   TOTAL FOR MONTH:   8.58    1 = FOG OR MIST
DPTR FM NORMAL:   0.0   DPTR FM NORMAL:    0.25    2 = FOG REDUCING VISIBILITY
HIGHEST:    65 ON  2    GRTST 24HR  1.24 ON 13-13      TO 1/4 MILE OR LESS
LOWEST:     22 ON  9                               3 = THUNDER
                        SNOW, ICE PELLETS, HAIL    4 = ICE PELLETS
                        TOTAL MONTH:   0.0 INCH    5 = HAIL
                        GRTST 24HR     0.0         6 = FREEZING RAIN OR DRIZZLE
                        GRTST DEPTH:   0           7 = DUSTSTORM OR SANDSTORM:
                                                       VSBY 1/2 MILE OR LESS
                                                   8 = SMOKE OR HAZE
[NO. OF DAYS WITH]      [WEATHER - DAYS WITH]      9 = BLOWING SNOW
                                                   X = TORNADO
MAX 32 OR BELOW:   0    0.01 INCH OR MORE:  21
MAX 90 OR ABOVE:   0    0.10 INCH OR MORE:  15
MIN 32 OR BELOW:   8    0.50 INCH OR MORE:   9
MIN  0 OR BELOW:   0    1.00 INCH OR MORE:   1

[HDD (BASE 65) ]
TOTAL THIS MO.   620    CLEAR  (SCALE 0-3)   3
DPTR FM NORMAL    -6    PTCLDY (SCALE 4-7)  10
TOTAL FM JUL 1  1242    CLOUDY (SCALE 8-10) 16
DPTR FM NORMAL  -178

[CDD (BASE 65) ]
TOTAL THIS MO.     0
DPTR FM NORMAL     0    [PRESSURE DATA]
TOTAL FM JAN 1   144    HIGHEST SLP M ON M
DPTR FM NORMAL    38    LOWEST  SLP 29.20 ON 13

[REMARKS]
