000
CXUS56 KSGX 301245
CF6ONT
PRELIMINARY LOCAL CLIMATOLOGICAL DATA (WS FORM: F-6)

                                          STATION:   ONTARIO INTL AIRPORT CA
                                          MONTH:     NOVEMBER
                                          YEAR:      2020
                                          LATITUDE:   34  2 N
                                          LONGITUDE: 117 37 W

  TEMPERATURE IN F:       :PCPN:    SNOW:  WIND      :SUNSHINE: SKY     :PK WND
================================================================================
1   2   3   4   5  6A  6B    7    8   9   10  11  12  13   14  15   16   17  18
                                     12Z  AVG MX 2MIN
DY MAX MIN AVG DEP HDD CDD  WTR  SNW DPTH SPD SPD DIR MIN PSBL S-S WX    SPD DR
================================================================================

 1  90  57  74  10   0   9 0.00  0.0    0  3.1 14 270   M    M   5        16 270
 2  87  56  72   8   0   7 0.00  0.0    0  4.6 14 260   M    M   3 8      18 260
 3  83  57  70   6   0   5 0.00  0.0    0  3.4 14 260   M    M   4 8      16 260
 4  93  56  75  12   0  10 0.00  0.0    0  2.7 13 270   M    M   1 8      15 280
 5  94  54  74  11   0   9 0.00  0.0    0  2.4  7  10   M    M   6        12 310
 6  81  54  68   5   0   3 0.02  0.0    0  7.7 23 270   M    M   6 1      29 260
 7  58  47  53  -9  12   0 0.32    M    0  7.9 24 270   M    M   6 13     29 220
 8  59  47  53  -9  12   0    T    M    0  9.7 24 230   M    M   7        34 240
 9  61  40  51 -11  14   0 0.00  0.0    0  3.5  9 260   M    M   2        14 260
10  67  42  55  -7  10   0 0.00  0.0    0  4.1 12 250   M    M   3        15 270
11  69  43  56  -5   9   0 0.00  0.0    0  4.2  9 260   M    M   2        13 250
12  72  46  59  -2   6   0 0.00  0.0    0  2.6 10 230   M    M   4        13 240
13  69  45  57  -4   8   0 0.00  0.0    0  3.7 13 230   M    M   1 8      17 210
14  72  46  59  -1   6   0 0.00  0.0    0  2.3 10 270   M    M   1        16 270
15  86  45  66   6   0   1 0.00  0.0    0  1.8  9 360   M    M   0        13  50
16  93  48  71  11   0   6 0.00  0.0    0  3.4 10 240   M    M   0        13  70
17  83  51  67   8   0   2 0.00  0.0    0  4.2 14 240   M    M   2        17 240
18  69  48  59   0   6   0 0.00  0.0    0  4.6 14 280   M    M   3 8      17 280
19  74  49  62   3   3   0 0.00  0.0    0  1.6 10 230   M    M   2 18     12 230
20  79  51  65   7   0   0 0.00  0.0    0  2.9 10 280   M    M   7        12 260
21  81  49  65   7   0   0 0.00  0.0    0  1.7  8 260   M    M   6         9 240
22  78  50  64   6   1   0 0.00  0.0    0  3.6 12 260   M    M   4        15 220
23  64  47  56  -2   9   0 0.00  0.0    0  4.1 14 270   M    M   3 18     17 280
24  71  50  61   4   4   0 0.00  0.0    0  2.7 13 280   M    M   3 18     14 270
25  68  47  58   1   7   0 0.00  0.0    0  3.5 10 240   M    M   1 18     13 280
26  69  47  58   1   7   0 0.00  0.0    0 14.4 41  50   M    M   5 128    55  60
27  70  46  58   2   7   0 0.00  0.0    0  9.3 39  60   M    M   0        55  60
28  73  37  55  -1  10   0 0.00  0.0    0  3.0  8 230   M    M   0        10 260
29  76  41  59   3   6   0 0.00  0.0    0  3.0 10 310   M    M   2        14 310
================================================================================
SM 2189 1396       137  52  0.34     0.0 125.7          M       89
================================================================================
AV 75.5 48.1                               4.3 FASTST   M    M   3    MAX(MPH)
                                 MISC ---->  # 41  50               # 55   60
================================================================================
NOTES:
# LAST OF SEVERAL OCCURRENCES

COLUMN 17 PEAK WIND IN M.P.H.

PRELIMINARY LOCAL CLIMATOLOGICAL DATA (WS FORM: F-6) , PAGE 2

                                          STATION:  ONTARIO INTL AIRPORT CA
                                          MONTH:    NOVEMBER
                                          YEAR:     2020
                                          LATITUDE:   34  2 N
                                          LONGITUDE: 117 37 W

[TEMPERATURE DATA]      [PRECIPITATION DATA]       SYMBOLS USED IN COLUMN 16

AVERAGE MONTHLY: 61.8   TOTAL FOR MONTH:   0.34    1 = FOG OR MIST
DPTR FM NORMAL:   1.8   DPTR FM NORMAL:   -0.84    2 = FOG REDUCING VISIBILITY
HIGHEST:    94 ON  5    GRTST 24HR  0.32 ON  7- 7      TO 1/4 MILE OR LESS
LOWEST:     37 ON 28                               3 = THUNDER
                        SNOW, ICE PELLETS, HAIL    4 = ICE PELLETS
                        TOTAL MONTH:   0.0 INCH    5 = HAIL
                        GRTST 24HR     0.0         6 = FREEZING RAIN OR DRIZZLE
                        GRTST DEPTH:   0           7 = DUSTSTORM OR SANDSTORM:
                                                       VSBY 1/2 MILE OR LESS
                                                   8 = SMOKE OR HAZE
[NO. OF DAYS WITH]      [WEATHER - DAYS WITH]      9 = BLOWING SNOW
                                                   X = TORNADO
MAX 32 OR BELOW:   0    0.01 INCH OR MORE:   2
MAX 90 OR ABOVE:   4    0.10 INCH OR MORE:   1
MIN 32 OR BELOW:   0    0.50 INCH OR MORE:   0
MIN  0 OR BELOW:   0    1.00 INCH OR MORE:   0

[HDD (BASE 65) ]
TOTAL THIS MO.   137    CLEAR  (SCALE 0-3)  17
DPTR FM NORMAL   -29    PTCLDY (SCALE 4-7)  12
TOTAL FM JUL 1   146    CLOUDY (SCALE 8-10)  0
DPTR FM NORMAL   -65

[CDD (BASE 65) ]
TOTAL THIS MO.    52
DPTR FM NORMAL    31    [PRESSURE DATA]
TOTAL FM JAN 1  2500    HIGHEST SLP M ON M
DPTR FM NORMAL   796    LOWEST  SLP 29.66 ON  6

[REMARKS]
