000
CXUS52 KMLB 300733
CF6ORL
PRELIMINARY LOCAL CLIMATOLOGICAL DATA (WS FORM: F-6)

                                          STATION:   ORLANDO EXEC
                                          MONTH:     NOVEMBER
                                          YEAR:      2020
                                          LATITUDE:   28 32 N
                                          LONGITUDE:  81 20 W

  TEMPERATURE IN F:       :PCPN:    SNOW:  WIND      :SUNSHINE: SKY     :PK WND
================================================================================
1   2   3   4   5  6A  6B    7    8   9   10  11  12  13   14  15   16   17  18
                                     12Z  AVG MX 2MIN
DY MAX MIN AVG DEP HDD CDD  WTR  SNW DPTH SPD SPD DIR MIN PSBL S-S WX    SPD DR
================================================================================

 1  86  73  80   8   0  15 0.95  0.0    0  6.8 14 130   M    M   8 13     17 140
 2  74  59  67  -5   0   2 0.00  0.0    0 13.4 26  20   M    M   2        34  30
 3  78  57  68  -3   0   3 0.00  0.0    0  9.8 20  70   M    M   3        27  80
 4  82  61  72   1   0   7 0.00  0.0    0  8.4 23  80   M    M   2        26  80
 5  85  69  77   6   0  12 0.00  0.0    0  9.1 22  80   M    M   3        26  80
 6  84  70  77   6   0  12 0.00  0.0    0  9.5 22  80   M    M   1        24  90
 7  86  73  80  10   0  15    T  0.0    0 13.8 28  70   M    M   2        34  70
 8  81  74  78   8   0  13 0.38  0.0    0 16.2 26  80   M    M   5 1      34  70
 9  82  76  79   9   0  14 0.39  0.0    0 18.7 30  70   M    M   9 18     37  80
10  85  76  81  11   0  16 2.18  0.0    0 13.1 25 120   M    M   7 1      32 130
11  86  76  81  11   0  16 0.11  0.0    0 12.4 23 120   M    M   6 13     30 150
12  84  76  80  11   0  15 0.72  0.0    0 13.9 24 170   M    M   7 18     31 150
13  81  72  77   8   0  12 0.00  0.0    0  5.0  9 310   M    M   7 12     12 290
14  83  71  77   8   0  12 0.00  0.0    0  7.7 15  60   M    M   3        20  60
15  86  71  79  10   0  14 0.06  0.0    0  5.1 13 120   M    M   6 1      15 130
16  82  69  76   7   0  11 0.03  0.0    0  6.5 15  10   M    M   5        18  20
17  78  60  69   1   0   4 0.00  0.0    0  8.1 17  10   M    M   0 8      22 360
18  76  57  67  -1   0   2 0.00  0.0    0 11.5 24  60   M    M   2 8      32  40
19  77  61  69   1   0   4    T  0.0    0 10.2 26  80   M    M   9        33  80
20  79  65  72   4   0   7 0.03  0.0    0  8.8 21  60   M    M   4 1      25  70
21  80  67  74   6   0   9 0.03  0.0    0  8.5 22  60   M    M   6 1      30  50
22  78  67  73   5   0   8 0.03  0.0    0  6.0 12 360   M    M   9 1      14  60
23  78  64  71   3   0   6 0.00  0.0    0  8.1 20  20   M    M   4        24 360
24  81  62  72   5   0   7    T  0.0    0  7.7 20  60   M    M   4        22  80
25  83  63  73   6   0   8 0.00  0.0    0  8.2 17 170   M    M   3        22 140
26  84  64  74   7   0   9 0.00  0.0    0  3.3 12 210   M    M   1        15 190
27  84  67  76   9   0  11 0.00  0.0    0  1.8  9  70   M    M   1        11 200
28  84  66  75   8   0  10 0.00  0.0    0  4.4 12 310   M    M   2        14 240
29  81  69  75   9   0  10 0.00  0.0    0  4.5 12 200   M    M   2        14 230
================================================================================
SM 2368 1955         0 284  4.91  0.0    260.5          M      123
================================================================================
AV 81.7 67.4                               9.0 FASTST   M    M   4    MAX(MPH)
                                 MISC ---->    30  70                 37  80
================================================================================
NOTES:
# LAST OF SEVERAL OCCURRENCES

COLUMN 17 PEAK WIND IN M.P.H.

PRELIMINARY LOCAL CLIMATOLOGICAL DATA (WS FORM: F-6) , PAGE 2

                                          STATION:   ORLANDO EXEC
                                          MONTH:     NOVEMBER
                                          YEAR:      2020
                                          LATITUDE:   28 32 N
                                          LONGITUDE:  81 20 W

[TEMPERATURE DATA]      [PRECIPITATION DATA]       SYMBOLS USED IN COLUMN 16

AVERAGE MONTHLY: 74.5   TOTAL FOR MONTH:   4.91    1 = FOG OR MIST
DPTR FM NORMAL:   5.6   DPTR FM NORMAL:    2.59    2 = FOG REDUCING VISIBILITY
HIGHEST:    86 ON 15,11  GRTST 24HR  2.18 ON 10-10      TO 1/4 MILE OR LESS
LOWEST:     57 ON 18, 3                             3 = THUNDER
                        SNOW, ICE PELLETS, HAIL    4 = ICE PELLETS
                        TOTAL MONTH:   0.0 INCH    5 = HAIL
                        GRTST 24HR  0.0            6 = FREEZING RAIN OR DRIZZLE
                        GRTST DEPTH:  0            7 = DUSTSTORM OR SANDSTORM:
                                                       VSBY 1/2 MILE OR LESS
                                                   8 = SMOKE OR HAZE
[NO. OF DAYS WITH]      [WEATHER - DAYS WITH]      9 = BLOWING SNOW
                                                   X = TORNADO
MAX 32 OR BELOW:   0    0.01 INCH OR MORE:  11
MAX 90 OR ABOVE:   0    0.10 INCH OR MORE:   6
MIN 32 OR BELOW:   0    0.50 INCH OR MORE:   3
MIN  0 OR BELOW:   0    1.00 INCH OR MORE:   1

[HDD (BASE 65) ]
TOTAL THIS MO.     0    CLEAR  (SCALE 0-3)  13
DPTR FM NORMAL   -29    PTCLDY (SCALE 4-7)  12
TOTAL FM JUL 1     0    CLOUDY (SCALE 8-10)  4
DPTR FM NORMAL   -34

[CDD (BASE 65) ]
TOTAL THIS MO.   284
DPTR FM NORMAL   138    [PRESSURE DATA]
TOTAL FM JAN 1  4546    HIGHEST SLP M ON M
DPTR FM NORMAL  1058    LOWEST  SLP 29.77 ON 12

[REMARKS]
