000
CXUS52 KMFL 301000
CF6PBI
PRELIMINARY LOCAL CLIMATOLOGICAL DATA (WS FORM: F-6)

                                          STATION:   WEST PALM BEACH
                                          MONTH:     NOVEMBER
                                          YEAR:      2020
                                          LATITUDE:   26 40 N
                                          LONGITUDE:  80  7 W

  TEMPERATURE IN F:       :PCPN:    SNOW:  WIND      :SUNSHINE: SKY     :PK WND
================================================================================
1   2   3   4   5  6A  6B    7    8   9   10  11  12  13   14  15   16   17  18
                                     12Z  AVG MX 2MIN
DY MAX MIN AVG DEP HDD CDD  WTR  SNW DPTH SPD SPD DIR MIN PSBL S-S WX    SPD DR
================================================================================

 1  86  78  82   7   0  17 0.00  0.0    0  9.9 17  90   M    M   6        21 100
 2  80  73  77   2   0  12    T  0.0    0 17.0 26  40   M    M   8        36  40
 3  80  73  77   2   0  12 0.00  0.0    0 17.1 24  50   M    M   7        31  50
 4  83  75  79   4   0  14    T  0.0    0 18.3 25  60   M    M   7        33  80
 5  85  79  82   8   0  17    T  0.0    0 18.6 25  80   M    M   7        32  70
 6  85  78  82   8   0  17    T  0.0    0 16.5 23  80   M    M   6        32  70
 7  83  79  81   7   0  16    T  0.0    0 21.9 29  70   M    M   9        38  70
 8  86  74  80   6   0  15 2.28  0.0    0 26.0 39  60   M    M   9 1      53  60
 9  85  74  80   6   0  15 2.24  0.0    0 23.1 36  80   M    M   9 1      46  70
10  86  73  80   6   0  15 1.90  0.0    0 17.0 32 190   M    M   8 13     42 200
11  85  75  80   6   0  15 0.08  0.0    0 17.1 29 150   M    M   8 1      36 150
12  86  77  82   9   0  17 0.07  0.0    0  9.2 21 210   M    M   7 1      27 180
13  86  73  80   7   0  15 0.00  0.0    0  5.9 13  10   M    M   4 1      16  50
14  86  74  80   7   0  15 0.00  0.0    0  8.5 16  80   M    M   5        21  60
15  85  75  80   7   0  15 0.14  0.0    0  5.8 14  90   M    M   5 1      17 120
16  86  73  80   7   0  15 0.01  0.0    0  5.8 15  30   M    M   4        19  30
17  84  75  80   8   0  15 0.77  0.0    0 12.2 24  10   M    M   7 1      30  10
18  80  74  77   5   0  12 0.00  0.0    0 19.2 26  50   M    M   6        34  40
19  79  73  76   4   0  11    T  0.0    0 18.0 28  70   M    M   7 1      35  60
20  80  70  75   3   0  10 0.02  0.0    0 16.7 25 100   M    M   7 1      33  80
21  82  75  79   7   0  14 0.00  0.0    0 13.2 22 100   M    M   5        28  90
22  84  76  80   8   0  15    T  0.0    0 11.4 18  90   M    M   5        22 100
23  81  69  75   3   0  10    T  0.0    0 11.0 21 340   M    M   5 1      27 340
24  82  68  75   4   0  10 0.00  0.0    0 11.6 22  90   M    M   6        26  80
25  83  75  79   8   0  14 0.00  0.0    0 14.0 21 110   M    M   6        25  90
26  83  74  79   8   0  14 0.00  0.0    0  9.1 16 130   M    M   4        20 130
27  83  67  75   4   0  10 0.06  0.0    0  5.4 13  70   M    M   6        17  40
28  83  65  74   3   0   9 0.00  0.0    0  3.8 12 130   M    M   4        14 130
29  82  67  75   4   0  10 0.00  0.0    0  5.0 14 130   M    M   5 1      17 120
================================================================================
SM 2419 2131         0 396  7.57     0.0 388.3          M      182
================================================================================
AV 83.4 73.5                              13.4 FASTST   M    M   6    MAX(MPH)
                                 MISC ---->  # 39  60               # 53   60
================================================================================
NOTES:
# LAST OF SEVERAL OCCURRENCES

COLUMN 17 PEAK WIND IN M.P.H.

PRELIMINARY LOCAL CLIMATOLOGICAL DATA (WS FORM: F-6) , PAGE 2

                                          STATION:  WEST PALM BEACH
                                          MONTH:    NOVEMBER
                                          YEAR:     2020
                                          LATITUDE:   26 40 N
                                          LONGITUDE:  80  7 W

[TEMPERATURE DATA]      [PRECIPITATION DATA]       SYMBOLS USED IN COLUMN 16

AVERAGE MONTHLY: 78.5   TOTAL FOR MONTH:   7.57    1 = FOG OR MIST
DPTR FM NORMAL:   5.6   DPTR FM NORMAL:    2.96    2 = FOG REDUCING VISIBILITY
HIGHEST:    86 ON 16,14 GRTST 24HR  2.28 ON  8- 8      TO 1/4 MILE OR LESS
LOWEST:     65 ON 28                               3 = THUNDER
                        SNOW, ICE PELLETS, HAIL    4 = ICE PELLETS
                        TOTAL MONTH:   0.0 INCH    5 = HAIL
                        GRTST 24HR     0.0         6 = FREEZING RAIN OR DRIZZLE
                        GRTST DEPTH:   0           7 = DUSTSTORM OR SANDSTORM:
                                                       VSBY 1/2 MILE OR LESS
                                                   8 = SMOKE OR HAZE
[NO. OF DAYS WITH]      [WEATHER - DAYS WITH]      9 = BLOWING SNOW
                                                   X = TORNADO
MAX 32 OR BELOW:   0    0.01 INCH OR MORE:  10
MAX 90 OR ABOVE:   0    0.10 INCH OR MORE:   5
MIN 32 OR BELOW:   0    0.50 INCH OR MORE:   4
MIN  0 OR BELOW:   0    1.00 INCH OR MORE:   3

[HDD (BASE 65) ]
TOTAL THIS MO.     0    CLEAR  (SCALE 0-3)   0
DPTR FM NORMAL    -8    PTCLDY (SCALE 4-7)  26
TOTAL FM JUL 1     0    CLOUDY (SCALE 8-10)  3
DPTR FM NORMAL    -9

[CDD (BASE 65) ]
TOTAL THIS MO.   396
DPTR FM NORMAL   159    [PRESSURE DATA]
TOTAL FM JAN 1  4897    HIGHEST SLP M ON M
DPTR FM NORMAL  1039    LOWEST  SLP 29.61 ON  8

[REMARKS]
