000
CXUS52 KFFC 301110
CF6PDK
PRELIMINARY LOCAL CLIMATOLOGICAL DATA (WS FORM: F-6)

                                          STATION:   DEKALB PEACHTREE AIRPORT
                                          MONTH:     NOVEMBER
                                          YEAR:      2020
                                          LATITUDE:   33 52 N
                                          LONGITUDE:  84 18 W

  TEMPERATURE IN F:       :PCPN:    SNOW:  WIND      :SUNSHINE: SKY     :PK WND
================================================================================
1   2   3   4   5  6A  6B    7    8   9   10  11  12  13   14  15   16   17  18
                                     12Z  AVG MX 2MIN
DY MAX MIN AVG DEP HDD CDD  WTR  SNW DPTH SPD SPD DIR MIN PSBL S-S WX    SPD DR
================================================================================

 1  68  48  58   1   7   0 0.01    M    M 10.0 29 340   M    M   6 1      39 340
 2  57  35  46 -11  19   0 0.00    M    M  8.3 22 330   M    M   0        27 320
 3  65  33  49  -7  16   0 0.00    M    M  3.3 12 300   M    M   0        19 290
 4  69  37  53  -3  12   0 0.00    M    M  1.8  9 140   M    M   0        14 110
 5  69  42  56   0   9   0 0.00    M    M  1.2  7  40   M    M   0        10 130
 6  75  50  63   8   2   0 0.00    M    M  2.9  9  30   M    M   1        15  80
 7  73  59  66  11   0   1    T    M    M  4.6 10  70   M    M   6        22  50
 8  74  62  68  13   0   3    T    M    M  5.9 12 100   M    M   7        21  60
 9  76  64  70  15   0   5 0.00    M    M  5.6 13  90   M    M   6        22  60
10  69  65  67  13   0   2 0.15    M    M  4.7 10  80   M    M  10 1      18  60
11  77  68  73  19   0   8 1.15    M    M  1.7 14 290   M    M   9 13     17 290
12  73  57  65  11   0   0 0.00    M    M  6.9 15 300   M    M   7 1      21 310
13  71  50  61   8   4   0 0.00    M    M  5.8 15 310   M    M   2 12     20 300
14  71  39  55   2  10   0 0.00    M    M  1.7 10 110   M    M   0 1      16 110
15  72  49  61   8   4   0 0.01    M    M  7.0 24 230   M    M   3 1      33 230
16  62  39  51  -2  14   0 0.00    M    M  7.5 18 340   M    M   0        26 350
17  62  35  49  -3  16   0 0.00    M    M  9.8 24 320   M    M   0        37 310
18  64  32  48  -4  17   0 0.00    M    M  2.5 14 330   M    M   0        19 330
19  60  34  47  -5  18   0 0.00    M    M  2.5  9 110   M    M   0        14  30
20  69  36  53   2  12   0 0.00    M    M  1.5  7 250   M    M   0 1      10 110
21  71  41  56   5   9   0 0.00    M    M  1.5  8 320   M    M   0 1      12 280
22  69  44  57   6   8   0 0.00    M    M  2.2  9 240   M    M   4 1      14 240
23  60  35  48  -3  17   0 0.00    M    M  8.7 23 330   M    M   1        30 320
24  58  35  47  -3  18   0 0.00    M    M  4.7 12 100   M    M   1        21 110
25  69  47  58   8   7   0 0.40    M    M  5.9 22 230   M    M   8 1      44 230
26  73  46  60  10   5   0 0.45    M    M  3.8 14 230   M    M   6 13     19 190
27  70  43  57   8   8   0 0.00    M    M  2.2  9 320   M    M   1 12     13 320
28  68  48  58   9   7   0 0.04    M    M  3.1 12 340   M    M   3 1      15 360
29  55  48  52   3  13   0 1.02    M    M  3.3  9 110   M    M   9 1      16  90
================================================================================
SM 1969 1321       252  19  3.23    M    130.6          M       90
================================================================================
AV 67.9 45.6                               4.5 FASTST   M    M   3    MAX(MPH)
                                 MISC ---->    29 340                 44 230
================================================================================
NOTES:
# LAST OF SEVERAL OCCURRENCES

COLUMN 17 PEAK WIND IN M.P.H.

PRELIMINARY LOCAL CLIMATOLOGICAL DATA (WS FORM: F-6) , PAGE 2

                                          STATION:   DEKALB PEACHTREE AIRPORT
                                          MONTH:     NOVEMBER
                                          YEAR:      2020
                                          LATITUDE:   33 52 N
                                          LONGITUDE:  84 18 W

[TEMPERATURE DATA]      [PRECIPITATION DATA]       SYMBOLS USED IN COLUMN 16

AVERAGE MONTHLY: 56.7   TOTAL FOR MONTH:   3.23    1 = FOG OR MIST
DPTR FM NORMAL:   3.9   DPTR FM NORMAL:   -0.83    2 = FOG REDUCING VISIBILITY
HIGHEST:    77 ON 11    GRTST 24HR  1.15 ON 10-11      TO 1/4 MILE OR LESS
LOWEST:     32 ON 18                               3 = THUNDER
                        SNOW, ICE PELLETS, HAIL    4 = ICE PELLETS
                        TOTAL MONTH:  M            5 = HAIL
                        GRTST 24HR    M  ON   M    6 = FREEZING RAIN OR DRIZZLE
                        GRTST DEPTH:  M  ON   M    7 = DUSTSTORM OR SANDSTORM:
                                                       VSBY 1/2 MILE OR LESS
                                                   8 = SMOKE OR HAZE
[NO. OF DAYS WITH]      [WEATHER - DAYS WITH]      9 = BLOWING SNOW
                                                   X = TORNADO
MAX 32 OR BELOW:   0    0.01 INCH OR MORE:   8
MAX 90 OR ABOVE:   0    0.10 INCH OR MORE:   5
MIN 32 OR BELOW:   1    0.50 INCH OR MORE:   2
MIN  0 OR BELOW:   0    1.00 INCH OR MORE:   2

[HDD (BASE 65) ]
TOTAL THIS MO.   252    CLEAR  (SCALE 0-3)  17
DPTR FM NORMAL  -106    PTCLDY (SCALE 4-7)   8
TOTAL FM JUL 1   341    CLOUDY (SCALE 8-10)  4
DPTR FM NORMAL  -169

[CDD (BASE 65) ]
TOTAL THIS MO.    19
DPTR FM NORMAL    18    [PRESSURE DATA]
TOTAL FM JAN 1  1762    HIGHEST SLP M ON M
DPTR FM NORMAL     9    LOWEST  SLP 29.70 ON 29

[REMARKS]
