000
CXUS56 KPQR 302359
CF6PDX
PRELIMINARY LOCAL CLIMATOLOGICAL DATA (WS FORM: F-6)

                                          STATION:   PORTLAND OR
                                          MONTH:     NOVEMBER
                                          YEAR:      2020
                                          LATITUDE:   45 35 N
                                          LONGITUDE: 122 36 W

  TEMPERATURE IN F:       :PCPN:    SNOW:  WIND      :SUNSHINE: SKY     :PK WND
================================================================================
1   2   3   4   5  6A  6B    7    8   9   10  11  12  13   14  15   16   17  18
                                     12Z  AVG MX 2MIN
DY MAX MIN AVG DEP HDD CDD  WTR  SNW DPTH SPD SPD DIR MIN PSBL S-S WX    SPD DR
================================================================================

 1  65  37  51   1  14   0 0.00  0.0    0  5.5 15 130   M    M   0        18 130
 2  66  37  52   2  13   0 0.00  0.0    0  5.3 13 120   M    M   2        16 110
 3  62  46  54   4  11   0 0.39  0.0    0  7.6 16 200   M    M   8 1      21 190
 4  68  60  64  14   1   0 0.01  0.0    0 11.4 21 210   M    M   9        25 220
 5  64  50  57   8   8   0 0.76  0.0    0  4.8 21 320   M    M   9 18     27 330
 6  52  40  46  -3  19   0 0.17  0.0    0  5.9 14 320   M    M   8 1      18 320
 7  49  34  42  -7  23   0 0.03  0.0    0  7.2 21 280   M    M   6 1      25 280
 8  47  31  39 -10  26   0 0.00  0.0    0  4.7 17 320   M    M   3 1      21 310
 9  47  30  39  -9  26   0    T  0.0    0  6.0 23 210   M    M   9 128    32 220
10  51  41  46  -2  19   0 0.06  0.0    0  7.3 18 230   M    M   8        25 220
11  52  36  44  -4  21   0 0.00  0.0    0  2.9  8 290   M    M   6 1       9 290
12  49  36  43  -5  22   0 0.19  0.0    0  7.8 15 120   M    M   7 1      18 120
13  53  42  48   1  17   0 0.85  0.0    0 11.8 28 190   M    M   7 1      37 190
14  49  42  46  -1  19   0 0.67  0.0    0  8.7 18 110   M    M  10 1      24 110
15  56  47  52   5  13   0 0.03  0.0    0 10.6 18 190   M    M   8 1      25 190
16  52  47  50   3  15   0 0.15  0.0    0  8.8 21 110   M    M  10 1      24 110
17  58  48  53   7  12   0 0.11  0.0    0 11.5 23 190   M    M   7 1      35 190
18  52  45  49   3  16   0 0.78  0.0    0 11.5 25 200   M    M   9 1      31 220
19  52  43  48   2  17   0 0.10  0.0    0  8.6 21 200   M    M   8        25 200
20  50  34  42  -4  23   0 0.00  0.0    0  2.8  9 300   M    M   5 12     11 300
21  41  36  39  -6  26   0 0.00  0.0    0  4.7 10 310   M    M  10 12     12 280
22  47  34  41  -4  24   0 0.05  0.0    0  5.8 16 120   M    M   8 12     20 140
23  52  41  47   2  18   0 0.15  0.0    0  4.4 15 240   M    M   8 1      21 240
24  52  41  47   3  18   0 0.30  0.0    0  5.9 29 300   M    M   9 1      38 290
25  50  41  46   2  19   0 0.01  0.0    0  6.2 12 210   M    M   8 1      15 220
26  50  41  46   2  19   0 0.00  0.0    0  4.0 10 200   M    M  10 1      12 210
27  48  34  41  -3  24   0 0.00  0.0    0  4.1 10 160   M    M   7 128    12 150
28  45  38  42  -1  23   0 0.11  0.0    0  3.1  9 310   M    M  10 1      11 300
29  52  37  45   2  20   0 0.00  0.0    0  4.7 18 140   M    M   6 12     22 150
================================================================================
SM 1531 1169       526   0  4.92     0.0 193.6          M      215
================================================================================
AV 52.8 40.3                               6.7 FASTST   M    M   7    MAX(MPH)
                                 MISC ---->  # 29 300               # 38  290
================================================================================
NOTES:
# LAST OF SEVERAL OCCURRENCES

COLUMN 17 PEAK WIND IN M.P.H.

PRELIMINARY LOCAL CLIMATOLOGICAL DATA (WS FORM: F-6) , PAGE 2

                                          STATION:  PORTLAND OR
                                          MONTH:    NOVEMBER
                                          YEAR:     2020
                                          LATITUDE:   45 35 N
                                          LONGITUDE: 122 36 W

[TEMPERATURE DATA]      [PRECIPITATION DATA]       SYMBOLS USED IN COLUMN 16

AVERAGE MONTHLY: 46.6   TOTAL FOR MONTH:   4.92    1 = FOG OR MIST
DPTR FM NORMAL:  -0.2   DPTR FM NORMAL:   -0.50    2 = FOG REDUCING VISIBILITY
HIGHEST:    68 ON  4    GRTST 24HR  0.85 ON 13-13      TO 1/4 MILE OR LESS
LOWEST:     30 ON  9                               3 = THUNDER
                        SNOW, ICE PELLETS, HAIL    4 = ICE PELLETS
                        TOTAL MONTH:   0.0 INCH    5 = HAIL
                        GRTST 24HR     0.0         6 = FREEZING RAIN OR DRIZZLE
                        GRTST DEPTH:   0           7 = DUSTSTORM OR SANDSTORM:
                                                       VSBY 1/2 MILE OR LESS
                                                   8 = SMOKE OR HAZE
[NO. OF DAYS WITH]      [WEATHER - DAYS WITH]      9 = BLOWING SNOW
                                                   X = TORNADO
MAX 32 OR BELOW:   0    0.01 INCH OR MORE:  19
MAX 90 OR ABOVE:   0    0.10 INCH OR MORE:  13
MIN 32 OR BELOW:   2    0.50 INCH OR MORE:   4
MIN  0 OR BELOW:   0    1.00 INCH OR MORE:   0

[HDD (BASE 65) ]
TOTAL THIS MO.   526    CLEAR  (SCALE 0-3)   3
DPTR FM NORMAL    -2    PTCLDY (SCALE 4-7)  14
TOTAL FM JUL 1   849    CLOUDY (SCALE 8-10) 12
DPTR FM NORMAL   -97

[CDD (BASE 65) ]
TOTAL THIS MO.     0
DPTR FM NORMAL     0    [PRESSURE DATA]
TOTAL FM JAN 1   600    HIGHEST SLP M ON M
DPTR FM NORMAL   176    LOWEST  SLP 29.32 ON 13

[REMARKS]
