000
CXUS51 KPHI 300915
CF6PHL
PRELIMINARY LOCAL CLIMATOLOGICAL DATA (WS FORM: F-6)

                                          STATION:   PHILADELPHIA PA
                                          MONTH:     NOVEMBER
                                          YEAR:      2020
                                          LATITUDE:   39 52 N
                                          LONGITUDE:  75 15 W

  TEMPERATURE IN F:       :PCPN:    SNOW:  WIND      :SUNSHINE: SKY     :PK WND
================================================================================
1   2   3   4   5  6A  6B    7    8   9   10  11  12  13   14  15   16   17  18
                                     12Z  AVG MX 2MIN
DY MAX MIN AVG DEP HDD CDD  WTR  SNW DPTH SPD SPD DIR MIN PSBL S-S WX    SPD DR
================================================================================

 1  56  42  49  -3  16   0 0.54  0.0    0 10.8 30 310   M    M   9 1      45 310
 2  49  38  44  -8  21   0 0.00  0.0    0 19.8 32 280   M    M   2        45 320
 3  57  42  50  -2  15   0 0.00  0.0    0 13.7 28 270   M    M   4        35 270
 4  67  38  53   2  12   0 0.00  0.0    0  4.4 15 230   M    M   0        20 210
 5  69  43  56   5   9   0 0.00  0.0    0  4.1 15 230   M    M   4 12     19 230
 6  71  46  59   8   6   0 0.00  0.0    0  4.5 14 240   M    M   4 1      17 230
 7  75  47  61  11   4   0 0.00  0.0    0  5.4 12 240   M    M   1 1      19 220
 8  76  46  61  11   4   0 0.00  0.0    0  2.2  9 220   M    M   0 18     18 210
 9  75  47  61  11   4   0 0.00  0.0    0  4.4 10 220   M    M   2 1      15 220
10  76  48  62  12   3   0 0.00  0.0    0  5.1 16 190   M    M   3 12     21 180
11  71  61  66  17   0   1 1.48  0.0    0  7.8 16 200   M    M   8 1      21 210
12  67  47  57   8   8   0 0.57  0.0    0  8.6 22 350   M    M  10 18     27 340
13  55  45  50   1  15   0 0.08  0.0    0  7.2 15 320   M    M   6 18     20 330
14  55  39  47  -1  18   0 0.00  0.0    0  7.1 16 300   M    M   2        19 270
15  65  37  51   3  14   0 0.44  0.0    0 11.6 37 300   M    M   8 1      47 290
16  57  43  50   2  15   0 0.00  0.0    0 11.4 23 270   M    M   1        28 280
17  54  36  45  -2  20   0    T  0.0    0 12.4 26 320   M    M   5        36 320
18  40  30  35 -12  30   0 0.00  0.0    0 10.9 26 320   M    M   3        35 330
19  49  30  40  -6  25   0 0.00  0.0    0 10.2 20 210   M    M   6        26 200
20  64  44  54   8  11   0 0.00  0.0    0  9.5 18 220   M    M   4        24 210
21  66  44  55   9  10   0 0.00  0.0    0  6.4 17  30   M    M   7        21  30
22  59  46  53   8  12   0    T  0.0    0  8.2 15  50   M    M  10        19  40
23  60  43  52   7  13   0 0.19  0.0    0 14.9 31 280   M    M   7 1      38 270
24  50  36  43  -2  22   0 0.00  0.0    0  6.5 17 340   M    M   4        24 330
25  57  42  50   6  15   0 0.00  0.0    0  6.9 18 200   M    M   9        27 200
26  67  52  60  16   5   0 0.51  0.0    M  8.7 16 190   M    M   7 1      23 220
27  59  50  55  11  10   0 0.00  0.0    0  3.6  8 300   M    M   8        14 300
28  57  42  50   7  15   0 0.00  0.0    0  7.6 21 310   M    M   5        30 300
29  56  35  46   3  19   0 0.00  0.0    0  5.7 13 230   M    M   3        15 250
================================================================================
SM 1779 1239       371   1  3.81  0.0    239.6          M      142
================================================================================
AV 61.3 42.7                               8.3 FASTST   M    M   5    MAX(MPH)
                                 MISC ---->    37 300                 47 290
================================================================================
NOTES:
# LAST OF SEVERAL OCCURRENCES

COLUMN 17 PEAK WIND IN M.P.H.

PRELIMINARY LOCAL CLIMATOLOGICAL DATA (WS FORM: F-6) , PAGE 2

                                          STATION:   PHILADELPHIA PA
                                          MONTH:     NOVEMBER
                                          YEAR:      2020
                                          LATITUDE:   39 52 N
                                          LONGITUDE:  75 15 W

[TEMPERATURE DATA]      [PRECIPITATION DATA]       SYMBOLS USED IN COLUMN 16

AVERAGE MONTHLY: 52.0   TOTAL FOR MONTH:   3.81    1 = FOG OR MIST
DPTR FM NORMAL:   4.3   DPTR FM NORMAL:    0.94    2 = FOG REDUCING VISIBILITY
HIGHEST:    76 ON 10, 8  GRTST 24HR  2.03 ON 11-12      TO 1/4 MILE OR LESS
LOWEST:     30 ON 19,18                             3 = THUNDER
                        SNOW, ICE PELLETS, HAIL    4 = ICE PELLETS
                        TOTAL MONTH:   0.0 INCH    5 = HAIL
                        GRTST 24HR  0.0            6 = FREEZING RAIN OR DRIZZLE
                        GRTST DEPTH:  0            7 = DUSTSTORM OR SANDSTORM:
                                                       VSBY 1/2 MILE OR LESS
                                                   8 = SMOKE OR HAZE
[NO. OF DAYS WITH]      [WEATHER - DAYS WITH]      9 = BLOWING SNOW
                                                   X = TORNADO
MAX 32 OR BELOW:   0    0.01 INCH OR MORE:   7
MAX 90 OR ABOVE:   0    0.10 INCH OR MORE:   6
MIN 32 OR BELOW:   2    0.50 INCH OR MORE:   4
MIN  0 OR BELOW:   0    1.00 INCH OR MORE:   1

[HDD (BASE 65) ]
TOTAL THIS MO.   371    CLEAR  (SCALE 0-3)  10
DPTR FM NORMAL  -129    PTCLDY (SCALE 4-7)  13
TOTAL FM JUL 1   585    CLOUDY (SCALE 8-10)  6
DPTR FM NORMAL  -208

[CDD (BASE 65) ]
TOTAL THIS MO.     1
DPTR FM NORMAL     1    [PRESSURE DATA]
TOTAL FM JAN 1  1521    HIGHEST SLP M ON M
DPTR FM NORMAL   221    LOWEST  SLP 29.65 ON 15

[REMARKS]
