000
CXUS55 KALY 300810
CF6POU
PRELIMINARY LOCAL CLIMATOLOGICAL DATA (WS FORM: F-6)

                                          STATION:   POUGHKEEPSIE NY
                                          MONTH:     NOVEMBER
                                          YEAR:      2020
                                          LATITUDE:   41 37 N
                                          LONGITUDE:  73 53 W

  TEMPERATURE IN F:       :PCPN:    SNOW:  WIND      :SUNSHINE: SKY     :PK WND
================================================================================
1   2   3   4   5  6A  6B    7    8   9   10  11  12  13   14  15   16   17  18
                                     12Z  AVG MX 2MIN
DY MAX MIN AVG DEP HDD CDD  WTR  SNW DPTH SPD SPD DIR MIN PSBL S-S WX    SPD DR
================================================================================

 1  53  31  42  -4  23   0 0.19    M    M  5.8 23 280   M    M   9 1      33 260
 2  42  36  39  -7  26   0 0.00    M    M 11.7 28 260   M    M   4        41 260
 3  49  34  42  -3  23   0 0.00    M    M  5.8 16  10   M    M   5        21 230
 4  63  28  46   1  19   0 0.00    M    M  2.6 10 170   M    M   1        15 160
 5  69  34  52   7  13   0 0.00    M    M  2.8 13 150   M    M   0        19 140
 6  73  43  58  14   7   0 0.00    M    M  2.8 14 240   M    M   0        17 250
 7  75  38  57  13   8   0 0.00    M    M  0.4  6 230   M    M   0 1       8 240
 8  76  36  56  12   9   0 0.00    M    M  0.0  5  40   M    M   0 1       6  20
 9  78  34  56  12   9   0 0.00    M    M  0.3  6 220   M    M   0         8 230
10  76  39  58  15   7   0 0.00    M    M  3.5 15 230   M    M   0        20 240
11  72  52  62  19   3   0 0.60    M    M  3.3 14 210   M    M   7 1      21 220
12  65  44  55  12  10   0 0.07    M    M  8.6 18  10   M    M   9 18     24  20
13  47  32  40  -2  25   0 0.09    M    M  3.0 13  20   M    M   8 18     14  10
14  51  27  39  -3  26   0 0.00    M    M  3.5 15 300   M    M   1 1      20 290
15  62  24  43   1  22   0 0.33    M    M  6.6 39 260   M    M   6 1      49 250
16  53  31  42   0  23   0 0.00    M    M  8.0 23 250   M    M   3        31 230
17  43  30  37  -4  28   0 0.01    M    M  6.6 22 320   M    M   6        29 300
18  35  19  27 -14  38   0 0.00    M    M  7.3 20 290   M    M   3        28 360
19  46  18  32  -9  33   0 0.00    M    M  3.3 15 180   M    M   0        21 180
20  64  35  50  10  15   0    T    M    M  3.5 12 240   M    M   0 8      19 220
21  60  36  48   8  17   0 0.00    M    M  4.1 14  10   M    M   2        19  10
22  49  29  39  -1  26   0 0.02    M    M  4.1 13 100   M    M   7 18     19  90
23  52  33  43   4  22   0 0.27    M    M  6.9 20 320   M    M   8 1      26 320
24  48  29  39   0  26   0 0.00    M    M  2.7 14 300   M    M   4        20 360
25  53  31  42   3  23   0    T    M    M  2.4 15 170   M    M   7 1      20 190
26  63  45  54  16  11   0 0.47    M    M  1.7 12 250   M    M   8 1      14 240
27  56  42  49  11  16   0 0.00    M    M  1.3  7 340   M    M  10 1       9 320
28  56  30  43   5  22   0    T    M    M  3.6 22 270   M    M   6        29 280
29  53  26  40   3  25   0 0.00    M    M  1.7 12 240   M    M   0 1      13 240
================================================================================
SM 1682  966       555   0  2.05    M    117.9          M      114
================================================================================
AV 58.0 33.3                               4.1 FASTST   M    M   4    MAX(MPH)
                                 MISC ---->    39 260                 49 250
================================================================================
NOTES:
# LAST OF SEVERAL OCCURRENCES

COLUMN 17 PEAK WIND IN M.P.H.

PRELIMINARY LOCAL CLIMATOLOGICAL DATA (WS FORM: F-6) , PAGE 2

                                          STATION:   POUGHKEEPSIE NY
                                          MONTH:     NOVEMBER
                                          YEAR:      2020
                                          LATITUDE:   41 37 N
                                          LONGITUDE:  73 53 W

[TEMPERATURE DATA]      [PRECIPITATION DATA]       SYMBOLS USED IN COLUMN 16

AVERAGE MONTHLY: 45.7   TOTAL FOR MONTH:   2.05    1 = FOG OR MIST
DPTR FM NORMAL:   3.9   DPTR FM NORMAL:   -1.30    2 = FOG REDUCING VISIBILITY
HIGHEST:    78 ON  9    GRTST 24HR  0.67 ON 11-12      TO 1/4 MILE OR LESS
LOWEST:     18 ON 19                               3 = THUNDER
                        SNOW, ICE PELLETS, HAIL    4 = ICE PELLETS
                        TOTAL MONTH:  M            5 = HAIL
                        GRTST 24HR    M  ON   M    6 = FREEZING RAIN OR DRIZZLE
                        GRTST DEPTH:  M  ON   M    7 = DUSTSTORM OR SANDSTORM:
                                                       VSBY 1/2 MILE OR LESS
                                                   8 = SMOKE OR HAZE
[NO. OF DAYS WITH]      [WEATHER - DAYS WITH]      9 = BLOWING SNOW
                                                   X = TORNADO
MAX 32 OR BELOW:   0    0.01 INCH OR MORE:   9
MAX 90 OR ABOVE:   0    0.10 INCH OR MORE:   5
MIN 32 OR BELOW:  14    0.50 INCH OR MORE:   1
MIN  0 OR BELOW:   0    1.00 INCH OR MORE:   0

[HDD (BASE 65) ]
TOTAL THIS MO.   555    CLEAR  (SCALE 0-3)  13
DPTR FM NORMAL  -117    PTCLDY (SCALE 4-7)  12
TOTAL FM JUL 1  1000    CLOUDY (SCALE 8-10)  4
DPTR FM NORMAL  -248

[CDD (BASE 65) ]
TOTAL THIS MO.     0
DPTR FM NORMAL     0    [PRESSURE DATA]
TOTAL FM JAN 1  1020    HIGHEST SLP M ON M
DPTR FM NORMAL   348    LOWEST  SLP 29.52 ON 15

[REMARKS]
