000
CXUS53 KUNR 301030
CF6RAP
PRELIMINARY LOCAL CLIMATOLOGICAL DATA (WS FORM: F-6)

                                          STATION:   RAPID CITY AIRPORT SD
                                          MONTH:     NOVEMBER
                                          YEAR:      2020
                                          LATITUDE:   44  2 N
                                          LONGITUDE: 103  4 W

  TEMPERATURE IN F:       :PCPN:    SNOW:  WIND      :SUNSHINE: SKY     :PK WND
================================================================================
1   2   3   4   5  6A  6B    7    8   9   10  11  12  13   14  15   16   17  18
                                     12Z  AVG MX 2MIN
DY MAX MIN AVG DEP HDD CDD  WTR  SNW DPTH SPD SPD DIR MIN PSBL S-S WX    SPD DR
================================================================================

 1  61  22  42   1  23   0 0.00  0.0    0  6.0 18 170   M    M   0        26 160
 2  74  34  54  13  11   0 0.00  0.0    0  4.7 13 300   M    M   0        16 150
 3  77  38  58  18   7   0 0.00  0.0    0  6.0 13 150   M    M   0        16 300
 4  77  43  60  20   5   0 0.00  0.0    0 10.9 24 330   M    M   0        32 340
 5  79  38  59  19   6   0 0.00  0.0    0  7.0 20 180   M    M   0        25 170
 6  78  39  59  20   6   0 0.00  0.0    0  5.8 20 240   M    M   0        25 240
 7  75  35  55  16  10   0 0.00  0.0    0  7.2 17 130   M    M   0        21 140
 8  58  23  41   3  24   0 0.07  0.0    0 15.4 25 350   M    M   2        34 350
 9  32  16  24 -14  41   0 0.00  0.0    0 11.4 29 350   M    M   6        41 340
10  42  14  28  -9  37   0 0.00  0.0    0  3.1 14  30   M    M   4        19  20
11  47  21  34  -3  31   0 0.06  1.2    1 13.0 29 350   M    M   4 1      38 360
12  33   4  19 -17  46   0    T    T    1  5.0 15  10   M    M   2        20  10
13  55  14  35  -1  30   0 0.00    M    M  7.1 30 260   M    M   0        41 230
14  50  33  42   7  23   0 0.01    M    M 19.5 41 320   M    M   4 1      56 310
15  45  22  34  -1  31   0 0.00    M    M  8.1 25 300   M    M   0        33 300
16  54  23  39   5  26   0 0.00    M    M 10.4 25 320   M    M   2        37 320
17  67  25  46  12  19   0 0.00    M    M  6.8 25 230   M    M   0        32 230
18  73  43  58  25   7   0 0.00    M    M 10.9 30 270   M    M   0        43 260
19  59  29  44  11  21   0 0.00    M    M 11.9 36 350   M    M   0        47 350
20  48  19  34   2  31   0 0.00    M    M  4.9 12 300   M    M   1        13 240
21  47  18  33   1  32   0 0.00    M    M  7.6 16 330   M    M   0        21 330
22  44  17  31   0  34   0 0.00    M    M  9.2 20 150   M    M   0        23 130
23  46  21  34   3  31   0 0.00    M    M  8.4 22 350   M    M   0        28 170
24  46  19  33   3  32   0 0.00    M    M  9.3 29 330   M    M   0        37 340
25  52  13  33   3  32   0 0.00  0.0    M  7.5 30 320   M    M   0        42 320
26  46  18  32   2  33   0 0.00  0.0    0  6.6 21 310   M    M   3        30 310
27  51  18  35   6  30   0 0.00  0.0    0  4.5 13 290   M    M   0        14 160
28  64  23  44  15  21   0 0.00  0.0    0  9.9 29 340   M    M   0        37 340
29  39  14  27  -1  38   0 0.00  0.0    0 11.8 29 340   M    M   0        38 350
================================================================================
SM 1619  696       718   0  0.14  1.2    249.9          M       28
================================================================================
AV 55.8 24.0                               8.6 FASTST   M    M   1    MAX(MPH)
                                 MISC ---->    41 320                 56 310
================================================================================
NOTES:
# LAST OF SEVERAL OCCURRENCES

COLUMN 17 PEAK WIND IN M.P.H.

PRELIMINARY LOCAL CLIMATOLOGICAL DATA (WS FORM: F-6) , PAGE 2

                                          STATION:   RAPID CITY AIRPORT SD
                                          MONTH:     NOVEMBER
                                          YEAR:      2020
                                          LATITUDE:   44  2 N
                                          LONGITUDE: 103  4 W

[TEMPERATURE DATA]      [PRECIPITATION DATA]       SYMBOLS USED IN COLUMN 16

AVERAGE MONTHLY: 39.9   TOTAL FOR MONTH:   0.14    1 = FOG OR MIST
DPTR FM NORMAL:   5.2   DPTR FM NORMAL:   -0.38    2 = FOG REDUCING VISIBILITY
HIGHEST:    79 ON  5    GRTST 24HR  0.07 ON  8- 8      TO 1/4 MILE OR LESS
LOWEST:      4 ON 12                               3 = THUNDER
                        SNOW, ICE PELLETS, HAIL    4 = ICE PELLETS
                        TOTAL MONTH:   1.2 INCHES  5 = HAIL
                        GRTST 24HR   1.2 ON 11-11  6 = FREEZING RAIN OR DRIZZLE
                        GRTST DEPTH:   1 ON 12,11  7 = DUSTSTORM OR SANDSTORM:
                                                       VSBY 1/2 MILE OR LESS
                                                   8 = SMOKE OR HAZE
[NO. OF DAYS WITH]      [WEATHER - DAYS WITH]      9 = BLOWING SNOW
                                                   X = TORNADO
MAX 32 OR BELOW:   1    0.01 INCH OR MORE:   3
MAX 90 OR ABOVE:   0    0.10 INCH OR MORE:   0
MIN 32 OR BELOW:  21    0.50 INCH OR MORE:   0
MIN  0 OR BELOW:   0    1.00 INCH OR MORE:   0

[HDD (BASE 65) ]
TOTAL THIS MO.   718    CLEAR  (SCALE 0-3)  25
DPTR FM NORMAL  -158    PTCLDY (SCALE 4-7)   4
TOTAL FM JUL 1  1632    CLOUDY (SCALE 8-10)  0
DPTR FM NORMAL    -6

[CDD (BASE 65) ]
TOTAL THIS MO.     0
DPTR FM NORMAL     0    [PRESSURE DATA]
TOTAL FM JAN 1   686    HIGHEST SLP M ON M
DPTR FM NORMAL    50    LOWEST  SLP 29.18 ON  8

[REMARKS]
