000
CXUS56 KPDT 301910
CF6RDM
PRELIMINARY LOCAL CLIMATOLOGICAL DATA (WS FORM: F-6)

                                          STATION:   REDMOND OR
                                          MONTH:     NOVEMBER
                                          YEAR:      2020
                                          LATITUDE:   44 16 N
                                          LONGITUDE: 121  9 W

  TEMPERATURE IN F:       :PCPN:    SNOW:  WIND      :SUNSHINE: SKY     :PK WND
================================================================================
1   2   3   4   5  6A  6B    7    8   9   10  11  12  13   14  15   16   17  18
                                     12Z  AVG MX 2MIN
DY MAX MIN AVG DEP HDD CDD  WTR  SNW DPTH SPD SPD DIR MIN PSBL S-S WX    SPD DR
================================================================================

 1  65  30  48   6  17   0 0.00    M    M  6.0 22 310   M    M   0        31 300
 2  80  22  51   9  14   0 0.00    M    M  4.2 13 320   M    M   0        15 170
 3  73  33  53  11  12   0 0.00    M    M  6.8 17 250   M    M   1        25 250
 4  74  38  56  15   9   0 0.00    M    M  9.7 21 200   M    M   0        26 200
 5  75  49  62  21   3   0 0.17    M    M 12.0 26 220   M    M   4        37 220
 6  49  34  42   2  23   0 0.30    M    M  9.4 17 320   M    M  10 1      23 350
 7  46  33  40   0  25   0 0.04    M    M  9.1 31 290   M    M   6 1      39 290
 8  35  29  32  -8  33   0    T    M    M  7.4 15 350   M    M  10        18 340
 9  41  19  30 -10  35   0 0.00    M    M  3.8 10  30   M    M   5        11  40
10  48  33  41   2  24   0 0.03    M    M  8.4 24 280   M    M   8        31 280
11  46  20  33  -6  32   0 0.00    M    M  4.8 13 290   M    M   3        16 300
12  44  21  33  -5  32   0 0.00    M    M  6.2 21 180   M    M   2        28 180
13  46  34  40   2  25   0 0.47    M    M 13.4 29 200   M    M   8 1      42 190
14  44  25  35  -3  30   0 0.29    M    M  8.4 23 180   M    M   6 1      30 190
15  55  38  47   9  18   0 0.19    M    M  5.9 14 160   M    M   3        19 210
16  59  41  50  13  15   0 0.05    M    M  6.4 20 190   M    M   3        22 190
17  61  40  51  14  14   0    T    M    M 13.5 32 180   M    M   3        43 180
18  50  35  43   7  22   0    T    M    M 10.0 25 220   M    M   4        33 220
19  49  24  37   1  28   0 0.00    M    M  4.2 12 180   M    M   3        17 180
20  50  18  34  -2  31   0 0.00    M    M  3.8 10 140   M    M   0        13 140
21  52  16  34  -2  31   0 0.00    M    M  4.8 10  80   M    M   0        15 110
22  46  30  38   3  27   0 0.00    M    M  5.6 14 160   M    M   3        17 170
23  50  27  39   4  26   0    T    M    M  5.4 25 310   M    M   7        33 310
24  56  23  40   6  25   0    T    M    M  5.9 17 300   M    M   1        23 290
25  46  31  39   5  26   0 0.00    M    M  7.7 26 290   M    M   7        34 280
26  50  22  36   2  29   0 0.00    M    M  2.2  9 140   M    M   1        11 150
27  54  20  37   3  28   0 0.00    M    M  5.2 15 160   M    M   0        20 170
28  53  21  37   4  28   0 0.00    M    M  3.2 10 150   M    M   0        14 140
29  55  17  36   3  29   0 0.00    M    M  4.2 15 160   M    M   0        19 170
================================================================================
SM 1552  823       691   0  1.54    M    197.6          M       98
================================================================================
AV 53.5 28.4                               6.8 FASTST   M    M   3    MAX(MPH)
                                 MISC ---->    32 180                 43 180
================================================================================
NOTES:
# LAST OF SEVERAL OCCURRENCES

COLUMN 17 PEAK WIND IN M.P.H.

PRELIMINARY LOCAL CLIMATOLOGICAL DATA (WS FORM: F-6) , PAGE 2

                                          STATION:   REDMOND OR
                                          MONTH:     NOVEMBER
                                          YEAR:      2020
                                          LATITUDE:   44 16 N
                                          LONGITUDE: 121  9 W

[TEMPERATURE DATA]      [PRECIPITATION DATA]       SYMBOLS USED IN COLUMN 16

AVERAGE MONTHLY: 40.9   TOTAL FOR MONTH:   1.54    1 = FOG OR MIST
DPTR FM NORMAL:   3.4   DPTR FM NORMAL:    0.62    2 = FOG REDUCING VISIBILITY
HIGHEST:    80 ON  2    GRTST 24HR  0.47 ON 14-15      TO 1/4 MILE OR LESS
LOWEST:     16 ON 21                               3 = THUNDER
                        SNOW, ICE PELLETS, HAIL    4 = ICE PELLETS
                        TOTAL MONTH:  M            5 = HAIL
                        GRTST 24HR    M  ON   M    6 = FREEZING RAIN OR DRIZZLE
                        GRTST DEPTH:  M  ON   M    7 = DUSTSTORM OR SANDSTORM:
                                                       VSBY 1/2 MILE OR LESS
                                                   8 = SMOKE OR HAZE
[NO. OF DAYS WITH]      [WEATHER - DAYS WITH]      9 = BLOWING SNOW
                                                   X = TORNADO
MAX 32 OR BELOW:   0    0.01 INCH OR MORE:   8
MAX 90 OR ABOVE:   0    0.10 INCH OR MORE:   5
MIN 32 OR BELOW:  18    0.50 INCH OR MORE:   0
MIN  0 OR BELOW:   0    1.00 INCH OR MORE:   0

[HDD (BASE 65) ]
TOTAL THIS MO.   691    CLEAR  (SCALE 0-3)  17
DPTR FM NORMAL  -106    PTCLDY (SCALE 4-7)  10
TOTAL FM JUL 1  1302    CLOUDY (SCALE 8-10)  2
DPTR FM NORMAL  -440

[CDD (BASE 65) ]
TOTAL THIS MO.     0
DPTR FM NORMAL     0    [PRESSURE DATA]
TOTAL FM JAN 1   401    HIGHEST SLP M ON M
DPTR FM NORMAL   179    LOWEST  SLP 26.85 ON  3

[REMARKS]
