000
CXUS52 KFFC 301110
CF6RMG
PRELIMINARY LOCAL CLIMATOLOGICAL DATA (WS FORM: F-6)

                                          STATION:   ROME
                                          MONTH:     NOVEMBER
                                          YEAR:      2020
                                          LATITUDE:   34 20 N
                                          LONGITUDE:  85 10 W

  TEMPERATURE IN F:       :PCPN:    SNOW:  WIND      :SUNSHINE: SKY     :PK WND
================================================================================
1   2   3   4   5  6A  6B    7    8   9   10  11  12  13   14  15   16   17  18
                                     12Z  AVG MX 2MIN
DY MAX MIN AVG DEP HDD CDD  WTR  SNW DPTH SPD SPD DIR MIN PSBL S-S WX    SPD DR
================================================================================

 1  72  49  61   5   4   0    T    M    M  9.3 22 330   M    M   5        30 280
 2  57  34  46  -9  19   0 0.00    M    M  6.8 17  30   M    M   0        28 350
 3  67  31  49  -6  16   0 0.00    M    M  0.6  7 330   M    M   0        11  20
 4  71  36  54  -1  11   0 0.00    M    M  1.1  9 150   M    M   0        15 170
 5  70  37  54   0  11   0 0.00    M    M  1.1  7  90   M    M   0        11  90
 6  77  46  62   8   3   0 0.00    M    M  3.2 10  30   M    M   0        14  30
 7  73  50  62   8   3   0 0.02    M    M  3.1 10  50   M    M   5 18     16  50
 8  78  55  67  14   0   2 0.00    M    M  4.9 16 120   M    M   5        24  90
 9  80  60  70  17   0   5 0.00    M    M  5.2 18  90   M    M   4        28 100
10  74  64  69  16   0   4 0.01    M    M  6.4 16 130   M    M   9 1      24 120
11  84  69  77  25   0  12 0.02    M    M  4.2 14  30   M    M  10 18     17  30
12  72  57  65  13   0   0 0.00    M    M  6.3 14 340   M    M   8        19 330
13  74  46  60   8   5   0 0.00    M    M  2.7 12 290   M    M   4 12     17 280
14  73  37  55   4  10   0 0.00    M    M  2.3 12 120   M    M   0 8      19 110
15  69  39  54   3  11   0    T    M    M  5.1 18 300   M    M   3 1      30 290
16  64  35  50  -1  15   0 0.00    M    M  4.6 18 360   M    M   0        24  10
17  65  31  48  -2  17   0 0.00    M    M  6.3 18 320   M    M   0        28 350
18  64  34  49  -1  16   0 0.00    M    M  4.5 13  10   M    M   0        16  10
19  64  31  48  -2  17   0 0.00    M    M  3.2 15 170   M    M   0 1      20 120
20  70  33  52   3  13   0 0.00    M    M  0.5  6 210   M    M   0 18      9 250
21  73  38  56   7   9   0 0.00    M    M  0.6  7  20   M    M   2 12     10  10
22  71  44  58   9   7   0 0.00    M    M  3.0 15 320   M    M   4 1      24 320
23  60  35  48   0  17   0 0.00    M    M  9.8 20  10   M    M   3        27 360
24  63  31  47  -1  18   0 0.00    M    M  5.4 15 160   M    M   0        25 140
25  69  50  60  12   5   0 0.38    M    M  6.7 18 140   M    M   8 1      26 290
26  70  43  57  10   8   0 0.10    M    M  1.5  9 260   M    M   5 12     14 190
27  67  37  52   5  13   0 0.06    M    M  1.3  7 340   M    M   5 12     10 330
28  67  44  56   9   9   0 0.01    M    M  4.4 15  10   M    M   3        19  30
29  58  44  51   5  14   0 0.74    M    M  2.3 13 140   M    M   7 1      22 130
================================================================================
SM 2016 1240       271  23  1.34    M    116.4          M       90
================================================================================
AV 69.5 42.8                               4.0 FASTST   M    M   3    MAX(MPH)
                                 MISC ---->    22 330               # 30 280
================================================================================
NOTES:
# LAST OF SEVERAL OCCURRENCES

COLUMN 17 PEAK WIND IN M.P.H.

PRELIMINARY LOCAL CLIMATOLOGICAL DATA (WS FORM: F-6) , PAGE 2

                                          STATION:   ROME
                                          MONTH:     NOVEMBER
                                          YEAR:      2020
                                          LATITUDE:   34 20 N
                                          LONGITUDE:  85 10 W

[TEMPERATURE DATA]      [PRECIPITATION DATA]       SYMBOLS USED IN COLUMN 16

AVERAGE MONTHLY: 56.1   TOTAL FOR MONTH:   1.34    1 = FOG OR MIST
DPTR FM NORMAL:   5.1   DPTR FM NORMAL:   -3.31    2 = FOG REDUCING VISIBILITY
HIGHEST:    84 ON 11    GRTST 24HR  0.74 ON 29-29      TO 1/4 MILE OR LESS
LOWEST:     31 ON 24,19                             3 = THUNDER
                        SNOW, ICE PELLETS, HAIL    4 = ICE PELLETS
                        TOTAL MONTH:  M            5 = HAIL
                        GRTST 24HR    M  ON   M    6 = FREEZING RAIN OR DRIZZLE
                        GRTST DEPTH:  M  ON   M    7 = DUSTSTORM OR SANDSTORM:
                                                       VSBY 1/2 MILE OR LESS
                                                   8 = SMOKE OR HAZE
[NO. OF DAYS WITH]      [WEATHER - DAYS WITH]      9 = BLOWING SNOW
                                                   X = TORNADO
MAX 32 OR BELOW:   0    0.01 INCH OR MORE:   8
MAX 90 OR ABOVE:   0    0.10 INCH OR MORE:   3
MIN 32 OR BELOW:   4    0.50 INCH OR MORE:   1
MIN  0 OR BELOW:   0    1.00 INCH OR MORE:   0

[HDD (BASE 65) ]
TOTAL THIS MO.   271    CLEAR  (SCALE 0-3)  16
DPTR FM NORMAL  -139    PTCLDY (SCALE 4-7)  11
TOTAL FM JUL 1   357    CLOUDY (SCALE 8-10)  2
DPTR FM NORMAL  -230

[CDD (BASE 65) ]
TOTAL THIS MO.    23
DPTR FM NORMAL    20    [PRESSURE DATA]
TOTAL FM JAN 1  1994    HIGHEST SLP M ON M
DPTR FM NORMAL   358    LOWEST  SLP 29.65 ON 29

[REMARKS]
